{"id":9,"date":"2014-09-12T10:15:01","date_gmt":"2014-09-12T10:15:01","guid":{"rendered":"http:\/\/agora.xtec.cat\/iesroquetes\/?page_id=9"},"modified":"2026-04-15T12:09:45","modified_gmt":"2026-04-15T10:09:45","slug":"pagina-dinici-buida","status":"publish","type":"page","link":"https:\/\/agora.xtec.cat\/iesroquetes\/","title":{"rendered":"Inici"},"content":{"rendered":"<h5><strong>PREINSCRIPCI\u00d3 ENSENYAMENTS CURS 26-27<\/strong><\/h5>\n<p><a href=\"https:\/\/agora.xtec.cat\/iesroquetes\/wp-content\/uploads\/usu997\/2026\/03\/Preinscripcio_baners_Web_educacio__Preinscripcio_web_educacio_1900x372_3imatges.jpg\"><img loading=\"lazy\" decoding=\"async\" class=\"alignnone wp-image-30621\" src=\"https:\/\/agora.xtec.cat\/iesroquetes\/wp-content\/uploads\/usu997\/2026\/03\/Preinscripcio_baners_Web_educacio__Preinscripcio_web_educacio_1900x372_3imatges-1024x200.jpg\" sizes=\"auto, (max-width: 1347px) 100vw, 1347px\" srcset=\"https:\/\/agora.xtec.cat\/iesroquetes\/wp-content\/uploads\/usu997\/2026\/03\/Preinscripcio_baners_Web_educacio__Preinscripcio_web_educacio_1900x372_3imatges-1024x200.jpg 1024w, https:\/\/agora.xtec.cat\/iesroquetes\/wp-content\/uploads\/usu997\/2026\/03\/Preinscripcio_baners_Web_educacio__Preinscripcio_web_educacio_1900x372_3imatges-300x59.jpg 300w, https:\/\/agora.xtec.cat\/iesroquetes\/wp-content\/uploads\/usu997\/2026\/03\/Preinscripcio_baners_Web_educacio__Preinscripcio_web_educacio_1900x372_3imatges-768x150.jpg 768w, https:\/\/agora.xtec.cat\/iesroquetes\/wp-content\/uploads\/usu997\/2026\/03\/Preinscripcio_baners_Web_educacio__Preinscripcio_web_educacio_1900x372_3imatges-1536x301.jpg 1536w, https:\/\/agora.xtec.cat\/iesroquetes\/wp-content\/uploads\/usu997\/2026\/03\/Preinscripcio_baners_Web_educacio__Preinscripcio_web_educacio_1900x372_3imatges.jpg 1900w\" alt=\"\" width=\"1347\" height=\"263\" \/><\/a><\/p>\n<h5 style=\"text-align: justify;\"><strong>BATXILLERAT CURS 26-27<\/strong><\/h5>\n<p style=\"text-align: justify;\">La preinscripci\u00f3 a Batxillerat s&#8217;ha de fer <strong>del 9 al 16 d&#8217;abril de 2026<\/strong>. Han de presentar sol\u00b7licitud de preinscripci\u00f3 tots els alumnes que <strong>volen accedir al batxillerat<\/strong> de qualsevol modalitat en <strong>un centre diferent<\/strong> d&#8217;aquell en qu\u00e8 estan cursant l&#8217;ESO, les persones que cursen o han cursat un cicle formatiu, les que volen accedir a la modalitat d&#8217;arts i les que provenen d&#8217;un institut que ja no imparteix el batxillerat. Tot l&#8217;alumnat que actualment est\u00e0 cursant ESO a l&#8217;Institut Roquetes i vulgui continuar el batxillerat en aquest centre NO ha de fer la preinscripci\u00f3.<\/p>\n<p style=\"text-align: justify;\">El passat 8 d&#8217;abril vam fer una <strong>reuni\u00f3 informativa<\/strong> per explicar el proc\u00e9s de preinscripci\u00f3 i matr\u00edcula i una posterior <strong>visita guiada al centre. <\/strong>Tota la informaci\u00f3 que vam detallar la podeu trobar <strong><a href=\"https:\/\/www.canva.com\/design\/DAHCJFgV3RQ\/D_v7WseL2B-4rjUjMxtF4Q\/view?utm_content=DAHCJFgV3RQ&amp;utm_campaign=designshare&amp;utm_medium=link2&amp;utm_source=uniquelinks&amp;utlId=hdb23d9c271\">aqu\u00ed<\/a><\/strong>.<\/p>\n<p>Tot i que el <strong>proc\u00e9s de preinscripci\u00f3<\/strong> es fa telem\u00e0ticament a trav\u00e9s d&#8217;aquesta <a href=\"https:\/\/preinscripcio.gencat.cat\/ca\/estudis\/batxillerat\/inici\/\">p\u00e0gina web<\/a>, trobareu la <strong>documentaci\u00f3\u00a0<\/strong>del proc\u00e9s en aquest espai i tamb\u00e9 de manera presencial a la cartellera de secretaria del centre.<\/p>\n<h5 style=\"text-align: justify;\"><strong>FORMACI\u00d3 PROFESSIONAL CURS 26-27<\/strong><\/h5>\n<ul>\n<li>La preinscripci\u00f3 al cicle formatiu de<strong> grau b\u00e0sic<\/strong> s&#8217;ha de fer <strong>del 4 al 13 de maig de 2026<\/strong>.<\/li>\n<li>La preinscripci\u00f3 als cicles de formaci\u00f3 professional de<strong> grau mitj\u00e0 i grau superior<\/strong> s&#8217;ha de presentar <strong>del 26 de maig a l&#8217;1 de juny.<\/strong><\/li>\n<li>Hi haur\u00e0 una Jornada de Portes obertes per poder visitar les instal\u00b7lacions i rebre explicacions el pr\u00f2xim<strong> 6 de maig, a les 16.30 h<\/strong>.<\/li>\n<\/ul>\n<h5 style=\"text-align: justify;\"><strong>ESO CURS 26-27<\/strong><\/h5>\n<p>Tota la informaci\u00f3 relacionada amb el proc\u00e9s de <strong>preinscripci\u00f3 i matr\u00edcula\u00a0<\/strong>la podeu trobar en el seg\u00fcent<strong><a href=\"https:\/\/preinscripcio.gencat.cat\/ca\/estudis\/eso\/inici\/\">\u00a0enlla\u00e7<\/a>.\u00a0<\/strong>Tota la<strong>\u00a0documentaci\u00f3\u00a0<\/strong>del proc\u00e9s s\u2019anir\u00e0 publicant en aquest espai i tamb\u00e9 es pot consultar de manera presencial a la cartellera de secretaria del centre.<\/p>\n<p><strong>Documentaci\u00f3 del proc\u00e9s de preinscripci\u00f3<\/strong><\/p>\n<ul>\n<li><strong><a href=\"https:\/\/agora.xtec.cat\/iesroquetes\/wp-content\/uploads\/usu997\/2026\/03\/INFORME-OFERTA-6.pdf\">oferta inicial de places <\/a><\/strong>(del 3 de mar\u00e7)<\/li>\n<li><strong><a href=\"https:\/\/agora.xtec.cat\/iesroquetes\/wp-content\/uploads\/usu997\/2026\/04\/INFORME_BAREM_PROVISIONAL_BAREM-4.pdf\">publicaci\u00f3 de la llista amb puntuaci\u00f3 provisional<\/a> <\/strong>(del 15 d\u2019abril)<\/li>\n<li><strong>Del 15 al 20 d\u2019abril<\/strong>: presentaci\u00f3 de reclamacions (tr\u00e0mit electr\u00f2nic)<\/li>\n<li><strong>23 d\u2019abril<\/strong>: publicaci\u00f3 de la llista de sol\u00b7licituds amb puntuaci\u00f3 final (un cop resoltes les reclamacions)<\/li>\n<li><strong>28 d\u2019abril<\/strong>: sorteig per resoldre les sol\u00b7licituds amb empat<\/li>\n<li><strong>29 d\u2019abril<\/strong>: publicaci\u00f3 de la llista ordenada<\/li>\n<li><strong>De l\u20191 al 3 de juny<\/strong>: ampliaci\u00f3 de peticions per a alumnat sense pla\u00e7a assignada<\/li>\n<li><strong>10 de juny<\/strong>: publicaci\u00f3 d\u2019oferta final de places escolars i publicaci\u00f3 de llista d\u2019alumnes admesos i llista d\u2019espera<\/li>\n<li><strong>Del 22 al 30 de juny<\/strong>:\u00a0matriculaci\u00f3\u00a0(format presencial).<\/li>\n<\/ul>\n<p><!--a=1--><\/p>\n<p><!--a=1--><!--a=1--><\/p>\n","protected":false},"excerpt":{"rendered":"<p>PREINSCRIPCI\u00d3 ENSENYAMENTS CURS 26-27 BATXILLERAT CURS 26-27 La preinscripci\u00f3 a Batxillerat s&#8217;ha de fer del 9 al 16 d&#8217;abril de 2026. Han de presentar sol\u00b7licitud de preinscripci\u00f3 tots els alumnes que volen accedir al batxillerat de qualsevol modalitat en un centre diferent d&#8217;aquell en qu\u00e8 estan cursant l&#8217;ESO, les persones que cursen o han cursat [&hellip;]<\/p>\n","protected":false},"author":1,"featured_media":0,"parent":7,"menu_order":0,"comment_status":"closed","ping_status":"closed","template":"","meta":{"_bbp_topic_count":0,"_bbp_reply_count":0,"_bbp_total_topic_count":0,"_bbp_total_reply_count":0,"_bbp_voice_count":0,"_bbp_anonymous_reply_count":0,"_bbp_topic_count_hidden":0,"_bbp_reply_count_hidden":0,"_bbp_forum_subforum_count":0,"site-sidebar-layout":"default","site-content-layout":"","ast-site-content-layout":"default","site-content-style":"default","site-sidebar-style":"default","ast-global-header-display":"","ast-banner-title-visibility":"","ast-main-header-display":"","ast-hfb-above-header-display":"","ast-hfb-below-header-display":"","ast-hfb-mobile-header-display":"","site-post-title":"","ast-breadcrumbs-content":"","ast-featured-img":"","footer-sml-layout":"","theme-transparent-header-meta":"default","adv-header-id-meta":"","stick-header-meta":"","header-above-stick-meta":"","header-main-stick-meta":"","header-below-stick-meta":"","astra-migrate-meta-layouts":"set","ast-page-background-enabled":"default","ast-page-background-meta":{"desktop":{"background-color":"var(--ast-global-color-4)","background-image":"","background-repeat":"repeat","background-position":"center center","background-size":"auto","background-attachment":"scroll","background-type":"","background-media":"","overlay-type":"","overlay-color":"","overlay-opacity":"","overlay-gradient":""},"tablet":{"background-color":"","background-image":"","background-repeat":"repeat","background-position":"center center","background-size":"auto","background-attachment":"scroll","background-type":"","background-media":"","overlay-type":"","overlay-color":"","overlay-opacity":"","overlay-gradient":""},"mobile":{"background-color":"","background-image":"","background-repeat":"repeat","background-position":"center center","background-size":"auto","background-attachment":"scroll","background-type":"","background-media":"","overlay-type":"","overlay-color":"","overlay-opacity":"","overlay-gradient":""}},"ast-content-background-meta":{"desktop":{"background-color":"var(--ast-global-color-5)","background-image":"","background-repeat":"repeat","background-position":"center center","background-size":"auto","background-attachment":"scroll","background-type":"","background-media":"","overlay-type":"","overlay-color":"","overlay-opacity":"","overlay-gradient":""},"tablet":{"background-color":"var(--ast-global-color-5)","background-image":"","background-repeat":"repeat","background-position":"center center","background-size":"auto","background-attachment":"scroll","background-type":"","background-media":"","overlay-type":"","overlay-color":"","overlay-opacity":"","overlay-gradient":""},"mobile":{"background-color":"var(--ast-global-color-5)","background-image":"","background-repeat":"repeat","background-position":"center center","background-size":"auto","background-attachment":"scroll","background-type":"","background-media":"","overlay-type":"","overlay-color":"","overlay-opacity":"","overlay-gradient":""}},"footnotes":""},"class_list":["post-9","page","type-page","status-publish","hentry"],"post_mailing_queue_ids":[],"_links":{"self":[{"href":"https:\/\/agora.xtec.cat\/iesroquetes\/wp-json\/wp\/v2\/pages\/9","targetHints":{"allow":["GET"]}}],"collection":[{"href":"https:\/\/agora.xtec.cat\/iesroquetes\/wp-json\/wp\/v2\/pages"}],"about":[{"href":"https:\/\/agora.xtec.cat\/iesroquetes\/wp-json\/wp\/v2\/types\/page"}],"author":[{"embeddable":true,"href":"https:\/\/agora.xtec.cat\/iesroquetes\/wp-json\/wp\/v2\/users\/1"}],"replies":[{"embeddable":true,"href":"https:\/\/agora.xtec.cat\/iesroquetes\/wp-json\/wp\/v2\/comments?post=9"}],"version-history":[{"count":8,"href":"https:\/\/agora.xtec.cat\/iesroquetes\/wp-json\/wp\/v2\/pages\/9\/revisions"}],"predecessor-version":[{"id":30695,"href":"https:\/\/agora.xtec.cat\/iesroquetes\/wp-json\/wp\/v2\/pages\/9\/revisions\/30695"}],"up":[{"embeddable":true,"href":"https:\/\/agora.xtec.cat\/iesroquetes\/wp-json\/wp\/v2\/pages\/7"}],"wp:attachment":[{"href":"https:\/\/agora.xtec.cat\/iesroquetes\/wp-json\/wp\/v2\/media?parent=9"}],"curies":[{"name":"wp","href":"https:\/\/api.w.org\/{rel}","templated":true}]}}