{"id":5155,"date":"2016-11-10T09:43:24","date_gmt":"2016-11-10T08:43:24","guid":{"rendered":"http:\/\/agora.xtec.cat\/iesroquetes\/?page_id=5155"},"modified":"2025-04-07T09:01:39","modified_gmt":"2025-04-07T07:01:39","slug":"orientat","status":"publish","type":"page","link":"https:\/\/agora.xtec.cat\/iesroquetes\/projecte-educatiu\/orientat\/","title":{"rendered":"Orienta&#8217;t"},"content":{"rendered":"<p>Aqu\u00ed teniu diversos <strong>documents<\/strong> i <strong>adreces d&#8217;inter\u00e8s<\/strong> per al vostre futur acad\u00e8mic i laboral <strong>en acabar l&#8217;ESO<\/strong>:<\/p>\n<h5 style=\"text-align: left;\"><strong>INFORMACI\u00d3 PER A LES FAM\u00cdLIES DE L&#8217;ALUMNAT DE 4t d&#8217;ESO\/ OFERTA DEL CENTRE<\/strong><\/h5>\n<table>\n<tbody>\n<tr>\n<td><a href=\"https:\/\/www.canva.com\/design\/DAGAK6LaoQw\/UzvptR_xwrwprChEfqE_lw\/view?utm_content=DAGAK6LaoQw&amp;utm_campaign=designshare&amp;utm_medium=link&amp;utm_source=viewer\"><img loading=\"lazy\" decoding=\"async\" class=\"alignnone wp-image-29069\" src=\"https:\/\/agora.xtec.cat\/iesroquetes\/wp-content\/uploads\/usu997\/2025\/04\/post-obligatoris-25-26-1024x571.png\" alt=\"\" width=\"344\" height=\"192\" srcset=\"https:\/\/agora.xtec.cat\/iesroquetes\/wp-content\/uploads\/usu997\/2025\/04\/post-obligatoris-25-26-1024x571.png 1024w, https:\/\/agora.xtec.cat\/iesroquetes\/wp-content\/uploads\/usu997\/2025\/04\/post-obligatoris-25-26-300x167.png 300w, https:\/\/agora.xtec.cat\/iesroquetes\/wp-content\/uploads\/usu997\/2025\/04\/post-obligatoris-25-26-768x428.png 768w, https:\/\/agora.xtec.cat\/iesroquetes\/wp-content\/uploads\/usu997\/2025\/04\/post-obligatoris-25-26.png 1468w\" sizes=\"auto, (max-width: 344px) 100vw, 344px\" \/><\/a><\/td>\n<td><a href=\"https:\/\/agora.xtec.cat\/iesroquetes\/wp-content\/uploads\/usu997\/2024\/05\/portada-canva-cicles.jpg\"><img loading=\"lazy\" decoding=\"async\" class=\"alignnone wp-image-27345\" src=\"https:\/\/agora.xtec.cat\/iesroquetes\/wp-content\/uploads\/usu997\/2024\/05\/portada-canva-cicles-1024x578.jpg\" alt=\"\" width=\"350\" height=\"198\" srcset=\"https:\/\/agora.xtec.cat\/iesroquetes\/wp-content\/uploads\/usu997\/2024\/05\/portada-canva-cicles-1024x578.jpg 1024w, https:\/\/agora.xtec.cat\/iesroquetes\/wp-content\/uploads\/usu997\/2024\/05\/portada-canva-cicles-300x169.jpg 300w, https:\/\/agora.xtec.cat\/iesroquetes\/wp-content\/uploads\/usu997\/2024\/05\/portada-canva-cicles-768x434.jpg 768w, https:\/\/agora.xtec.cat\/iesroquetes\/wp-content\/uploads\/usu997\/2024\/05\/portada-canva-cicles.jpg 1098w\" sizes=\"auto, (max-width: 350px) 100vw, 350px\" \/><\/a><\/td>\n<\/tr>\n<tr>\n<td style=\"text-align: center;\"><a href=\"https:\/\/www.canva.com\/design\/DAGAK6LaoQw\/UzvptR_xwrwprChEfqE_lw\/view?utm_content=DAGAK6LaoQw&amp;utm_campaign=designshare&amp;utm_medium=link&amp;utm_source=viewer\">Presentaci\u00f3 del batxillerat 2025-26<\/a><\/td>\n<td style=\"text-align: center;\"><a href=\"https:\/\/www.canva.com\/design\/DAGB86I-ZlY\/PzqO_apeoyi8KdW3z_q01A\/view?utm_content=DAGB86I-ZlY&amp;utm_campaign=designshare&amp;utm_medium=link&amp;utm_source=editor\">Presentaci\u00f3 de cicles 2024-25<\/a><\/td>\n<\/tr>\n<\/tbody>\n<\/table>\n<p style=\"text-align: justify;\">Del <strong>3 al 10 d\u2019abril<\/strong> <strong>de 2025<\/strong> s\u2019obre el termini per a la <strong>presentaci\u00f3 de sol\u00b7licituds<\/strong>\u00a0de\u00a0<strong>preinscripci\u00f3 al batxillerat.\u00a0<\/strong>La\u00a0<strong>p\u00e0gina de la Generalitat per fer-ho<\/strong> \u00e9s aquesta: <a href=\"https:\/\/preinscripcio.gencat.cat\/ca\/estudis\/batxillerat\/preinscriute\/sollicitud\/index.html\">Preinscripci\u00f3 al batxillerat curs 25-26<\/a>.<\/p>\n<p style=\"text-align: justify;\">Vam fer una<strong>\u00a0reuni\u00f3 informativa<\/strong>\u00a0el passat<strong> 2 d\u2019abril per a les fam\u00edlies<\/strong>. A l&#8217;enlla\u00e7 de dalt teniu <strong>en Canva<\/strong> el contingut principal de la <a href=\"https:\/\/www.canva.com\/design\/DAGAK6LaoQw\/UzvptR_xwrwprChEfqE_lw\/view?utm_content=DAGAK6LaoQw&amp;utm_campaign=designshare&amp;utm_medium=link&amp;utm_source=viewer\">presentaci\u00f3 del batxillerat 25-26 INS Roquetes<\/a><\/p>\n<p style=\"text-align: justify;\"><strong>IMPORTANT<\/strong>: L\u2019alumnat de 4t d\u2019ESO del centre que vol continuar <strong>fent batxillerat<\/strong> aqu\u00ed no cal que faci preinscripci\u00f3, nom\u00e9s\u00a0<strong>ha d\u2019omplir el full de tria de mat\u00e8ries <\/strong>i lliurar-lo a Secretaria: <a href=\"https:\/\/agora.xtec.cat\/iesroquetes\/wp-content\/uploads\/usu997\/2025\/03\/Full-TRIA-Materies-1BAT-25_26.pdf\">Full TRIA Mat\u00e8ries 1BAT 25_26<\/a><\/p>\n<h5><strong>INFORMACI\u00d3 PER A LES FAM\u00cdLIES DE L&#8217;ALUMNAT DE 3r d&#8217;ESO\/ OFERTA DEL CENTRE<\/strong><\/h5>\n<p style=\"text-align: justify;\">Si enguany curses\u00a0<strong>3r d\u2019ESO<\/strong>, haur\u00e0s de triar el curs vinent entre l\u2019<strong>oferta de mat\u00e8ries espec\u00edfiques previstes\u00a0<\/strong>per a\u00a0<strong>4t d\u2019ESO<\/strong>.\u00a0<strong style=\"text-align: justify;\">Tria educativa<\/strong><span style=\"text-align: justify;\"> t&#8217;ajudar\u00e0 decidir. <\/span><span style=\"font-family: inherit; font-size: 1em; text-align: justify;\">Troba tota la informaci\u00f3 a\u00a0<\/span><img loading=\"lazy\" decoding=\"async\" style=\"font-family: inherit; font-size: 1em; text-align: justify;\" src=\"https:\/\/static.xx.fbcdn.net\/images\/emoji.php\/v9\/t4f\/1\/16\/1f447.png\" alt=\"\ud83d\udc47\" width=\"16\" height=\"16\" \/><span style=\"font-family: inherit; font-size: 1em; text-align: justify;\">\u00a0<\/span><img loading=\"lazy\" decoding=\"async\" style=\"font-family: inherit; font-size: 1em; text-align: justify;\" src=\"https:\/\/static.xx.fbcdn.net\/images\/emoji.php\/v9\/tb3\/1\/16\/1f517.png\" alt=\"\ud83d\udd17\" width=\"16\" height=\"16\" \/><span style=\"font-family: inherit; font-size: 1em; text-align: justify;\">\u00a0<\/span><a style=\"font-family: inherit; font-size: 1em; text-align: justify;\" tabindex=\"0\" role=\"link\" href=\"https:\/\/triaeducativa.gencat.cat\/ca\/inici\/?fbclid=IwAR3LINuJUkNtr4cWzV7Nqpy8zEyL3uLswJSMK1EREh3w5gJQeqCP1he8SlM\" target=\"_blank\" rel=\"nofollow noopener noreferrer\">https:\/\/triaeducativa.gencat.cat\/ca\/inici\/<\/a><\/p>\n<p style=\"text-align: justify;\">Si enguany curses <strong>3r d&#8217;ESO<\/strong>, a l&#8217;hora de triar l&#8217;<strong>oferta de mat\u00e8ries espec\u00edfiques<\/strong> de 4t d&#8217;ESO et pots informar mitjan\u00e7ant <strong>aquesta presentaci\u00f3 i els documents adjunts <\/strong>amb la seva <strong>descripci\u00f3<\/strong>:<\/p>\n<table>\n<tbody>\n<tr>\n<td><a href=\"https:\/\/www.canva.com\/design\/DAGDg17HW48\/wlmhaaCevYXLmgFzspRdhw\/view?utm_content=DAGDg17HW48&amp;utm_campaign=designshare&amp;utm_medium=link&amp;utm_source=editor\"><img loading=\"lazy\" decoding=\"async\" class=\"alignnone wp-image-27337\" src=\"https:\/\/agora.xtec.cat\/iesroquetes\/wp-content\/uploads\/usu997\/2024\/05\/portada-presentacio-canva-3eso.jpg\" alt=\"\" width=\"350\" height=\"201\" srcset=\"https:\/\/agora.xtec.cat\/iesroquetes\/wp-content\/uploads\/usu997\/2024\/05\/portada-presentacio-canva-3eso.jpg 1017w, https:\/\/agora.xtec.cat\/iesroquetes\/wp-content\/uploads\/usu997\/2024\/05\/portada-presentacio-canva-3eso-300x172.jpg 300w, https:\/\/agora.xtec.cat\/iesroquetes\/wp-content\/uploads\/usu997\/2024\/05\/portada-presentacio-canva-3eso-768x440.jpg 768w\" sizes=\"auto, (max-width: 350px) 100vw, 350px\" \/><\/a><\/td>\n<\/tr>\n<tr>\n<td><a href=\"https:\/\/www.canva.com\/design\/DAGjsQvroI8\/JzajurxEI9gaxTFMqVP32A\/view?utm_content=DAGjsQvroI8&amp;utm_campaign=designshare&amp;utm_medium=link&amp;utm_source=viewer\">Presentaci\u00f3 per l&#8217;alumnat i les fam\u00edlies Curs 25-26<\/a><\/td>\n<\/tr>\n<\/tbody>\n<\/table>\n<p><strong>Full de tria<\/strong> <strong>de mat\u00e8ries espec\u00edfiques de 4t d&#8217;ESO<\/strong> (curs 25-26): <a href=\"https:\/\/agora.xtec.cat\/iesroquetes\/wp-content\/uploads\/usu997\/2025\/04\/FULL-TRIA-ME-4ESO-25_26.pdf\">Full de tria ME-4ESO 25_26<\/a><\/p>\n<h4><strong>1. GENERAL<\/strong><\/h4>\n<p><b>Estudiar a Catalunya\/ O<\/b><b>rientaci\u00f3 Acad\u00e8mica<\/b><\/p>\n<p><a href=\"https:\/\/triaeducativa.gencat.cat\/ca\/inici\">Tria educativa<\/a><\/p>\n<h4><strong>2. FORMACI\u00d3 PROFESSIONAL<\/strong><\/h4>\n<p><strong>Orientaci\u00f3 Formativa sobre FP<\/strong><\/p>\n<p style=\"font-family: 'Helvetica Neue', Helvetica, Helvetica, Arial, sans-serif; font-size: 16px;\"><a href=\"http:\/\/queestudiar.gencat.cat\/ca\/estudis\/fp\/\">Tria educativa FP Grau Mitj\u00e0<\/a><\/p>\n<p><a href=\"https:\/\/agora.xtec.cat\/iesroquetes\/wp-content\/uploads\/usu997\/2023\/04\/ORIENTACIO-FP-2023.pdf\">Presentaci\u00f3 del Serveis Educatius Terres de l&#8217;Ebre FP 23-24<\/a><\/p>\n<p><strong>Oferta de Cicles Formatius a les Terres de L&#8217;Ebre<\/strong><\/p>\n<p><a href=\"https:\/\/agora.xtec.cat\/iesroquetes\/wp-content\/uploads\/usu997\/2023\/04\/OFERTA-CFGM-TTEE-23_24.pdf\">Cicles Formatius Terres de l&#8217;Ebre curs 23-24<\/a>\u00a0(Llistat en pdf)<\/p>\n<p><b>Proves d\u2019acc\u00e9s a cicles de Formaci\u00f3 Professional (informaci\u00f3 general)<\/b><\/p>\n<p><a href=\"https:\/\/educacio.gencat.cat\/ca\/serveis-tramits\/proves\/proves-acces\/\">https:\/\/educacio.gencat.cat\/ca\/serveis-tramits\/proves\/proves-acces\/<\/a><\/p>\n<p><strong>ALUMNAT NO GRADUAT EN ESO<\/strong><\/p>\n<p><a style=\"color: #2795b6;\" href=\"http:\/\/ensenyament.gencat.cat\/ca\/serveis-tramits\/proves\/proves-acces\/gm-fp\/\">Prova d&#8217;acc\u00e9s a CFGM<\/a><\/p>\n<p><a style=\"color: #2795b6;\" href=\"https:\/\/agora.xtec.cat\/iesroquetes\/wp-content\/uploads\/usu997\/2020\/05\/Oferta-PFi_CAM_FPB-2019_2020-2.pdf\">Oferta PFi (Programes de Formaci\u00f3 i Inserci\u00f3) i FP B\u00e0sica<\/a> a Terres de l&#8217;Ebre<\/p>\n<p><strong>FP B\u00e1sica<\/strong> (Institut Roquetes)<\/p>\n<p style=\"font-family: 'Helvetica Neue', Helvetica, Helvetica, Arial, sans-serif; font-size: 16px;\"><a href=\"http:\/\/garantiajuvenil.gencat.cat\/ca\/inici\/\">Garantia juvenil<\/a><\/p>\n<h4><strong>3. BATXILLERAT<\/strong><\/h4>\n<p><b>Batxillerat<\/b><\/p>\n<p><a href=\"http:\/\/queestudiar.gencat.cat\/ca\/estudis\/batxillerat\/\">http:\/\/queestudiar.gencat.cat\/ca\/estudis\/batxillerat\/<\/a><\/p>\n<p><b>Beques per a cursar estudis postobligatoris<\/b><\/p>\n<p><a href=\"http:\/\/agaur.gencat.cat\/ca\/beques-i-ajuts\/convocatories-per-temes\/Beques-de-caracter-general-per-a-estudiants-que-cursin-estudis-postobligatoris-GRAL?category=774ab968-a82c-11e3-a972-000c29052e2c&amp;temesNom=Universitats\">http:\/\/agaur.gencat.cat\/ca\/beques-i-ajuts\/convocatories-per-temes\/Beques-de-caracter-general<\/a><\/p>\n<p><b>IOC (Institut Obert de Catalunya)<\/b><\/p>\n<p><a href=\"https:\/\/ioc.xtec.cat\/educacio\/\">https:\/\/ioc.xtec.cat\/educacio\/<\/a><\/p>\n<h4><strong>4. UNIVERSITATS I EDUCACI\u00d3 SUPERIOR<\/strong><\/h4>\n<p style=\"text-align: justify;\">La\u00a0<strong>prematr\u00edcula\u00a0<\/strong>per a <strong>les PAU<\/strong> (<a href=\"https:\/\/universitats.gencat.cat\/ca\/proves-acces-PAU-PAP\/\">Proves d\u2019Avaluaci\u00f3 del batxillerat per a l\u2019acc\u00e9s a la Universitat<\/a>) a la convocat\u00f2ria de <strong>juny <\/strong>s\u2019ha de formalitzar entre mitjans del mes de <strong>febrer<\/strong> i principis de <strong>mar\u00e7<\/strong>. Veure les <strong>dates actualitzades<\/strong> cada any al web, dintre de la secci\u00f3 MEN\u00da\/<strong> \u00datlimes informacions<\/strong>.<\/p>\n<p style=\"text-align: justify;\">Els mateixos dies els alumnes interessats en el <strong>Grau d\u2019Educaci\u00f3 Infantil<\/strong> i <strong>Educaci\u00f3 Prim\u00e0ria<\/strong> tamb\u00e9 han de formalitzar la <strong>matr\u00edcula de la PAP <\/strong>(<a href=\"https:\/\/universitats.gencat.cat\/ca\/proves-acces-PAU-PAP\/sobre-proves-aptitud-personal\/\">Prova d\u2019Aptitud Personal<\/a>).\u00a0Tots aquests tr\u00e0mits es fan <strong>per Internet<\/strong> a la p\u00e0gina <a href=\"https:\/\/accesuniversitat.gencat.cat\">https:\/\/accesuniversitat.gencat.cat<\/a><\/p>\n<p style=\"text-align: justify;\">Al seg\u00fcent <strong>enlla\u00e7<\/strong> <a href=\"https:\/\/agora.xtec.cat\/iesroquetes\/batxillerat\/prematricula-pau-2024\/\">https:\/\/agora.xtec.cat\/iesroquetes\/batxillerat\/prematricula-pau-2024\/<\/a> podeu consultar:<\/p>\n<ol>\n<li style=\"text-align: justify;\">La <strong>Guia informativa<\/strong> <strong>prematr\u00edcula<\/strong> <strong>PAU\u00a0<\/strong><\/li>\n<li><span style=\"font-family: inherit; font-size: 1em; text-align: justify;\">La <\/span><strong style=\"font-family: inherit; font-size: 1em; text-align: justify;\">presentaci\u00f3 informativa<\/strong><span style=\"font-family: inherit; font-size: 1em; text-align: justify;\"> del nostre centre.<\/span><\/li>\n<li><span style=\"font-family: inherit; font-size: 1em; text-align: justify;\">El <strong>document<\/strong> <\/span><strong style=\"font-family: inherit; font-size: 1em; text-align: justify;\">pdf<\/strong><span style=\"font-family: inherit; font-size: 1em; text-align: justify;\"> que ens envia la Universitat, que s&#8217;actualitza cada mes de maig.<\/span><\/li>\n<li>La <strong>taula de ponderacions<\/strong> de mat\u00e8ries en cada universitat del sistema catal\u00e0.<\/li>\n<\/ol>\n<p>A m\u00e9s, podeu accedir a la <strong>plataforma UNPORTAL<\/strong> per fer una cerca comparativa de graus i cicles de totes les universitats catalanes: <a href=\"https:\/\/www.unportal.net\/ca\/\">https:\/\/www.unportal.net\/ca\/<\/a> A l&#8217;hora d&#8217;accedir-hi heu d&#8217;utilitzar l&#8217;<strong>usuari<\/strong> <strong>iroq@unportal.cat<\/strong> i la <strong>contrasenya<\/strong> que us vam facilitar com estudiants o fam\u00edlia en la reuni\u00f3 presencial.<\/p>\n<p><a href=\"https:\/\/www.unportal.net\/ca\/\"><img loading=\"lazy\" decoding=\"async\" class=\"alignnone wp-image-27346 size-full\" src=\"https:\/\/agora.xtec.cat\/iesroquetes\/wp-content\/uploads\/usu997\/2024\/05\/un-portal.jpg\" alt=\"\" width=\"447\" height=\"98\" srcset=\"https:\/\/agora.xtec.cat\/iesroquetes\/wp-content\/uploads\/usu997\/2024\/05\/un-portal.jpg 447w, https:\/\/agora.xtec.cat\/iesroquetes\/wp-content\/uploads\/usu997\/2024\/05\/un-portal-300x66.jpg 300w\" sizes=\"auto, (max-width: 447px) 100vw, 447px\" \/><\/a><\/p>\n<p><strong>Tota la informaci\u00f3 sobre les PAU: Canal Universitats<\/strong><\/p>\n<p><a href=\"http:\/\/universitats.gencat.cat\/ca\/pau\/\">http:\/\/universitats.gencat.cat\/ca\/pau\/<\/a><\/p>\n<p><strong>Tots els tr\u00e0mits<\/strong> es fan a <a href=\"https:\/\/accesuniversitat.gencat.cat\">https:\/\/accesuniversitat.gencat.cat<\/a><\/p>\n<p><b>Universitats: notes de tall i centres d\u2019estudis<\/b><\/p>\n<p><a href=\"http:\/\/universitats.gencat.cat\/ca\/preinscripcio\/llistes_i_notes\/\">http:\/\/universitats.gencat.cat\/ca\/preinscripcio\/llistes_i_notes\/<\/a><\/p>\n<p><b>UNPORTAL (Informaci\u00f3 sobre l\u2019Educaci\u00f3 superior a Catalunya: Universitat i FP de grau mitj\u00e0 i superior)<\/b><\/p>\n<p><a href=\"http:\/\/www.unportal.net\/\">http:\/\/www.unportal.net\/<\/a> (usuari: iroq@unportal.cat) La <strong>contrasenya<\/strong> la tenen tots els alumnes.<\/p>\n<p><b>Qu\u00e8 i per qu\u00e8 estudiar a les universitats catalanes<\/b><\/p>\n<p><a href=\"https:\/\/web.gencat.cat\/ca\/temes\/universitat\/\">https:\/\/web.gencat.cat\/ca\/temes\/universitat\/<\/a><\/p>\n<h4><strong>5. ITINERARIS EDUCATIUS (infografia)<\/strong><\/h4>\n<p><a href=\"http:\/\/agora.xtec.cat\/iesroquetes\/wp-content\/uploads\/usu997\/2016\/11\/mapa-destudis.png\"><img loading=\"lazy\" decoding=\"async\" class=\"alignnone wp-image-5610\" src=\"http:\/\/agora.xtec.cat\/iesroquetes\/wp-content\/uploads\/usu997\/2016\/11\/mapa-destudis.png\" alt=\"mapa-destudis\" width=\"700\" height=\"540\" srcset=\"https:\/\/agora.xtec.cat\/iesroquetes\/wp-content\/uploads\/usu997\/2016\/11\/mapa-destudis.png 816w, https:\/\/agora.xtec.cat\/iesroquetes\/wp-content\/uploads\/usu997\/2016\/11\/mapa-destudis-300x231.png 300w, https:\/\/agora.xtec.cat\/iesroquetes\/wp-content\/uploads\/usu997\/2016\/11\/mapa-destudis-768x592.png 768w\" sizes=\"auto, (max-width: 700px) 100vw, 700px\" \/><\/a><\/p>\n<p>&nbsp;<\/p>\n","protected":false},"excerpt":{"rendered":"<p>Aqu\u00ed teniu diversos documents i adreces d&#8217;inter\u00e8s per al vostre futur acad\u00e8mic i laboral en acabar l&#8217;ESO: INFORMACI\u00d3 PER A LES FAM\u00cdLIES DE L&#8217;ALUMNAT DE 4t d&#8217;ESO\/ OFERTA DEL CENTRE Presentaci\u00f3 del batxillerat 2025-26 Presentaci\u00f3 de cicles 2024-25 Del 3 al 10 d\u2019abril de 2025 s\u2019obre el termini per a la presentaci\u00f3 de sol\u00b7licituds\u00a0de\u00a0preinscripci\u00f3 al [&hellip;]<\/p>\n","protected":false},"author":1,"featured_media":0,"parent":57,"menu_order":4,"comment_status":"closed","ping_status":"closed","template":"page-templates\/side-menu.php","meta":{"_bbp_topic_count":0,"_bbp_reply_count":0,"_bbp_total_topic_count":0,"_bbp_total_reply_count":0,"_bbp_voice_count":0,"_bbp_anonymous_reply_count":0,"_bbp_topic_count_hidden":0,"_bbp_reply_count_hidden":0,"_bbp_forum_subforum_count":0,"site-sidebar-layout":"default","site-content-layout":"","ast-site-content-layout":"","site-content-style":"default","site-sidebar-style":"default","ast-global-header-display":"","ast-banner-title-visibility":"","ast-main-header-display":"","ast-hfb-above-header-display":"","ast-hfb-below-header-display":"","ast-hfb-mobile-header-display":"","site-post-title":"","ast-breadcrumbs-content":"","ast-featured-img":"","footer-sml-layout":"","theme-transparent-header-meta":"","adv-header-id-meta":"","stick-header-meta":"","header-above-stick-meta":"","header-main-stick-meta":"","header-below-stick-meta":"","astra-migrate-meta-layouts":"default","ast-page-background-enabled":"default","ast-page-background-meta":{"desktop":{"background-color":"var(--ast-global-color-4)","background-image":"","background-repeat":"repeat","background-position":"center center","background-size":"auto","background-attachment":"scroll","background-type":"","background-media":"","overlay-type":"","overlay-color":"","overlay-opacity":"","overlay-gradient":""},"tablet":{"background-color":"","background-image":"","background-repeat":"repeat","background-position":"center center","background-size":"auto","background-attachment":"scroll","background-type":"","background-media":"","overlay-type":"","overlay-color":"","overlay-opacity":"","overlay-gradient":""},"mobile":{"background-color":"","background-image":"","background-repeat":"repeat","background-position":"center center","background-size":"auto","background-attachment":"scroll","background-type":"","background-media":"","overlay-type":"","overlay-color":"","overlay-opacity":"","overlay-gradient":""}},"ast-content-background-meta":{"desktop":{"background-color":"var(--ast-global-color-5)","background-image":"","background-repeat":"repeat","background-position":"center center","background-size":"auto","background-attachment":"scroll","background-type":"","background-media":"","overlay-type":"","overlay-color":"","overlay-opacity":"","overlay-gradient":""},"tablet":{"background-color":"var(--ast-global-color-5)","background-image":"","background-repeat":"repeat","background-position":"center center","background-size":"auto","background-attachment":"scroll","background-type":"","background-media":"","overlay-type":"","overlay-color":"","overlay-opacity":"","overlay-gradient":""},"mobile":{"background-color":"var(--ast-global-color-5)","background-image":"","background-repeat":"repeat","background-position":"center center","background-size":"auto","background-attachment":"scroll","background-type":"","background-media":"","overlay-type":"","overlay-color":"","overlay-opacity":"","overlay-gradient":""}},"footnotes":""},"class_list":["post-5155","page","type-page","status-publish","hentry"],"post_mailing_queue_ids":[],"_links":{"self":[{"href":"https:\/\/agora.xtec.cat\/iesroquetes\/wp-json\/wp\/v2\/pages\/5155","targetHints":{"allow":["GET"]}}],"collection":[{"href":"https:\/\/agora.xtec.cat\/iesroquetes\/wp-json\/wp\/v2\/pages"}],"about":[{"href":"https:\/\/agora.xtec.cat\/iesroquetes\/wp-json\/wp\/v2\/types\/page"}],"author":[{"embeddable":true,"href":"https:\/\/agora.xtec.cat\/iesroquetes\/wp-json\/wp\/v2\/users\/1"}],"replies":[{"embeddable":true,"href":"https:\/\/agora.xtec.cat\/iesroquetes\/wp-json\/wp\/v2\/comments?post=5155"}],"version-history":[{"count":6,"href":"https:\/\/agora.xtec.cat\/iesroquetes\/wp-json\/wp\/v2\/pages\/5155\/revisions"}],"predecessor-version":[{"id":29071,"href":"https:\/\/agora.xtec.cat\/iesroquetes\/wp-json\/wp\/v2\/pages\/5155\/revisions\/29071"}],"up":[{"embeddable":true,"href":"https:\/\/agora.xtec.cat\/iesroquetes\/wp-json\/wp\/v2\/pages\/57"}],"wp:attachment":[{"href":"https:\/\/agora.xtec.cat\/iesroquetes\/wp-json\/wp\/v2\/media?parent=5155"}],"curies":[{"name":"wp","href":"https:\/\/api.w.org\/{rel}","templated":true}]}}