{"id":4030,"date":"2016-08-12T00:05:17","date_gmt":"2016-08-11T23:05:17","guid":{"rendered":"http:\/\/agora.xtec.cat\/iesroquetes\/?page_id=4030"},"modified":"2018-11-29T11:23:46","modified_gmt":"2018-11-29T10:23:46","slug":"contractes","status":"publish","type":"page","link":"https:\/\/agora.xtec.cat\/iesroquetes\/gestions\/contractes\/","title":{"rendered":"Contractes"},"content":{"rendered":"<p><strong>PERFIL DEL CONTRACTANT<\/strong><\/p>\n<p>Nom de l\u2019\u00f2rgan de contractaci\u00f3: INSTITUT ROQUETES<\/p>\n<p>Adre\u00e7a: ANSELM CLAV\u00c9, 8 43520 ROQUETES<\/p>\n<p>Horari de registre: 09:00 h a 14:00 h<\/p>\n<p>Horari d\u2019atenci\u00f3 al p\u00fablic: 09:00 h a 14:00 h<\/p>\n<p>Tel\u00e8fon: 977 502833<\/p>\n<p>Fax: 977 503797<\/p>\n<p>Correu electr\u00f2nic: <a href=\"mailto:iesroquetes@xtec.cat\">iesroquetes@xtec.cat<\/a><\/p>\n<p>Adre\u00e7a web: <a href=\"http:\/\/www.institutroquetes.cat\/\">www.institutroquetes.cat<\/a><\/p>\n<p>Adre\u00e7a de presentaci\u00f3 d\u2019ofertes: ANSELM CLAV\u00c9, 8 43520 ROQUETES<\/p>\n<p>Persona de contacte: BATISTE CASTELL<\/p>\n<h3 style=\"text-align: center;\">CONCURS SERVEI DE NETEJA DEL CENTRE_43008420\/2019\/01<\/h3>\n<p>S&#8217;ha publicat al perfil del contractant del Departament d&#8217;Ensenyament l&#8217;anunci de licitaci\u00f3 del concurs de neteja. El podeu consultar en el seg\u00fcent enlla\u00e7:<\/p>\n<p><a href=\"https:\/\/contractaciopublica.gencat.cat\/ecofin_pscp\/AppJava\/notice.pscp?idDoc=39284093&amp;reqCode=viewCn&amp;\">https:\/\/contractaciopublica.gencat.cat\/ecofin_pscp\/AppJava\/notice.pscp?idDoc=39284093&amp;reqCode=viewCn&amp;<\/a><\/p>\n<hr \/>\n<h3 style=\"text-align: center;\"><span style=\"color: #008000;\">CONCURS SERVEI DE NETEJA DEL CENTRE_01\/2018<\/span><\/h3>\n<p>&nbsp;<\/p>\n<p><strong>Resoluci\u00f3 de l&#8217;adjudicaci\u00f3 del contracte de serveis de neteja. Expedient 01\/2018. Data publicaci\u00f3 al web del centre (20\/12\/2017). <a href=\"http:\/\/agora.xtec.cat\/iesroquetes\/wp-content\/uploads\/usu997\/2017\/12\/Resoluci\u00f3-adjudicaci\u00f3.pdf\">Enlla\u00e7 al document<\/a><\/strong><\/p>\n<p><span style=\"color: #808080;\"><strong><span style=\"color: #000000;\">Informe t\u00e8cnic. Data publicaci\u00f3 al web del centre (16\/01\/2018).\u00a0<a href=\"http:\/\/agora.xtec.cat\/iesroquetes\/wp-content\/uploads\/usu997\/2018\/01\/Informe-t\u00e8cnic.pdf\">Enlla\u00e7 al document<\/a><\/span> <\/strong><\/span><\/p>\n<p><span style=\"color: #000000;\"><strong>Formalitzaci\u00f3 d&#8217;adjudicaci\u00f3 del servei de neteja de l&#8217;Institut Roquetes (Expedient 01\/2018). Data de publicaci\u00f3 (16\/01\/2018). <a href=\"http:\/\/agora.xtec.cat\/iesroquetes\/wp-content\/uploads\/usu997\/2018\/01\/Formalitzaci\u00f3-contracte-de-neteja.pdf\">Enlla\u00e7 al document<\/a><\/strong><\/span><\/p>\n<p>&nbsp;<\/p>\n<p><span style=\"color: #000000;\">OBERTURA SOBRE C<\/span><\/p>\n<p><span style=\"color: #000000;\">El proper dia 30 de novembre de 2017 a les 8,45h a la biblioteca del centre es procedir\u00e0 a obrir en acte p\u00fablic el\u00a0sobre C. Data publicaci\u00f3 al web del centre: 28\/11\/201<strong>7<\/strong><\/span><\/p>\n<p>&nbsp;<\/p>\n<p><span style=\"color: #000000;\">Trobareu la documentaci\u00f3 en els seg\u00fcents enlla\u00e7os:<\/span><\/p>\n<p><span style=\"color: #000000;\">1.- Resoluci\u00f3 d&#8217;inici i aprovaci\u00f3 d&#8217;un <a href=\"http:\/\/agora.xtec.cat\/iesroquetes\/wp-content\/uploads\/usu997\/2017\/11\/Resoluci\u00f3-dinici.pdf\" target=\"_blank\" rel=\"noopener noreferrer\">expedient de contractaci\u00f3<\/a> de serveis (08.11.17)<\/span><\/p>\n<p><span style=\"color: #000000;\">2.- Anunci de licitaci\u00f3 d&#8217;un contracte de serveis. Expedient 01\/2018. Data publicaci\u00f3 al <a href=\"http:\/\/agora.xtec.cat\/iesroquetes\/wp-content\/uploads\/usu997\/2017\/11\/Publicaci\u00f3-DOGC-7490.pdf\" target=\"_blank\" rel=\"noopener noreferrer\">DOGC N\u00fam.7490 &#8211; <strong>8.11.2017<\/strong><\/a><\/span><\/p>\n<p><span style=\"color: #000000;\">3.- <a href=\"http:\/\/agora.xtec.cat\/iesroquetes\/wp-content\/uploads\/usu997\/2017\/11\/Prescripcions-t\u00e8cniques.pdf\" target=\"_blank\" rel=\"noopener noreferrer\">Prescripcions t\u00e8cniques <\/a>(08.11.17)<\/span><\/p>\n<p><span style=\"color: #000000;\">4.- <a href=\"http:\/\/agora.xtec.cat\/iesroquetes\/wp-content\/uploads\/usu997\/2017\/11\/Prescripcions-administratives.pdf\" target=\"_blank\" rel=\"noopener noreferrer\">Prescripcions administratives<\/a> (08.11.17)<\/span><\/p>\n<p>&nbsp;<\/p>\n<hr \/>\n<h3 style=\"text-align: center;\"><span style=\"color: #808080;\">CONCURS SERVEI DE NETEJA DEL CENTRE_01\/2017<\/span><\/h3>\n<p><span style=\"color: #808080;\"><strong>Resoluci\u00f3 de l&#8217;adjudicaci\u00f3 del contracte de serveis de neteja. Expedient 01\/2017. Data publicaci\u00f3 al web del centre (22\/12\/2016). <a style=\"color: #808080;\" href=\"http:\/\/agora.xtec.cat\/iesroquetes\/wp-content\/uploads\/usu997\/2016\/12\/SIM-430084216122212040.pdf\" target=\"_blank\" rel=\"noopener noreferrer\">Enlla\u00e7 al document<\/a><\/strong><\/span><\/p>\n<p><span style=\"color: #808080;\"><strong>Informe t\u00e8cnic. Data publicaci\u00f3 al web del centre (10\/01\/2017). <a style=\"color: #808080;\" href=\"http:\/\/agora.xtec.cat\/iesroquetes\/wp-content\/uploads\/usu997\/2017\/01\/Informe-t\u00e8cnic-Expedient-01-2017.pdf\" target=\"_blank\" rel=\"noopener noreferrer\">Enlla\u00e7 al document<\/a><\/strong><\/span><\/p>\n<p><span style=\"color: #808080;\"><strong>Formalitzaci\u00f3 d&#8217;adjudicaci\u00f3 del servei de neteja de l&#8217;Institut Roquetes (Expedient 01\/2017). Data de publicaci\u00f3 (16\/01\/2017).<\/strong> <a style=\"color: #808080;\" href=\"http:\/\/agora.xtec.cat\/iesroquetes\/wp-content\/uploads\/usu997\/2017\/01\/Formalitzaci\u00f3-contracte-de-neteja.pdf\">Enlla\u00e7 al document<\/a><\/span><\/p>\n<p>&nbsp;<\/p>\n<p><span style=\"color: #808080;\"><strong>OBERTURA SOBRE C<\/strong><\/span><\/p>\n<p><span style=\"color: #808080;\"><strong>El proper dia 12 de desembre de 2016 a les 12,45h a la biblioteca del centre es procedir\u00e0 a obrir en acte p\u00fablic el\u00a0sobre C. Data publicaci\u00f3 al web del centre:\u00a007\/12\/2016<\/strong><\/span><\/p>\n<p><span style=\"color: #808080;\">Trobareu la documentaci\u00f3 en els seg\u00fcents enlla\u00e7os<\/span><\/p>\n<p><span style=\"color: #808080;\">1.- <a style=\"color: #808080;\" href=\"http:\/\/agora.xtec.cat\/iesroquetes\/wp-content\/uploads\/usu997\/2016\/11\/01_Resoluci\u00f3-dinici-i-aprovaci\u00f3-expedient-de-contractaci\u00f3.pdf\" target=\"_blank\" rel=\"noopener noreferrer\">Resoluci\u00f3 d&#8217;inici i aprovaci\u00f3 d&#8217;un expedient de contractaci\u00f3 de serveis<\/a><\/span><\/p>\n<p><span style=\"color: #808080;\">2.- <a style=\"color: #808080;\" href=\"http:\/\/agora.xtec.cat\/iesroquetes\/wp-content\/uploads\/usu997\/2016\/11\/04_anunci-licitacio.pdf\" target=\"_blank\" rel=\"noopener noreferrer\">Anunci de licitaci\u00f3 d&#8217;un contracte de serveis<\/a>. Expedient 01\/2017. Data publicaci\u00f3 al web del centre: <strong>18\/11\/2016<\/strong><\/span><\/p>\n<p><span style=\"color: #808080;\">3.- <a style=\"color: #808080;\" href=\"http:\/\/agora.xtec.cat\/iesroquetes\/wp-content\/uploads\/usu997\/2016\/11\/02_Prescripcions-tecniques.pdf\" target=\"_blank\" rel=\"noopener noreferrer\">Prescripcions t\u00e8cniques<\/a><\/span><\/p>\n<p><span style=\"color: #808080;\">4.- <a style=\"color: #808080;\" href=\"http:\/\/agora.xtec.cat\/iesroquetes\/wp-content\/uploads\/usu997\/2016\/11\/03-Prescripcions-administratives.pdf\" target=\"_blank\" rel=\"noopener noreferrer\">Prescripcions administratives<\/a><\/span><\/p>\n<p>&nbsp;<\/p>\n","protected":false},"excerpt":{"rendered":"<p>PERFIL DEL CONTRACTANT Nom de l\u2019\u00f2rgan de contractaci\u00f3: INSTITUT ROQUETES Adre\u00e7a: ANSELM CLAV\u00c9, 8 43520 ROQUETES Horari de registre: 09:00 h a 14:00 h Horari d\u2019atenci\u00f3 al p\u00fablic: 09:00 h a 14:00 h Tel\u00e8fon: 977 502833 Fax: 977 503797 Correu electr\u00f2nic: iesroquetes@xtec.cat Adre\u00e7a web: www.institutroquetes.cat Adre\u00e7a de presentaci\u00f3 d\u2019ofertes: ANSELM CLAV\u00c9, 8 43520 ROQUETES Persona [&hellip;]<\/p>\n","protected":false},"author":1,"featured_media":0,"parent":4000,"menu_order":90,"comment_status":"closed","ping_status":"closed","template":"page-templates\/side-menu.php","meta":{"_bbp_topic_count":0,"_bbp_reply_count":0,"_bbp_total_topic_count":0,"_bbp_total_reply_count":0,"_bbp_voice_count":0,"_bbp_anonymous_reply_count":0,"_bbp_topic_count_hidden":0,"_bbp_reply_count_hidden":0,"_bbp_forum_subforum_count":0,"site-sidebar-layout":"default","site-content-layout":"","ast-site-content-layout":"","site-content-style":"default","site-sidebar-style":"default","ast-global-header-display":"","ast-banner-title-visibility":"","ast-main-header-display":"","ast-hfb-above-header-display":"","ast-hfb-below-header-display":"","ast-hfb-mobile-header-display":"","site-post-title":"","ast-breadcrumbs-content":"","ast-featured-img":"","footer-sml-layout":"","theme-transparent-header-meta":"","adv-header-id-meta":"","stick-header-meta":"","header-above-stick-meta":"","header-main-stick-meta":"","header-below-stick-meta":"","astra-migrate-meta-layouts":"default","ast-page-background-enabled":"default","ast-page-background-meta":{"desktop":{"background-color":"var(--ast-global-color-4)","background-image":"","background-repeat":"repeat","background-position":"center center","background-size":"auto","background-attachment":"scroll","background-type":"","background-media":"","overlay-type":"","overlay-color":"","overlay-opacity":"","overlay-gradient":""},"tablet":{"background-color":"","background-image":"","background-repeat":"repeat","background-position":"center center","background-size":"auto","background-attachment":"scroll","background-type":"","background-media":"","overlay-type":"","overlay-color":"","overlay-opacity":"","overlay-gradient":""},"mobile":{"background-color":"","background-image":"","background-repeat":"repeat","background-position":"center center","background-size":"auto","background-attachment":"scroll","background-type":"","background-media":"","overlay-type":"","overlay-color":"","overlay-opacity":"","overlay-gradient":""}},"ast-content-background-meta":{"desktop":{"background-color":"var(--ast-global-color-5)","background-image":"","background-repeat":"repeat","background-position":"center center","background-size":"auto","background-attachment":"scroll","background-type":"","background-media":"","overlay-type":"","overlay-color":"","overlay-opacity":"","overlay-gradient":""},"tablet":{"background-color":"var(--ast-global-color-5)","background-image":"","background-repeat":"repeat","background-position":"center center","background-size":"auto","background-attachment":"scroll","background-type":"","background-media":"","overlay-type":"","overlay-color":"","overlay-opacity":"","overlay-gradient":""},"mobile":{"background-color":"var(--ast-global-color-5)","background-image":"","background-repeat":"repeat","background-position":"center center","background-size":"auto","background-attachment":"scroll","background-type":"","background-media":"","overlay-type":"","overlay-color":"","overlay-opacity":"","overlay-gradient":""}},"footnotes":""},"class_list":["post-4030","page","type-page","status-publish","hentry"],"post_mailing_queue_ids":[],"_links":{"self":[{"href":"https:\/\/agora.xtec.cat\/iesroquetes\/wp-json\/wp\/v2\/pages\/4030","targetHints":{"allow":["GET"]}}],"collection":[{"href":"https:\/\/agora.xtec.cat\/iesroquetes\/wp-json\/wp\/v2\/pages"}],"about":[{"href":"https:\/\/agora.xtec.cat\/iesroquetes\/wp-json\/wp\/v2\/types\/page"}],"author":[{"embeddable":true,"href":"https:\/\/agora.xtec.cat\/iesroquetes\/wp-json\/wp\/v2\/users\/1"}],"replies":[{"embeddable":true,"href":"https:\/\/agora.xtec.cat\/iesroquetes\/wp-json\/wp\/v2\/comments?post=4030"}],"version-history":[{"count":4,"href":"https:\/\/agora.xtec.cat\/iesroquetes\/wp-json\/wp\/v2\/pages\/4030\/revisions"}],"predecessor-version":[{"id":14104,"href":"https:\/\/agora.xtec.cat\/iesroquetes\/wp-json\/wp\/v2\/pages\/4030\/revisions\/14104"}],"up":[{"embeddable":true,"href":"https:\/\/agora.xtec.cat\/iesroquetes\/wp-json\/wp\/v2\/pages\/4000"}],"wp:attachment":[{"href":"https:\/\/agora.xtec.cat\/iesroquetes\/wp-json\/wp\/v2\/media?parent=4030"}],"curies":[{"name":"wp","href":"https:\/\/api.w.org\/{rel}","templated":true}]}}