{"id":3961,"date":"2016-08-11T18:40:35","date_gmt":"2016-08-11T17:40:35","guid":{"rendered":"http:\/\/agora.xtec.cat\/iesroquetes\/?page_id=3961"},"modified":"2025-04-07T14:20:01","modified_gmt":"2025-04-07T12:20:01","slug":"oferta-educativa","status":"publish","type":"page","link":"https:\/\/agora.xtec.cat\/iesroquetes\/linstitut\/oferta-educativa\/","title":{"rendered":"Oferta educativa"},"content":{"rendered":"<p style=\"color: #444444; text-align: justify;\">Teniu <strong>informaci\u00f3 particular<\/strong> sobre cadascuna de les etapes educatives clicant a sobre de les etiquetes respectives que trobareu a la p\u00e0gina principal. En aquesta secci\u00f3 trobareu b\u00e0sicament la <strong>informaci\u00f3 general<\/strong> de cada curs, estudi o nivell. S&#8217;actualitza peri\u00f2dicament,\u00a0 per\u00f2 comproveu sempre que sigui correcte l&#8217;any acad\u00e8mic pel qual us interesseu,<\/p>\n<p style=\"color: #444444; text-align: justify;\"><span style=\"color: #444444;\">Podreu consultar quins s\u00f3n els <\/span><strong style=\"color: #444444;\">llibres de cada mat\u00e8ria i nivell <\/strong><span style=\"color: #444444;\">en el seg\u00fcent enlla\u00e7: <\/span><a style=\"color: #444444; font-weight: bold;\" href=\"https:\/\/agora.xtec.cat\/iesroquetes\/linstitut\/llibres-de-text\/\">Llibres de text<\/a><b style=\"color: #444444;\"> (informaci\u00f3 <\/b><span style=\"color: #444444;\"><b>actualitzada<\/b><\/span><b style=\"color: #444444;\">)<\/b><\/p>\n<header class=\"entry-header\" style=\"color: #444444;\">\n<h3 class=\"entry-title\" style=\"font-weight: 400; color: #087eb6;\">ESO (Educaci\u00f3 Secund\u00e0ria Obligat\u00f2ria)<\/h3>\n<p><strong>Quatre cursos,<\/strong> <strong>etapa 12-16 anys<\/strong>:<\/p>\n<ul>\n<li>1r d\u2019ESO<\/li>\n<li>2n d\u2019ESO<\/li>\n<li>3r d\u2019ESO<\/li>\n<li>4t d\u2019ESO<\/li>\n<\/ul>\n<p><strong>TRIA DE MAT\u00c8RIES ESPEC\u00cdFIQUES DE 4t d\u2019ESO\u00a0 PER AL CURS 25-26<\/strong><\/p>\n<\/header>\n<header><\/header>\n<header class=\"entry-header\" style=\"color: #444444;\"><\/header>\n<p style=\"text-align: justify;\">Si actualment curses <strong>3r d&#8217;ESO<\/strong>, a l&#8217;hora de triar l&#8217;oferta de <strong>mat\u00e8ries espec\u00edfiques\u00a0de 4t d&#8217;ESO<\/strong> et pots informar mitjan\u00e7ant\u00a0aquesta <strong>presentaci\u00f3 en Canva<\/strong> i els <strong>documents adjunts<\/strong> en altres formats que amplien amb la seva descripci\u00f3.<\/p>\n<table>\n<tbody>\n<tr>\n<td><a href=\"https:\/\/www.canva.com\/design\/DAGjsQvroI8\/JzajurxEI9gaxTFMqVP32A\/view?utm_content=DAGjsQvroI8&amp;utm_campaign=designshare&amp;utm_medium=link&amp;utm_source=viewergFzspRdhw\/view?utm_content=DAGDg17HW48&amp;utm_campaign=designshare&amp;utm_medium=link&amp;utm_source=editor\"><img loading=\"lazy\" decoding=\"async\" class=\"alignnone wp-image-27337\" src=\"https:\/\/agora.xtec.cat\/iesroquetes\/wp-content\/uploads\/usu997\/2024\/05\/portada-presentacio-canva-3eso.jpg\" alt=\"\" width=\"350\" height=\"201\" srcset=\"https:\/\/agora.xtec.cat\/iesroquetes\/wp-content\/uploads\/usu997\/2024\/05\/portada-presentacio-canva-3eso.jpg 1017w, https:\/\/agora.xtec.cat\/iesroquetes\/wp-content\/uploads\/usu997\/2024\/05\/portada-presentacio-canva-3eso-300x172.jpg 300w, https:\/\/agora.xtec.cat\/iesroquetes\/wp-content\/uploads\/usu997\/2024\/05\/portada-presentacio-canva-3eso-768x440.jpg 768w\" sizes=\"auto, (max-width: 350px) 100vw, 350px\" \/><\/a><\/td>\n<\/tr>\n<tr>\n<td><a href=\"https:\/\/www.canva.com\/design\/DAGjsQvroI8\/JzajurxEI9gaxTFMqVP32A\/view?utm_content=DAGjsQvroI8&amp;utm_campaign=designshare&amp;utm_medium=link&amp;utm_source=viewer\">Presentaci\u00f3 per l&#8217;alumnat i les fam\u00edlies Curs 25-26<\/a><\/td>\n<\/tr>\n<\/tbody>\n<\/table>\n<p><strong>Full de tria<\/strong> <strong>de mat\u00e8ries espec\u00edfiques de 4t d&#8217;ESO<\/strong> (curs 25-26): <a href=\"https:\/\/agora.xtec.cat\/iesroquetes\/wp-content\/uploads\/usu997\/2025\/04\/FULL-TRIA-ME-4ESO-25_26.pdf\">Full de tria ME-4ESO 25_26<\/a><\/p>\n<header class=\"entry-header\" style=\"color: #444444;\"><strong>M\u00e9s informaci\u00f3<\/strong> al web sobre:<\/header>\n<div class=\"entry-content\" style=\"color: #444444;\">\n<ul>\n<li>Lectures recomanades<\/li>\n<li>Mat\u00e8ries optatives per cursos<\/li>\n<li>Sol\u00b7licitud d&#8217;afiliaci\u00f3 a la SS<\/li>\n<li>Servei Comunitari<\/li>\n<li>Cr\u00e8dits de s\u00edntesi finals, des de 1r a 3r d&#8217;ESO<\/li>\n<li>Treball de recerca a 4t d&#8217;ESO<\/li>\n<li>Viatge d\u2019estudis de 4&#8217;t d&#8217;ESO<\/li>\n<\/ul>\n<h5><strong>TRIA DE LES MAT\u00c8RIES OPTATIVES (2n i 3r d\u2019ESO)<\/strong><\/h5>\n<p style=\"text-align: justify;\">L\u2019alumnat de\u00a0<strong>2n i 3r d\u2019ESO<\/strong>\u00a0ha de\u00a0<strong>triar\u00a0<\/strong>la mat\u00e8ria que vol cursar en la\u00a0<strong>franja d\u2019optativitat<\/strong>\u00a0(2 hores). Empleneu el\u00a0<strong>full de tria<\/strong>\u00a0segons la vostra prefer\u00e8ncia marcant de l\u20191 (<strong>el m\u00e9s desitjat<\/strong>) fins al 7 (<strong>el menys desitjat<\/strong>), signeu-lo i afegiu la\u00a0<strong>signatura de les vostres fam\u00edlies<\/strong>. Un cop degudament emplenat i signat, l\u2019haur\u00edeu d\u2019escanejar i enviar al correu\u00a0<strong>aida.martorell@institutroquetes.cat<\/strong>\u00a0o b\u00e9\u00a0<strong>portar-lo presencialment<\/strong>\u00a0al centre abans del dia\u00a0<strong>19 de juliol de 2024, <\/strong>en horari de mat\u00ed, de 9 a 2.<\/p>\n<p style=\"text-align: justify;\">L\u2019assignaci\u00f3 es far\u00e0\u00a0<strong>per ordre de lliurament<\/strong>\u00a0i en cas de no presentar cap sol\u00b7licitud durant el termini establert, s\u2019assignar\u00e0 una mat\u00e8ria d\u2019ofici. A la taula seg\u00fcent teniu la\u00a0<strong>descripci\u00f3 de les mat\u00e8ries<\/strong>\u00a0i el\u00a0<strong>full de tria<\/strong>:<\/p>\n<table>\n<tbody>\n<tr>\n<td><strong>CURS<\/strong><\/td>\n<td><strong>INFORMACI\u00d3<\/strong><\/td>\n<td><strong>FULL DE TRIA CURS 24-25<\/strong><\/td>\n<\/tr>\n<tr>\n<td><strong>2n d\u2019ESO<\/strong><\/td>\n<td><a href=\"https:\/\/agora.xtec.cat\/iesroquetes\/wp-content\/uploads\/usu997\/2024\/07\/Info-OPTATIVA-2ESO-24_25.pdf\">Info OPTATIVA 2ESO 24_25<\/a><\/td>\n<td><a href=\"https:\/\/agora.xtec.cat\/iesroquetes\/wp-content\/uploads\/usu997\/2024\/07\/FULL-TRIA-OPT-2ESO-24_25.pdf\">FULL TRIA Alumnat OPT 2ESO 24_25<\/a><\/td>\n<\/tr>\n<tr>\n<td><strong>3r d\u2019ESO<\/strong><\/td>\n<td><a href=\"https:\/\/agora.xtec.cat\/iesroquetes\/wp-content\/uploads\/usu997\/2024\/07\/Info-OPTATIVA-3ESO-24_25.pdf\">Info OPTATIVA 3ESO 24_25<\/a><\/td>\n<td><a href=\"https:\/\/agora.xtec.cat\/iesroquetes\/wp-content\/uploads\/usu997\/2024\/07\/FULL-TRIA-Alumnat-OPT-3ESO-24_25.pdf\">FULL TRIA Alumnat OPT 3ESO 24_25<\/a><\/td>\n<\/tr>\n<\/tbody>\n<\/table>\n<p>Pel que fa a l\u2019optativitat de l\u2019<strong>alumnat de 1r d\u2019ESO<\/strong>, en funci\u00f3 dels seus resultats en les proves de\u00a0<strong>compet\u00e8ncies b\u00e0siques<\/strong>, es proposar\u00e0 a cada alumne\/a, de manera personalitzada, o b\u00e9 una\u00a0<strong>mat\u00e8ria trimestral\u00a0<\/strong><strong>de refor\u00e7<\/strong>\u00a0de les assignatures instrumentals (catal\u00e0, castell\u00e0 i matem\u00e0tiques) o b\u00e9 una\u00a0<strong>mat\u00e8ria trimestral d\u2019introducci\u00f3<\/strong>\u00a0<strong>a altres \u00e0mbits,<\/strong>\u00a0tal i com us vam informar en la reuni\u00f3 de portes obertes amb les fam\u00edlies.<\/p>\n<p><a href=\"https:\/\/agora.xtec.cat\/iesroquetes\/wp-content\/uploads\/usu997\/2021\/03\/GUIA-NOU-ALUMNAT-1r-ESO-21-22.pdf\"><strong>GUIA per al NOU ALUMNAT 1r ESO<\/strong><\/a><\/p>\n<header class=\"entry-header\">\n<h3 class=\"entry-title\" style=\"font-weight: 400; color: #087eb6;\">BATXILLERAT<\/h3>\n<p><strong>Dos cursos, 1r i 2n, <\/strong>etapa 17-18 anys. Hi ha <strong>dues modalitats<\/strong>:<\/p>\n<ul>\n<li><strong>Ci\u00e8ncies i Tecnologia, <\/strong>amb tres itineraris b\u00e0sics: a) Cient\u00ecfic, b) Tecnol\u00f2gic i c) Biosanitari.<\/li>\n<li><strong>Humanitats i\u00a0Ci\u00e8ncies Socials, <\/strong>amb dos itineraris b\u00e0sics: a) Humanitats i b) Economia i Ci\u00e8ncies Socials.<\/li>\n<\/ul>\n<p>&nbsp;<\/p>\n<h5><strong>INFORMACI\u00d3 PER A LES FAM\u00cdLIES DE L&#8217;ALUMNAT DE 4t d&#8217;ESO\/ OFERTA DEL CENTRE<\/strong><\/h5>\n<table>\n<tbody>\n<tr>\n<td><a href=\"https:\/\/www.canva.com\/design\/DAGAK6LaoQw\/UzvptR_xwrwprChEfqE_lw\/view?utm_content=DAGAK6LaoQw&amp;utm_campaign=designshare&amp;utm_medium=link&amp;utm_source=viewer\"><img loading=\"lazy\" decoding=\"async\" class=\"alignnone wp-image-29069\" src=\"https:\/\/agora.xtec.cat\/iesroquetes\/wp-content\/uploads\/usu997\/2025\/04\/post-obligatoris-25-26-1024x571.png\" alt=\"\" width=\"344\" height=\"192\" srcset=\"https:\/\/agora.xtec.cat\/iesroquetes\/wp-content\/uploads\/usu997\/2025\/04\/post-obligatoris-25-26-1024x571.png 1024w, https:\/\/agora.xtec.cat\/iesroquetes\/wp-content\/uploads\/usu997\/2025\/04\/post-obligatoris-25-26-300x167.png 300w, https:\/\/agora.xtec.cat\/iesroquetes\/wp-content\/uploads\/usu997\/2025\/04\/post-obligatoris-25-26-768x428.png 768w, https:\/\/agora.xtec.cat\/iesroquetes\/wp-content\/uploads\/usu997\/2025\/04\/post-obligatoris-25-26.png 1468w\" sizes=\"auto, (max-width: 344px) 100vw, 344px\" \/><\/a><\/td>\n<td><a href=\"https:\/\/agora.xtec.cat\/iesroquetes\/wp-content\/uploads\/usu997\/2024\/05\/portada-canva-cicles.jpg\"><img loading=\"lazy\" decoding=\"async\" class=\"alignnone wp-image-27345\" src=\"https:\/\/agora.xtec.cat\/iesroquetes\/wp-content\/uploads\/usu997\/2024\/05\/portada-canva-cicles-1024x578.jpg\" alt=\"\" width=\"350\" height=\"198\" srcset=\"https:\/\/agora.xtec.cat\/iesroquetes\/wp-content\/uploads\/usu997\/2024\/05\/portada-canva-cicles-1024x578.jpg 1024w, https:\/\/agora.xtec.cat\/iesroquetes\/wp-content\/uploads\/usu997\/2024\/05\/portada-canva-cicles-300x169.jpg 300w, https:\/\/agora.xtec.cat\/iesroquetes\/wp-content\/uploads\/usu997\/2024\/05\/portada-canva-cicles-768x434.jpg 768w, https:\/\/agora.xtec.cat\/iesroquetes\/wp-content\/uploads\/usu997\/2024\/05\/portada-canva-cicles.jpg 1098w\" sizes=\"auto, (max-width: 350px) 100vw, 350px\" \/><\/a><\/td>\n<\/tr>\n<tr>\n<td><a href=\"https:\/\/www.canva.com\/design\/DAGAK6LaoQw\/UzvptR_xwrwprChEfqE_lw\/view?utm_content=DAGAK6LaoQw&amp;utm_campaign=designshare&amp;utm_medium=link&amp;utm_source=viewer\">Presentaci\u00f3 del batxillerat 2025-26<\/a><\/td>\n<td><a href=\"https:\/\/www.canva.com\/design\/DAGB86I-ZlY\/PzqO_apeoyi8KdW3z_q01A\/view?utm_content=DAGB86I-ZlY&amp;utm_campaign=designshare&amp;utm_medium=link&amp;utm_source=editor\">Presentaci\u00f3 de cicles 2024-25<\/a><\/td>\n<\/tr>\n<\/tbody>\n<\/table>\n<p>Del <strong>3 al 10 d\u2019abril<\/strong> <strong>de 2025<\/strong> s\u2019obre el termini per a la <strong>presentaci\u00f3 de sol\u00b7licituds<\/strong>\u00a0de\u00a0<strong>preinscripci\u00f3 al batxillerat.\u00a0<\/strong>La\u00a0<strong>p\u00e0gina de la Generalitat per fer-ho<\/strong> \u00e9s aquesta: <a href=\"https:\/\/preinscripcio.gencat.cat\/ca\/estudis\/batxillerat\/preinscriute\/sollicitud\/index.html\">Preinscripci\u00f3 al batxillerat curs 25-26 <\/a>(en l\u00ednia) Codi INS Roquetes <strong>43008420.<\/strong><\/p>\n<div class=\"col content-col\">\n<div class=\"bloc-mobil\">\n<div class=\"descripcio link-dotted\"><\/div>\n<\/div>\n<\/div>\n<h5><strong>INFORMACI\u00d3 SOBRE ELS ITINERARIS DE 1r de BATXILLERAT<\/strong><\/h5>\n<p>Per tal d\u2019informar-vos sobre l\u2019oferta de\u00a0<strong>mat\u00e8ries de modalitat i espec\u00edfiques<\/strong> del<strong> batxillerat<\/strong>\u00a0i els diferents\u00a0<strong>itineraris acad\u00e8mics<\/strong> que es podran seguir al centre el <strong>curs 2025-26<\/strong> podeu consultar els seg\u00fcents <strong>documents<\/strong>:<\/p>\n<ul>\n<li><a href=\"https:\/\/www.canva.com\/design\/DAGAK6LaoQw\/UzvptR_xwrwprChEfqE_lw\/view?\">Orientaci\u00f3 per l&#8217;alumnat que fa 4t d&#8217;ESO<\/a>(presentaci\u00f3 en Canva del batxillerat)<\/li>\n<li><a href=\"https:\/\/agora.xtec.cat\/iesroquetes\/wp-content\/uploads\/usu997\/2025\/03\/Full-TRIA-Materies-1BAT-25_26.pdf\">Full TRIA Mat\u00e8ries 1BAT 25_26<\/a>\u00a0(pdf)<\/li>\n<\/ul>\n<\/header>\n<header class=\"entry-header\">Aqu\u00ed trobareu tamb\u00e9 enlla\u00e7 a informaci\u00f3 sobre:<\/header>\n<header>\u00a0<\/header>\n<ul>\n<li class=\"entry-header\"><a href=\"https:\/\/universitats.gencat.cat\/ca\/proves-acces-PAU-PAP\/\">Proves PAU I PAP<\/a> (notes de tall, calendari, <a href=\"https:\/\/universitats.gencat.cat\/ca\/preinscripcions\/sobre-preinscripcio\/ponderacions\/\">ponderacions<\/a>, exemples d&#8217;ex\u00e0mens, itineraris universitaris\u2026)<\/li>\n<\/ul>\n<div class=\"entry-content\">\n<p><strong>M\u00e9s informaci\u00f3 general sobre estudis post-obligatoris<\/strong> a l&#8217;apartat <a href=\"https:\/\/agora.xtec.cat\/iesroquetes\/projecte-educatiu\/orientat\/\"><strong>Orienta&#8217;t<\/strong><\/a>.<\/p>\n<\/div>\n<\/div>\n<header class=\"entry-header\" style=\"color: #444444;\">\n<h3 class=\"entry-title\" style=\"font-weight: 400; color: #087eb6;\">CFGM d&#8217;IMATGE PERSONAL<\/h3>\n<\/header>\n<p><strong>Dues branques<\/strong>:<\/p>\n<ul>\n<li><strong>Perruqueria<\/strong> (1r i 2n curs)<\/li>\n<li><strong>Est\u00e8tica personal<\/strong> (1r i 2n curs)<\/li>\n<\/ul>\n<p><span style=\"color: #2795b6;\"><b>D\u00edptic<\/b><\/span><strong><a href=\"https:\/\/agora.xtec.cat\/iesroquetes\/wp-content\/uploads\/usu997\/2022\/03\/Diptic-CFGM-2022.pdf\">\u00a0informatiu CICLES d\u2019Imatge Personal 22-23<\/a>\u00a0<\/strong><\/p>\n<p><a href=\"https:\/\/prezi.com\/view\/h4Pi3wuS4O271Ees5vTc\/\"><strong> Presentaci\u00f3 en Prezi dels Cicles<\/strong><\/a><\/p>\n<p><strong>M\u00e9s informaci\u00f3<\/strong>:<\/p>\n<div class=\"entry-content\">\n<ul>\n<li>Pr\u00e0ctiques a empreses (FCT)<\/li>\n<li>Projectes de mobilitat<\/li>\n<li>Altres: mesures flexibilitzadores: servei d\u2019assessorament, servei de reconeixement acad\u00e8mic, formaci\u00f3 dual\u2026<\/li>\n<\/ul>\n<h5><strong>CICLES FORMATIUS<\/strong><\/h5>\n<p>Teniu tota la informaci\u00f3 dels tr\u00e0mits a les seg\u00fcents webs:<\/p>\n<p><a href=\"https:\/\/agora.xtec.cat\/iesroquetes\/wp-content\/uploads\/usu997\/2024\/05\/Portes-obertes_MAIG-2024_WEB.pdf\">Presentaci\u00f3 de la nostra oferta formativa (Grau Mitj\u00e0): Imatge personal Roquetes<\/a><\/p>\n<ul>\n<li><a href=\"https:\/\/preinscripcio.gencat.cat\/ca\/estudis\/fp-grau-mitja\/inici\/\" target=\"_blank\" rel=\"noopener\">Preinscripci\u00f3 als cicles formatius de GRAU MITJ\u00c0, curs 24-25<\/a><\/li>\n<li><a href=\"https:\/\/preinscripcio.gencat.cat\/ca\/estudis\/fp-grau-superior\/inici\/\" target=\"_blank\" rel=\"noopener\">Preinscripci\u00f3 als cicles formatius de GRAU SUPERIOR, curs 24-25<\/a><\/li>\n<li><a href=\"https:\/\/agora.xtec.cat\/iesroquetes\/wp-content\/uploads\/usu997\/2024\/05\/CFGBasic-web_preinscripcio-24_25.pdf\">Preinscripci\u00f3 als CF GRAU B\u00c0SIC,\u00a0 curs\u00a0 24-25<\/a><\/li>\n<\/ul>\n<h5><strong>PORTES OBERTES DE CICLES FORMATIUS<\/strong><\/h5>\n<h5><img loading=\"lazy\" decoding=\"async\" class=\"wp-image-27188 alignleft\" src=\"https:\/\/agora.xtec.cat\/iesroquetes\/wp-content\/uploads\/usu997\/2024\/04\/Jornada_3-e1712751984686.png\" sizes=\"auto, (max-width: 1287px) 100vw, 1287px\" srcset=\"https:\/\/agora.xtec.cat\/iesroquetes\/wp-content\/uploads\/usu997\/2024\/04\/Jornada_3-e1712751984686.png 1287w, https:\/\/agora.xtec.cat\/iesroquetes\/wp-content\/uploads\/usu997\/2024\/04\/Jornada_3-e1712751984686-300x150.png 300w, https:\/\/agora.xtec.cat\/iesroquetes\/wp-content\/uploads\/usu997\/2024\/04\/Jornada_3-e1712751984686-1024x512.png 1024w, https:\/\/agora.xtec.cat\/iesroquetes\/wp-content\/uploads\/usu997\/2024\/04\/Jornada_3-e1712751984686-768x384.png 768w\" alt=\"\" width=\"296\" height=\"148\" \/><\/h5>\n<p style=\"text-align: justify;\">Properament, s\u2019obrir\u00e0 la\u00a0<strong>presentaci\u00f3 de sol\u00b7licituds<\/strong>\u00a0de\u00a0<strong>preinscripci\u00f3 als cicles formatius.\u00a0<\/strong>Per aix\u00f2 farem la<strong>\u00a0jornada de portes obertes<\/strong>\u00a0el proper\u00a0<strong>dimecres 22 de maig de 2024 a les 16:30<\/strong><strong>.\u00a0<\/strong>Les persones assistents tindran l\u2019oportunitat de veure els nostres tallers i instal\u00b7lacions.<\/p>\n<p style=\"text-align: justify;\">Per tal d\u2019informar\u00a0<strong>les fam\u00edlies de l\u2019alumnat de 4t d\u2019ESO<\/strong>\u00a0del calendari i de les opcions de cicles formatius del territori hem convocat una\u00a0<strong>reuni\u00f3 telem\u00e0tica\u00a0<\/strong>en Google Meet el\u00a0<strong>dilluns 20 de maig<\/strong>\u00a0a les\u00a0<strong>7 de la tarda<\/strong>. Es podr\u00e0 accedir mitjan\u00e7ant\u00a0<strong>aquest enlla\u00e7<\/strong>:\u00a0<a href=\"https:\/\/meet.google.com\/vqu-nbbn-bzv\">https:\/\/meet.google.com\/vqu-nbbn-bzv<\/a><\/p>\n<p style=\"text-align: justify;\">Recordeu que del\u00a0<strong>24 al 30 de maig\u00a0<\/strong>es podr\u00e0 fer la\u00a0<strong>preinscripci\u00f3 als cicles formatius,\u00a0<\/strong>tant de grau mitj\u00e0 com de grau superior. Teniu tota la informaci\u00f3 d\u2019ambd\u00f3s tr\u00e0mits a les seg\u00fcents webs:<\/p>\n<ul>\n<li><a href=\"https:\/\/preinscripcio.gencat.cat\/ca\/estudis\/fp-grau-mitja\/inici\/\" target=\"_blank\" rel=\"noopener\">Preinscripci\u00f3 als cicles formatius de GRAU MITJ\u00c0, curs 24-25<\/a><\/li>\n<li><a href=\"https:\/\/preinscripcio.gencat.cat\/ca\/estudis\/fp-grau-superior\/inici\/\" target=\"_blank\" rel=\"noopener\">Preinscripci\u00f3 als cicles formatius de GRAU SUPERIOR, curs 24-25<\/a><\/li>\n<\/ul>\n<p><strong>Aqu\u00ed trobareu m\u00e9s informacions:<\/strong><\/p>\n<ul>\n<li>Sobre la <a href=\"https:\/\/preinscripcio.gencat.cat\/ca\/estudis\/fp-grau-mitja\/inici\/\">PREINSCRIPCI\u00d3.<\/a><\/li>\n<li>El <a href=\"https:\/\/agora.xtec.cat\/iesroquetes\/wp-content\/uploads\/usu997\/2022\/03\/Diptic-CFGM-2022.pdf\">D\u00cdPTIC INFORMATIU<\/a> d\u2019Imatge Personal de l\u2019Institut Roquetes.<\/li>\n<li>La presentaci\u00f3 dels <a href=\"https:\/\/prezi.com\/view\/ONXiMTI0YiB6iK3hc5nX\/\">SERVEIS FP<\/a> del centre.<\/li>\n<li>La presentaci\u00f3 de la reuni\u00f3 de <a href=\"https:\/\/prezi.com\/view\/h4Pi3wuS4O271Ees5vTc\/\">PORTES OBERTES.<\/a><\/li>\n<li>M\u00e9s informaci\u00f3 general sobre <strong>estudis post-obligatoris<\/strong> al web <a href=\"http:\/\/queestudiar.gencat.cat\/ca\/preinscripcio\/\">ESTUDIAR A CATALUNYA<\/a>.<\/li>\n<\/ul>\n<h5><span style=\"color: #087eb6; font-size: 1.6875em; font-weight: 400;\">CFGS d&#8217;ESTILISME I DIRECCI\u00d3 DE PERRUQUERIA<\/span><\/h5>\n<\/div>\n<div class=\"entry-content\" style=\"color: #444444;\">\n<p>Inici amb <strong>1r del CFGS<\/strong> el curs 19-20, continuaci\u00f3 amb <strong>2n del CFGS<\/strong> a partir del curs 20-21.<\/p>\n<p>Documentaci\u00f3 necess\u00e0ria:<\/p>\n<ul>\n<li><a href=\"https:\/\/agora.xtec.cat\/iesroquetes\/wp-content\/uploads\/usu997\/2021\/07\/Impres-CFGS-21-22.pdf\" target=\"_blank\" rel=\"noopener noreferrer\">Impr\u00e8s de matr\u00edcula<\/a><\/li>\n<li><a href=\"https:\/\/agora.xtec.cat\/iesroquetes\/wp-content\/uploads\/usu997\/2021\/07\/CFGS_M%C3%B2duls-professionals-1r.pdf\" target=\"_blank\" rel=\"noopener noreferrer\">Document m\u00f2duls a matricular de 1r<\/a><\/li>\n<li><a href=\"https:\/\/agora.xtec.cat\/iesroquetes\/wp-content\/uploads\/usu997\/2021\/07\/CFGS_M%C3%B2duls-professionals-2n.pdf\" target=\"_blank\" rel=\"noopener noreferrer\">Document m\u00f2duls a matricular de 2n<\/a><\/li>\n<li><a href=\"https:\/\/agora.xtec.cat\/iesroquetes\/wp-content\/uploads\/usu997\/2021\/07\/Autoritzaci%C3%B3-roquetes-proteccio-dades20-21.pdf\" target=\"_blank\" rel=\"noopener noreferrer\">Impr\u00e8s drets imatge<\/a><\/li>\n<\/ul>\n<p><span style=\"color: #087eb6; font-size: 1.6875em;\">FP B\u00c0SICA 1 i 2 (Actualment CF Grau B\u00e0sic)<\/span><\/p>\n<ul>\n<li class=\"entry-header\">Adre\u00e7at a <strong>alumnes entre 15 i 17 anys<\/strong>, sense t\u00edtol de graduat en ESO.<\/li>\n<li class=\"entry-header\">Dura <strong>dos cursos<\/strong>, 1r i 2n, en l\u2019especialitat <strong>d\u2019Imatge Personal<\/strong>.<\/li>\n<li class=\"entry-header\"><strong>Requisit d&#8217;acc\u00e9s: informe previ dels SSTT<\/strong>\u00a0i <strong>entrevista personal<\/strong>\u00a0amb les fam\u00edlies.<\/li>\n<\/ul>\n<h5><strong>PREINSCRIPCI\u00d3 ALS CICLES FORMATIUS DE GRAU B\u00c0SIC <\/strong><\/h5>\n<div class=\"col content-col\">\n<p><strong>AUXILIAR EN PERRUQUERIA I EST\u00c8TICA<\/strong><\/p>\n<div class=\"bloc-mobil\">\n<div class=\"descripcio link-dotted\">\n<p style=\"text-align: justify;\">\u00c9s molt important respectar les <strong>dates de presentaci\u00f3<\/strong> de sol\u00b7licituds perqu\u00e8 les que es presentin fora d&#8217;aquest termini perdran totes les prioritats que haurien pogut tenir a l&#8217;hora d&#8217;obtenir la pla\u00e7a. Cal presentar la sol\u00b7licitud presencialment i adjuntar-hi la documentaci\u00f3 d&#8217;identificaci\u00f3 o de criteris que correspongui.<\/p>\n<p style=\"text-align: justify;\">Per a m\u00e9s informaci\u00f3, consulteu el <a href=\"https:\/\/agora.xtec.cat\/iesroquetes\/wp-content\/uploads\/usu997\/2023\/04\/CFGBasic-web_preinscripcio-23_24.pdf\">seg\u00fcent document.<\/a><\/p>\n<\/div>\n<\/div>\n<\/div>\n<\/div>\n","protected":false},"excerpt":{"rendered":"<p>Teniu informaci\u00f3 particular sobre cadascuna de les etapes educatives clicant a sobre de les etiquetes respectives que trobareu a la p\u00e0gina principal. En aquesta secci\u00f3 trobareu b\u00e0sicament la informaci\u00f3 general de cada curs, estudi o nivell. S&#8217;actualitza peri\u00f2dicament,\u00a0 per\u00f2 comproveu sempre que sigui correcte l&#8217;any acad\u00e8mic pel qual us interesseu, Podreu consultar quins s\u00f3n els [&hellip;]<\/p>\n","protected":false},"author":1,"featured_media":0,"parent":19,"menu_order":10,"comment_status":"closed","ping_status":"closed","template":"page-templates\/side-menu.php","meta":{"_bbp_topic_count":0,"_bbp_reply_count":0,"_bbp_total_topic_count":0,"_bbp_total_reply_count":0,"_bbp_voice_count":0,"_bbp_anonymous_reply_count":0,"_bbp_topic_count_hidden":0,"_bbp_reply_count_hidden":0,"_bbp_forum_subforum_count":0,"site-sidebar-layout":"default","site-content-layout":"","ast-site-content-layout":"","site-content-style":"default","site-sidebar-style":"default","ast-global-header-display":"","ast-banner-title-visibility":"","ast-main-header-display":"","ast-hfb-above-header-display":"","ast-hfb-below-header-display":"","ast-hfb-mobile-header-display":"","site-post-title":"","ast-breadcrumbs-content":"","ast-featured-img":"","footer-sml-layout":"","theme-transparent-header-meta":"","adv-header-id-meta":"","stick-header-meta":"","header-above-stick-meta":"","header-main-stick-meta":"","header-below-stick-meta":"","astra-migrate-meta-layouts":"default","ast-page-background-enabled":"default","ast-page-background-meta":{"desktop":{"background-color":"var(--ast-global-color-4)","background-image":"","background-repeat":"repeat","background-position":"center center","background-size":"auto","background-attachment":"scroll","background-type":"","background-media":"","overlay-type":"","overlay-color":"","overlay-opacity":"","overlay-gradient":""},"tablet":{"background-color":"","background-image":"","background-repeat":"repeat","background-position":"center center","background-size":"auto","background-attachment":"scroll","background-type":"","background-media":"","overlay-type":"","overlay-color":"","overlay-opacity":"","overlay-gradient":""},"mobile":{"background-color":"","background-image":"","background-repeat":"repeat","background-position":"center center","background-size":"auto","background-attachment":"scroll","background-type":"","background-media":"","overlay-type":"","overlay-color":"","overlay-opacity":"","overlay-gradient":""}},"ast-content-background-meta":{"desktop":{"background-color":"var(--ast-global-color-5)","background-image":"","background-repeat":"repeat","background-position":"center center","background-size":"auto","background-attachment":"scroll","background-type":"","background-media":"","overlay-type":"","overlay-color":"","overlay-opacity":"","overlay-gradient":""},"tablet":{"background-color":"var(--ast-global-color-5)","background-image":"","background-repeat":"repeat","background-position":"center center","background-size":"auto","background-attachment":"scroll","background-type":"","background-media":"","overlay-type":"","overlay-color":"","overlay-opacity":"","overlay-gradient":""},"mobile":{"background-color":"var(--ast-global-color-5)","background-image":"","background-repeat":"repeat","background-position":"center center","background-size":"auto","background-attachment":"scroll","background-type":"","background-media":"","overlay-type":"","overlay-color":"","overlay-opacity":"","overlay-gradient":""}},"footnotes":""},"class_list":["post-3961","page","type-page","status-publish","hentry"],"post_mailing_queue_ids":[],"_links":{"self":[{"href":"https:\/\/agora.xtec.cat\/iesroquetes\/wp-json\/wp\/v2\/pages\/3961","targetHints":{"allow":["GET"]}}],"collection":[{"href":"https:\/\/agora.xtec.cat\/iesroquetes\/wp-json\/wp\/v2\/pages"}],"about":[{"href":"https:\/\/agora.xtec.cat\/iesroquetes\/wp-json\/wp\/v2\/types\/page"}],"author":[{"embeddable":true,"href":"https:\/\/agora.xtec.cat\/iesroquetes\/wp-json\/wp\/v2\/users\/1"}],"replies":[{"embeddable":true,"href":"https:\/\/agora.xtec.cat\/iesroquetes\/wp-json\/wp\/v2\/comments?post=3961"}],"version-history":[{"count":6,"href":"https:\/\/agora.xtec.cat\/iesroquetes\/wp-json\/wp\/v2\/pages\/3961\/revisions"}],"predecessor-version":[{"id":29084,"href":"https:\/\/agora.xtec.cat\/iesroquetes\/wp-json\/wp\/v2\/pages\/3961\/revisions\/29084"}],"up":[{"embeddable":true,"href":"https:\/\/agora.xtec.cat\/iesroquetes\/wp-json\/wp\/v2\/pages\/19"}],"wp:attachment":[{"href":"https:\/\/agora.xtec.cat\/iesroquetes\/wp-json\/wp\/v2\/media?parent=3961"}],"curies":[{"name":"wp","href":"https:\/\/api.w.org\/{rel}","templated":true}]}}