{"id":26024,"date":"2023-10-04T13:44:07","date_gmt":"2023-10-04T11:44:07","guid":{"rendered":"https:\/\/agora.xtec.cat\/iesroquetes\/?page_id=26024"},"modified":"2025-02-24T10:29:11","modified_gmt":"2025-02-24T09:29:11","slug":"cicles-formatius-de-grau-basic-dimatge-personal","status":"publish","type":"page","link":"https:\/\/agora.xtec.cat\/iesroquetes\/linstitut\/oferta-educativa\/cicles-formatius-de-grau-basic-dimatge-personal\/","title":{"rendered":"Cicles Formatius de Grau B\u00e0sic d&#8217;Imatge Personal"},"content":{"rendered":"<p><span style=\"color: #087eb6; font-size: 1.6875em;\">CFGB de PERRUQUERIA I EST\u00c8TICA\u00a0<\/span><\/p>\n<ul>\n<li class=\"entry-header\">Adre\u00e7at a <strong>alumnes entre 15 i 17 anys<\/strong>, sense t\u00edtol de graduat en ESO.<\/li>\n<li class=\"entry-header\">Dura <strong>dos cursos<\/strong>, 1r i 2n, en l\u2019especialitat <strong>d\u2019Imatge Personal<\/strong>.<\/li>\n<li class=\"entry-header\"><strong>Requisit d&#8217;acc\u00e9s: informe previ dels SSTT<\/strong>\u00a0i <strong>entrevista personal<\/strong>\u00a0amb les fam\u00edlies.<\/li>\n<\/ul>\n<h5><\/h5>\n<div class=\"col content-col\">\n<div class=\"bloc-mobil\">\n<div class=\"descripcio link-dotted\">\n<p>Cal presentar la sol\u00b7licitud presencialment i adjuntar-hi la documentaci\u00f3 d&#8217;identificaci\u00f3 o de criteris que correspongui.<\/p>\n<\/div>\n<\/div>\n<\/div>\n<div style=\"position: relative; width: 100%; height: 0; padding-top: 141.4286%; padding-bottom: 0; box-shadow: 0 2px 8px 0 rgba(63,69,81,0.16); margin-top: 1.6em; margin-bottom: 0.9em; overflow: hidden; border-radius: 8px; will-change: transform;\"><iframe style=\"position: absolute; width: 100%; height: 100%; top: 0; left: 0; border: none; padding: 0; margin: 0;\" src=\"https:\/\/www.canva.com\/design\/DAGfWBKyEPw\/sO2AaOcPkD9Ge-G-KX2HQg\/view?embed\" allowfullscreen=\"allowfullscreen\"><br \/>\n<\/iframe><\/div>\n<p><a href=\"https:\/\/www.canva.com\/design\/DAGfWBKyEPw\/sO2AaOcPkD9Ge-G-KX2HQg\/view?utm_content=DAGfWBKyEPw&amp;utm_campaign=designshare&amp;utm_medium=embeds&amp;utm_source=link\" target=\"_blank\" rel=\"noopener\">D\u00edptic GB Perruqueria i est\u00e8tica<\/a><\/p>\n","protected":false},"excerpt":{"rendered":"<p>CFGB de PERRUQUERIA I EST\u00c8TICA\u00a0 Adre\u00e7at a alumnes entre 15 i 17 anys, sense t\u00edtol de graduat en ESO. Dura dos cursos, 1r i 2n, en l\u2019especialitat d\u2019Imatge Personal. Requisit d&#8217;acc\u00e9s: informe previ dels SSTT\u00a0i entrevista personal\u00a0amb les fam\u00edlies. Cal presentar la sol\u00b7licitud presencialment i adjuntar-hi la documentaci\u00f3 d&#8217;identificaci\u00f3 o de criteris que correspongui. D\u00edptic [&hellip;]<\/p>\n","protected":false},"author":5,"featured_media":0,"parent":3961,"menu_order":3,"comment_status":"closed","ping_status":"closed","template":"page-templates\/side-menu.php","meta":{"_bbp_topic_count":0,"_bbp_reply_count":0,"_bbp_total_topic_count":0,"_bbp_total_reply_count":0,"_bbp_voice_count":0,"_bbp_anonymous_reply_count":0,"_bbp_topic_count_hidden":0,"_bbp_reply_count_hidden":0,"_bbp_forum_subforum_count":0,"site-sidebar-layout":"default","site-content-layout":"","ast-site-content-layout":"","site-content-style":"default","site-sidebar-style":"default","ast-global-header-display":"","ast-banner-title-visibility":"","ast-main-header-display":"","ast-hfb-above-header-display":"","ast-hfb-below-header-display":"","ast-hfb-mobile-header-display":"","site-post-title":"","ast-breadcrumbs-content":"","ast-featured-img":"","footer-sml-layout":"","theme-transparent-header-meta":"","adv-header-id-meta":"","stick-header-meta":"","header-above-stick-meta":"","header-main-stick-meta":"","header-below-stick-meta":"","astra-migrate-meta-layouts":"default","ast-page-background-enabled":"default","ast-page-background-meta":{"desktop":{"background-color":"var(--ast-global-color-4)","background-image":"","background-repeat":"repeat","background-position":"center center","background-size":"auto","background-attachment":"scroll","background-type":"","background-media":"","overlay-type":"","overlay-color":"","overlay-opacity":"","overlay-gradient":""},"tablet":{"background-color":"","background-image":"","background-repeat":"repeat","background-position":"center center","background-size":"auto","background-attachment":"scroll","background-type":"","background-media":"","overlay-type":"","overlay-color":"","overlay-opacity":"","overlay-gradient":""},"mobile":{"background-color":"","background-image":"","background-repeat":"repeat","background-position":"center center","background-size":"auto","background-attachment":"scroll","background-type":"","background-media":"","overlay-type":"","overlay-color":"","overlay-opacity":"","overlay-gradient":""}},"ast-content-background-meta":{"desktop":{"background-color":"var(--ast-global-color-5)","background-image":"","background-repeat":"repeat","background-position":"center center","background-size":"auto","background-attachment":"scroll","background-type":"","background-media":"","overlay-type":"","overlay-color":"","overlay-opacity":"","overlay-gradient":""},"tablet":{"background-color":"var(--ast-global-color-5)","background-image":"","background-repeat":"repeat","background-position":"center center","background-size":"auto","background-attachment":"scroll","background-type":"","background-media":"","overlay-type":"","overlay-color":"","overlay-opacity":"","overlay-gradient":""},"mobile":{"background-color":"var(--ast-global-color-5)","background-image":"","background-repeat":"repeat","background-position":"center center","background-size":"auto","background-attachment":"scroll","background-type":"","background-media":"","overlay-type":"","overlay-color":"","overlay-opacity":"","overlay-gradient":""}},"footnotes":""},"class_list":["post-26024","page","type-page","status-publish","hentry"],"post_mailing_queue_ids":[],"_links":{"self":[{"href":"https:\/\/agora.xtec.cat\/iesroquetes\/wp-json\/wp\/v2\/pages\/26024","targetHints":{"allow":["GET"]}}],"collection":[{"href":"https:\/\/agora.xtec.cat\/iesroquetes\/wp-json\/wp\/v2\/pages"}],"about":[{"href":"https:\/\/agora.xtec.cat\/iesroquetes\/wp-json\/wp\/v2\/types\/page"}],"author":[{"embeddable":true,"href":"https:\/\/agora.xtec.cat\/iesroquetes\/wp-json\/wp\/v2\/users\/5"}],"replies":[{"embeddable":true,"href":"https:\/\/agora.xtec.cat\/iesroquetes\/wp-json\/wp\/v2\/comments?post=26024"}],"version-history":[{"count":6,"href":"https:\/\/agora.xtec.cat\/iesroquetes\/wp-json\/wp\/v2\/pages\/26024\/revisions"}],"predecessor-version":[{"id":28992,"href":"https:\/\/agora.xtec.cat\/iesroquetes\/wp-json\/wp\/v2\/pages\/26024\/revisions\/28992"}],"up":[{"embeddable":true,"href":"https:\/\/agora.xtec.cat\/iesroquetes\/wp-json\/wp\/v2\/pages\/3961"}],"wp:attachment":[{"href":"https:\/\/agora.xtec.cat\/iesroquetes\/wp-json\/wp\/v2\/media?parent=26024"}],"curies":[{"name":"wp","href":"https:\/\/api.w.org\/{rel}","templated":true}]}}