{"id":8099,"date":"2024-04-29T11:09:24","date_gmt":"2024-04-29T09:09:24","guid":{"rendered":"https:\/\/agora.xtec.cat\/iesridaura\/?page_id=8099"},"modified":"2025-10-20T11:47:00","modified_gmt":"2025-10-20T09:47:00","slug":"castellano","status":"publish","type":"page","link":"https:\/\/agora.xtec.cat\/iesridaura\/castellano\/","title":{"rendered":"Lengua castellana y Literatura"},"content":{"rendered":"\n<!--more-->\n\n\n\n<p><span style=\"color: #087eb6;\"><strong>\u00bfPor qu\u00e9 estudiar Lengua y Literatura castellana?<\/strong><\/span><\/p>\n\n\n\n<p>La lengua castellana, tambi\u00e9n conocida como espa\u00f1ol, es una de las lenguas m\u00e1s habladas en el mundo, con m\u00e1s de 580 millones de hablantes en diversos pa\u00edses de Europa, Am\u00e9rica, \u00c1frica y Asia. Su relevancia no solo radica en la cantidad de personas que la utilizan, sino en su profundo impacto cultural, hist\u00f3rico y literario. Adem\u00e1s, la lengua castellana ha sido un veh\u00edculo fundamental para la transmisi\u00f3n de ideas, conocimientos y expresiones art\u00edsticas a lo largo de los siglos.<\/p>\n\n\n\n<p>La importancia del castellano se refleja en su papel como lengua oficial en m\u00e1s de 20 pa\u00edses, lo que la convierte en un medio de comunicaci\u00f3n esencial para millones de personas. No solo es una herramienta para la interacci\u00f3n diaria, sino tambi\u00e9n un v\u00ednculo cultural que une a los pa\u00edses hispanohablantes, permitiendo el intercambio de tradiciones, valores y conocimientos.<\/p>\n\n\n\n<p>En un mundo globalizado, dominar el espa\u00f1ol ofrece m\u00faltiples ventajas, ya que abre puertas a oportunidades laborales y educativas, tanto a nivel local como internacional.<\/p>\n\n\n\n<p>Ser competente en lengua castellana permite al alumnado conectarse con la literatura peninsular y la hispanoamericana porque leer es una forma de comprender la existencia, de respetar el pasado, de cuidar el presente y de procurar por el futuro.<\/p>\n\n\n\n<p>Nuestro departamento ha decidido apostar por la lectura, sobre todo por la de obras cl\u00e1sicas, y por las actividades competenciales que de ella derivan, como palestra para el desarrollo de la competencia ling\u00fc\u00edstica y literaria de los alumnos y alumnas de nuestro centro. Por eso, en cada nivel educativo de la ESO se trabaja, a lo largo de todo un trimestre, una obra cl\u00e1sica de la literatura y a su autor.<\/p>\n\n\n\n<p>La literatura en lengua castellana se abastece de una vasta y rica tradici\u00f3n de obras que abordan temas como el amor, la libertad, la justicia o la condici\u00f3n humana. La lectura de estas obras constituye un pilar fundamental en el desarrollo de las habilidades ling\u00fc\u00edsticas de nuestro alumnado. Leer no solo enriquece el vocabulario y mejora su comprensi\u00f3n gramatical, sino que tambi\u00e9n potencia su pensamiento cr\u00edtico y su capacidad de expresarse con claridad. Adem\u00e1s, la lectura enriquece la imaginaci\u00f3n y permite explorar nuevos mundos y realidades y fomenta la empat\u00eda al poner a la persona lectora en contacto con diferentes culturas, \u00e9pocas y perspectivas.<\/p>\n\n\n\n<p>Asimismo, la lectura permite profundizar en el conocimiento de la lengua, mejorar su ortograf\u00eda y gram\u00e1tica, y familiarizarse con las distintas variantes dialectales que existen dentro del mundo hispanohablante. Cada regi\u00f3n tiene sus peculiaridades y matices ling\u00fc\u00edsticos, y leer obras de autores de distintas zonas del espa\u00f1ol permite apreciar la diversidad y la riqueza del idioma.<\/p>\n\n\n\n<p>En un contexto en el que las nuevas tecnolog\u00edas y el consumo r\u00e1pido de informaci\u00f3n dominan gran parte de la vida cotidiana, la lectura se presenta como una actividad fundamental para cultivar la concentraci\u00f3n, la paciencia y el conocimiento profundo. La lectura no solo enriquece el alma, sino que tambi\u00e9n ayuda a desarrollar habilidades cognitivas cruciales, como la capacidad de an\u00e1lisis, la reflexi\u00f3n cr\u00edtica, la resoluci\u00f3n de problemas, y lo que es m\u00e1s importante: la tolerancia y el respeto por el pasado, el presente y el futuro de todas las culturas.<\/p>\n\n\n\n<p>Nuestro alumnado adquiere, a lo largo de la ESO y del Bachillerato, la competencia necesaria para ser un experto lector que comprende distintos textos, que es cr\u00edtico y selectivo con la informaci\u00f3n que maneja y que sabe expresarse con correcci\u00f3n, adecuaci\u00f3n y cohesi\u00f3n en cualquiera de los contextos en los que interact\u00fae.<\/p>\n\n\n\n<p>La materia de Lengua y Literatura castellana se ha programado para que el alumnado desarrolle la competencia comunicativa y ling\u00fc\u00edstica que constituyen, gen\u00e9ricamente, la habilidad para expresar e interpretar <strong>conceptos, pensamientos, sentimientos, hechos y opiniones de forma oral y escrita<\/strong> (escuchar, hablar, leer y escribir), y para interactuar ling\u00fc\u00edsticamente de una forma adecuada y creativa en los posibles contextos sociales y culturales, como la educaci\u00f3n y la formaci\u00f3n, la vida privada y profesional, y el ocio.<\/p>\n\n\n\n<p>Entonces, <strong>\u00bfqu\u00e9 necesitamos para poder comunicarnos haciendo uso de la Lengua?<\/strong> Adquirir <strong>conocimientos de las funciones del lenguaje, el l\u00e9xico y la gram\u00e1tica funcional<\/strong>. Esto comporta ser consciente de los principales tipos de interacci\u00f3n verbal, de la existencia de textos literarios y no literarios, de las principales caracter\u00edsticas de los distintos estilos y registros de la lengua y de la diversidad del lenguaje, y de la comunicaci\u00f3n en funci\u00f3n del contexto.<\/p>\n\n\n\n<p><span style=\"color: #087eb6;\"><strong>\u00bfQu\u00e9 competencias del \u00e1mbito de la lengua y de la literatura trabajamos en nuestra materia?<\/strong><\/span><\/p>\n\n\n\n<p>Las diferentes competencias que componen el \u00e1mbito de la lengua y de la literatura se agrupan en las siguientes dimensiones:<br>1. La dimensi\u00f3n de comprensi\u00f3n lectora.<br>2. La dimensi\u00f3n de expresi\u00f3n escrita.<br>3. La dimensi\u00f3n de comunicaci\u00f3n oral.<br>4. La dimensi\u00f3n literaria.<br>5. La dimensi\u00f3n actitudinal y pluriling\u00fce.<\/p>\n\n\n\n<p>La <strong>comprensi\u00f3n lectora<\/strong> es la capacidad de construir significado a partir de los procesos de lectura, para asimilar objetivos personales, desarrollar el propio conocimiento y potenciarlo, as\u00ed como tambi\u00e9n para participar en la sociedad. Se ha de aplicar esta capacidad a la comprensi\u00f3n de textos de cualquier materia o actividad acad\u00e9mica. La lectura facilita, de esta forma, el estudio y la comprensi\u00f3n del mundo de la actualidad y de la ciencia. Al mismo tiempo, es una fuente de descubrimiento y de placer personal.<\/p>\n\n\n\n<p>La <strong>expresi\u00f3n escrita<\/strong> es la capacidad de utilizar la escritura como una actividad que permite comunicarse, organizarse, aprender y participar en la sociedad. Para adquirir esta competencia, resulta clave la pr\u00e1ctica habitual.<br>Se aprende a escribir escribiendo; de manera que es necesario hallar momentos dedicados a ello, es decir, a la expresi\u00f3n escrita y a su mejora. Esta capacidad se encuentra estrechamente vinculada a la lectura, ya que ambas habilidades se potencian mutuamente. Escribir bien facilita pensar bien. Para mejorar la escritura es conveniente haber le\u00eddo mucho antes: los referentes escritos pueden ser buenos modelos mientras se va mejorando en la pr\u00e1ctica de la escritura.<\/p>\n\n\n\n<p>La <strong>comunicaci\u00f3n oral<\/strong> consiste en la capacidad de comprender y expresar los mensajes orales teniendo presente la situaci\u00f3n comunicativa. Es importante promover la competencia oral en los diversos contextos de interacci\u00f3n relacionados con la vida acad\u00e9mica y del entorno, para que los alumnos se expresen con claridad y rigor y puedan intervenir de forma competente en nuestra sociedad plural, democr\u00e1tica y participativa.<\/p>\n\n\n\n<p>La <strong>literatura<\/strong> es un hecho art\u00edstico, producto de una forma creativa de expresi\u00f3n humana a trav\u00e9s de la palabra. La aproximaci\u00f3n a las obras literarias facilita el desarrollo del h\u00e1bito lector y escritor, as\u00ed como el conocimiento y vinculaci\u00f3n a la lengua y cultura propia y ajena. La literatura estimula, adem\u00e1s, la creatividad, desarrolla el sentido cr\u00edtico y conecta al ser humano con todas las \u00e9pocas de su historia. Porque la literatura es una forma propia de ver la vida, es la intrahistoria de la humanidad desde los primeros cantos a la historia impresa.<\/p>\n\n\n\n<p><span style=\"color: #087eb6;\"><strong>Lecturas y material de trabajo<\/strong><\/span><\/p>\n\n\n\n<p>Nuestro departamento propone tres lecturas obligatorias por nivel educativo, con la peculiaridad de que una de ellas corresponde a un <span style=\"text-decoration: underline;\">autor cl\u00e1sico (*)<\/span>:<\/p>\n\n\n\n<figure class=\"wp-block-table is-style-regular has-small-font-size\"><table><tbody><tr><td><strong>Nivel<\/strong><\/td><td><strong>Libro de Texto<\/strong><\/td><td><strong>Lecturas<\/strong><\/td><\/tr><tr><td>ESO 1<\/td><td><em>Lengua y Literatura castellana 1 \u00b7 Proyecto \u00cdtaca<br><\/em>Editorial Sansy<br>ISBN :&nbsp;978-84-19193-01-8<\/td><td>(*) Lalana, F.,<em> <span style=\"text-decoration: underline;\">Se suspende la funci\u00f3n<\/span><\/em> (Teatro)<br>Editorial Anaya<br>ISBN : 978-84-667-3991-7<\/td><\/tr><tr><td>ESO 2<\/td><td><em>Lengua y Literatura castellana 2 \u00b7 Proyecto \u00cdtaca<br><\/em>Editorial Sansy<br>ISBN : 978-84-19193-05-6<\/td><td>(*) Mallorqu\u00ed, C,. \u00a0Las l\u00e1grimas de Shiva<br>Editorial Grupo Edeb\u00e9<br>ISBN <strong>:<\/strong> 9788423675104<br><br>(*) S\u00e1nchez, S,.\u00a0Operaci\u00f3n pelusa <br>Editorial Grupo Edeb\u00e9<br>ISBN : 9788468341101<\/td><\/tr><tr><td>ESO 2<\/td><td>Optativa: Con voz propia : Leer, pensar y crear<\/td><td>(*) Lozano, D,. Desconeguts\u00a0<br>Editorial Grupo Edeb\u00e9<br>ISBN : 9788468334622<\/td><\/tr><tr><td>ESO 3<\/td><td><em>Lengua y Literatura castellana 3 \u00b7 Proyecto \u00cdtaca<br>Editorial Sansy<br><\/em>ISBN : 978-84-19193-02-5<\/td><td>(*) <span style=\"text-decoration: underline;\"><em>Lazarillo de Tormes<\/em><\/span> (Novela)<br>Ediciones Edeb\u00e9<br>ISBN : 978-84-683-3850-7<br><br>(*) Selecci\u00f3n de cuentos de terror (en classroom).<br><br>(*) Ma\u00f1as, P,. Un lobo dentro, de Pedro Ma\u00f1as<br>Editorial Nube de Tinta<br>ISBN : 9788418050381<\/td><\/tr><tr><td>ESO 4<\/td><td><em>Lengua y Literatura castellana 4 \u00b7 Proyecto \u00cdtaca<br>Editorial Sansy<br><\/em>ISBN : 978-84-19193-07-0<\/td><td>(*) Redondo, D,. El guardi\u00e1n invisible.<br>Editorial Ediciones Destino<br>ISBN : 9788423360734<\/td><\/tr><tr><td>BAT 1<\/td><td><em>Lengua y Literatura castellana<br>Proyecto Delfos \u00b7 1\u00ba y 2\u00ba de Bachillerato<br><\/em>Editorial Sansy<br>ISBN : 978-84-19193-00-1<\/td><td>(*) Rojas, F., <span style=\"text-decoration: underline;\"><em>La Celestina<\/em><\/span> (Teatro)<br>Adaptaci\u00f3n de Rosa Navarro Dur\u00e1n. Cl\u00e1sicos para estudiantes<br>Ediciones Edeb\u00e9, 2018<br>ISBN : 978-84-683-3512-4<br><em><br><\/em>(*) MAchado, A,. Campos de castilla. <br>Editorial Austral<br>ISBN : 9788408298724<\/td><\/tr><tr><td>BAT 2<\/td><td><em>Lengua y Literatura castellana<br>Proyecto Delfos \u00b7 1\u00ba y 2\u00ba de Bachillerato<br>Editorial Sansy<br>ISBN : 978-84-19193-00-1&nbsp;<\/em><\/td><td>(*) Laforet, C., <span style=\"text-decoration: underline;\"><em>Nada<\/em><\/span> (Novela), Austral Educaci\u00f3n, 2020<br><\/td><\/tr><\/tbody><\/table><\/figure>\n\n\n\n<p><span style=\"color: #087eb6;\"><strong>Actividades y proyectos ling\u00fc\u00edstico-literarios<\/strong><\/span><\/p>\n\n\n\n<p>Relacionadas con la lectura, hemos dise\u00f1ado diversas actividades y proyectos ling\u00fc\u00edstico-literarios en los que se concentra el desarrollo de todas las competencias que el alumnado adquiere a lo largo de los distintos trimestres. La prioridad es siempre que \u00e9ste disfrute de la materia de <em>Lengua castellana y Literatura<\/em> y se percate de su competencia como hablante de lengua espa\u00f1ola y como usuario constante de su literatura.<\/p>\n\n\n\n<figure class=\"wp-block-table has-small-font-size\"><table><tbody><tr><td><strong>ESO 1<\/strong><\/td><\/tr><tr><td>Teatro: Lectura, ensayo y representaci\u00f3n de distintas escenas de la obra <strong><em><a href=\"https:\/\/www.instagram.com\/p\/C8FFRM-tWlC\/?igsh=cTIyOGFiOTFvZXNu&amp;img_index=1\">SE SUSPENDE LA FUNCI\u00d3N<\/a><\/em><\/strong><\/td><\/tr><tr><td>LAPBOOK: actividad creativa a partir de la lectura de la novela <strong><em><a href=\"https:\/\/www.instagram.com\/reel\/C8SI28LNBeJ\/?igsh=YnJ4bDF5MWMxNXN2\">EL ASESINATO DE LA PROFESORA DE LENGUA<\/a><\/em><\/strong><\/td><\/tr><tr><td>Proyecto <strong>COOPERAL\u00cdMPICS<\/strong>: Elaboraci\u00f3n de los discursos de bienvenida y clausura de los juegos ol\u00edmpicos que los alumnos de 1\u00ba de la ESO organizan para el alumnado de 5\u00ba de primaria<\/td><\/tr><tr><td><strong>EMORREFRANES: <\/strong>Creaci\u00f3n de refranes a partir de emoticonos que unos alumnos inventan y que el resto debe adivinar, para acabar comentando su significado y su uso dentro de la lengua castellana.<\/td><\/tr><\/tbody><\/table><\/figure>\n\n\n\n<figure class=\"wp-block-table has-small-font-size\"><table><tbody><tr><td><strong>ESO 2<\/strong><\/td><\/tr><tr><td>Lectura de <strong><em>Las l\u00e1grimas de Shiva<\/em><\/strong><\/td><\/tr><tr><td>Dramatizaci\u00f3n de <strong><em>Romeo y Julieta<\/em><\/strong><\/td><\/tr><tr><td>Poema visual del proyecto <strong>EL PAS DEL TEMPS<\/strong><\/td><\/tr><\/tbody><\/table><\/figure>\n\n\n\n<figure class=\"wp-block-table has-small-font-size\"><table><tbody><tr><td><strong>ESO 3<\/strong><\/td><\/tr><tr><td>Libreta de lectura<\/td><\/tr><tr><td>Los cachivaches de <strong><em>Lazarillo de Tormes<\/em><\/strong><\/td><\/tr><\/tbody><\/table><\/figure>\n\n\n\n<figure class=\"wp-block-table has-small-font-size\"><table><tbody><tr><td><strong>ESO 4<\/strong><\/td><\/tr><tr><td>Escape Room <strong><em><a href=\"https:\/\/agora.xtec.cat\/iesridaura\/general\/escape-room-de-el-guardian-invisible\/\">El guardi\u00e1n invisible<\/a><\/em><\/strong> (actividad bianual)<br>Se trata de una actividad de dinamizaci\u00f3n de la lectura obligatoria de la materia de castellano en la que el alumnado ha profundizado en la novela creando misiones realmente motivadoras que retorc\u00edan a\u00fan m\u00e1s la trama de la novela y ha demostrado tener un gran potencial creativo en el dise\u00f1o de las distintas pruebas que facilitaban resolver el reto planteado, todo ello en clave de la primera entrega de la Trilog\u00eda del Bazt\u00e1n.<\/td><\/tr><\/tbody><\/table><\/figure>\n\n\n\n<figure class=\"wp-block-table has-small-font-size\"><table><tbody><tr><td><strong>BAT 2<\/strong><\/td><\/tr><tr><td><a href=\"https:\/\/www.blogger.com\/profile\/13221039308439577483\">Blog de poemas<\/a><\/td><\/tr><\/tbody><\/table><\/figure>\n\n\n\n<p><span style=\"color: #087eb6;\"><strong>Salidas y actividades departamentales<\/strong><\/span><\/p>\n\n\n\n<p><strong>Colliure, el exilio de Antonio Machado<\/strong><\/p>\n\n\n<div class=\"ast-oembed-container \" style=\"height: 100%;\"><iframe loading=\"lazy\" title=\"La ruta del exilio\" width=\"500\" height=\"281\" src=\"https:\/\/www.youtube.com\/embed\/KolNjq3oOiA?feature=oembed\" frameborder=\"0\" allow=\"accelerometer; autoplay; clipboard-write; encrypted-media; gyroscope; picture-in-picture; web-share\" referrerpolicy=\"strict-origin-when-cross-origin\" allowfullscreen><\/iframe><\/div>\n\n\n\n<p><\/p>\n\n\n\n<p><span style=\"color: #087eb6;\"><strong>Publicaciones del Departamento<\/strong><\/span><\/p>\n\n\n\n<p>Almadraba publica una colecci\u00f3n de 4 cuadernos de Competencia ling\u00fc\u00edstica, uno para cada curso de la ESO, con la voluntad de proporcionar a profesores y alumnos unas nuevas herramientas para trabajar las diferentes habilidades ling\u00fc\u00edsticas, en l\u00ednea con la prueba del Consejo Superior de Evaluaci\u00f3n del Sistema Educativo que deber\u00e1n realizar en 4\u00ba curso.<\/p>\n\n\n\n<ul class=\"wp-block-list\">\n<li>Competencia Ling\u00fc\u00edstica. Lengua Castellana 1, Almadraba Editorial, ISBN : 9788494821134<\/li>\n\n\n\n<li>Competencia Ling\u00fc\u00edstica. Lengua Castellana 2, Almadraba Editorial, ISBN : 9788494821141<\/li>\n\n\n\n<li>Competencia Ling\u00fc\u00edstica. Lengua Castellana 3, Almadraba Editorial, ISBN : 9788494821158<\/li>\n\n\n\n<li>Competencia Ling\u00fc\u00edstica. Lengua Castellana 4, Almadraba Editorial, ISBN : 9788494821165<\/li>\n<\/ul>\n\n\n\n<p><\/p>\n\n\n\n<p><span style=\"color: #087eb6;\"><strong>Professorado Lengua Castellana y Literatura, curso 2025-2026<\/strong><\/span><\/p>\n\n\n\n<figure class=\"wp-block-table has-small-font-size\"><table><tbody><tr><td><span style=\"color: #087eb6;\"><strong>Jefa de Departamento<\/strong><\/span><br><span style=\"color: #087eb6;\"><strong>Coordinadora Biblioteca<\/strong><br><\/span>Prof. Cast. y Literatura &#8211; Bachillerato 1 y 2<\/td><td>Mar\u00eda Garc\u00eda<\/td><\/tr><tr><td>Prof. Cast. y Literatura &#8211; ESO 4<\/td><td>Raquel S\u00e1nchez y Mar\u00eda Garc\u00eda<\/td><\/tr><tr><td>Prof. Cast. y Literatura &#8211; ESO 2<\/td><td>Laia Dobao, Elena Dur\u00e1n y Clara Molina<\/td><\/tr><tr><td>Prof. Cast. y Literatura &#8211; ESO 3<\/td><td>Olga Mart\u00ednez<\/td><\/tr><tr><td>Prof. Cast. y Literatura &#8211; ESO 1<\/td><td>Elisa Ruiz y Clara Molina<\/td><\/tr><\/tbody><\/table><\/figure>\n\n\n\n<figure class=\"wp-block-image alignleft\"><a href=\"https:\/\/agora.xtec.cat\/iesridaura\/wp-content\/uploads\/usu1163\/2024\/09\/Logo-Dep-CAST-Ridaura.jpg\"><img loading=\"lazy\" decoding=\"async\" width=\"300\" height=\"167\" src=\"https:\/\/agora.xtec.cat\/iesridaura\/wp-content\/uploads\/usu1163\/2024\/09\/Logo-Dep-CAST-Ridaura-300x167.jpg\" alt=\"\" class=\"wp-image-8823\" srcset=\"https:\/\/agora.xtec.cat\/iesridaura\/wp-content\/uploads\/usu1163\/2024\/09\/Logo-Dep-CAST-Ridaura-300x167.jpg 300w, https:\/\/agora.xtec.cat\/iesridaura\/wp-content\/uploads\/usu1163\/2024\/09\/Logo-Dep-CAST-Ridaura-1024x571.jpg 1024w, https:\/\/agora.xtec.cat\/iesridaura\/wp-content\/uploads\/usu1163\/2024\/09\/Logo-Dep-CAST-Ridaura-768x428.jpg 768w, https:\/\/agora.xtec.cat\/iesridaura\/wp-content\/uploads\/usu1163\/2024\/09\/Logo-Dep-CAST-Ridaura.jpg 1225w\" sizes=\"auto, (max-width: 300px) 100vw, 300px\" \/><\/a><\/figure>\n","protected":false},"excerpt":{"rendered":"","protected":false},"author":1,"featured_media":0,"parent":0,"menu_order":0,"comment_status":"closed","ping_status":"closed","template":"","meta":{"_bbp_topic_count":0,"_bbp_reply_count":0,"_bbp_total_topic_count":0,"_bbp_total_reply_count":0,"_bbp_voice_count":0,"_bbp_anonymous_reply_count":0,"_bbp_topic_count_hidden":0,"_bbp_reply_count_hidden":0,"_bbp_forum_subforum_count":0,"site-sidebar-layout":"default","site-content-layout":"","ast-site-content-layout":"default","site-content-style":"default","site-sidebar-style":"default","ast-global-header-display":"","ast-banner-title-visibility":"","ast-main-header-display":"","ast-hfb-above-header-display":"","ast-hfb-below-header-display":"","ast-hfb-mobile-header-display":"","site-post-title":"","ast-breadcrumbs-content":"","ast-featured-img":"","footer-sml-layout":"","theme-transparent-header-meta":"","adv-header-id-meta":"","stick-header-meta":"","header-above-stick-meta":"","header-main-stick-meta":"","header-below-stick-meta":"","astra-migrate-meta-layouts":"set","ast-page-background-enabled":"default","ast-page-background-meta":{"desktop":{"background-color":"var(--ast-global-color-4)","background-image":"","background-repeat":"repeat","background-position":"center center","background-size":"auto","background-attachment":"scroll","background-type":"","background-media":"","overlay-type":"","overlay-color":"","overlay-opacity":"","overlay-gradient":""},"tablet":{"background-color":"","background-image":"","background-repeat":"repeat","background-position":"center center","background-size":"auto","background-attachment":"scroll","background-type":"","background-media":"","overlay-type":"","overlay-color":"","overlay-opacity":"","overlay-gradient":""},"mobile":{"background-color":"","background-image":"","background-repeat":"repeat","background-position":"center center","background-size":"auto","background-attachment":"scroll","background-type":"","background-media":"","overlay-type":"","overlay-color":"","overlay-opacity":"","overlay-gradient":""}},"ast-content-background-meta":{"desktop":{"background-color":"var(--ast-global-color-5)","background-image":"","background-repeat":"repeat","background-position":"center center","background-size":"auto","background-attachment":"scroll","background-type":"","background-media":"","overlay-type":"","overlay-color":"","overlay-opacity":"","overlay-gradient":""},"tablet":{"background-color":"var(--ast-global-color-5)","background-image":"","background-repeat":"repeat","background-position":"center center","background-size":"auto","background-attachment":"scroll","background-type":"","background-media":"","overlay-type":"","overlay-color":"","overlay-opacity":"","overlay-gradient":""},"mobile":{"background-color":"var(--ast-global-color-5)","background-image":"","background-repeat":"repeat","background-position":"center center","background-size":"auto","background-attachment":"scroll","background-type":"","background-media":"","overlay-type":"","overlay-color":"","overlay-opacity":"","overlay-gradient":""}},"footnotes":""},"class_list":["post-8099","page","type-page","status-publish","hentry"],"post_mailing_queue_ids":[],"_links":{"self":[{"href":"https:\/\/agora.xtec.cat\/iesridaura\/wp-json\/wp\/v2\/pages\/8099","targetHints":{"allow":["GET"]}}],"collection":[{"href":"https:\/\/agora.xtec.cat\/iesridaura\/wp-json\/wp\/v2\/pages"}],"about":[{"href":"https:\/\/agora.xtec.cat\/iesridaura\/wp-json\/wp\/v2\/types\/page"}],"author":[{"embeddable":true,"href":"https:\/\/agora.xtec.cat\/iesridaura\/wp-json\/wp\/v2\/users\/1"}],"replies":[{"embeddable":true,"href":"https:\/\/agora.xtec.cat\/iesridaura\/wp-json\/wp\/v2\/comments?post=8099"}],"version-history":[{"count":5,"href":"https:\/\/agora.xtec.cat\/iesridaura\/wp-json\/wp\/v2\/pages\/8099\/revisions"}],"predecessor-version":[{"id":11033,"href":"https:\/\/agora.xtec.cat\/iesridaura\/wp-json\/wp\/v2\/pages\/8099\/revisions\/11033"}],"wp:attachment":[{"href":"https:\/\/agora.xtec.cat\/iesridaura\/wp-json\/wp\/v2\/media?parent=8099"}],"curies":[{"name":"wp","href":"https:\/\/api.w.org\/{rel}","templated":true}]}}