{"id":4976,"date":"2021-07-12T00:43:44","date_gmt":"2021-07-11T22:43:44","guid":{"rendered":"http:\/\/agora.xtec.cat\/iesridaura\/?page_id=4976"},"modified":"2021-07-12T00:49:19","modified_gmt":"2021-07-11T22:49:19","slug":"opt4-informatica","status":"publish","type":"page","link":"https:\/\/agora.xtec.cat\/iesridaura\/opt4-informatica\/","title":{"rendered":"Inform\u00e0tica"},"content":{"rendered":"<p><span style=\"color: #087eb6;\"><strong>Descripci\u00f3 i Objectius<\/strong><\/span><\/p>\n<p>L\u2019eix fonamental d\u2019aquesta mat\u00e8ria \u00e9s un projecte col\u00b7laboratiu que permet que l\u2019alumnat dissenyi i desenvolupi una app per a dispositius m\u00f2bils, integrant els continguts propis de la mat\u00e8ria dins d\u2019aquest projecte. Es pret\u00e9n establir un fil conductor al llarg de tot el curs que t\u00e9 com a objectiu la resoluci\u00f3 d\u2019un problema proper a l\u2019alumnat mitjan\u00e7ant la seva an\u00e0lisi, el desenvolupament de la idea i la proposta d\u2019aplicaci\u00f3 que es basar\u00e0 en l\u2019\u00fas de la tecnologia m\u00f2bil.<\/p>\n<p><span style=\"color: #087eb6;\"><strong>Continguts<\/strong><\/span><\/p>\n<p>\u00b7 Control per ordinador. Programaci\u00f3 per ordinador de m\u00f2bils.<br \/>\n\u00b7 Tecnologia de les comunicacions a dist\u00e0ncia: transmissi\u00f3 amb cable i sense; xarxes; seguretat en el seu \u00fas; valoraci\u00f3 de les propietats; \u00fas responsable de les xarxes.<br \/>\n\u00b7 Organitzaci\u00f3, disseny i producci\u00f3 d\u2019informaci\u00f3 digital: tractament d\u2019imatge; creaci\u00f3 multim\u00e8dia; p\u00e0gines web, presentacions multim\u00e8dia; creaci\u00f3 i publicaci\u00f3 a internet.<\/p>\n<p><span style=\"color: #087eb6;\"><strong>Metodologia<\/strong><\/span><\/p>\n<p>Les activitats es duran a terme de forma individual i grupal. Al llarg del m\u00f2dul s&#8217;anir\u00e0 desenvolupant el projecte a partir de la col\u00b7laboraci\u00f3 de tots els membres del grup, que treballareu simulant una empresa (Start up). D&#8217;aquesta forma, es seguir\u00e0 tot el proc\u00e9s de creaci\u00f3 al qual cada membre del grup aportar\u00e0 les seves habilitats i coneixements.<\/p>\n<p><span style=\"color: #087eb6;\"><strong>Orientaci\u00f3<\/strong><\/span><\/p>\n<p>La mat\u00e8ria \u00e9s adequada per a:<br \/>\n\u00b7 Batxillerat cient\u00edfic, tecnol\u00f2gic, art\u00edstic<br \/>\n\u00b7 Cicles formatius<br \/>\n\u00b7 \u00c0mbit professional i\/o laboral<br \/>\n\u00b7 Qualsevol itinerari acad\u00e8mic i\/o professional.<\/p>\n","protected":false},"excerpt":{"rendered":"<p>Descripci\u00f3 i Objectius L\u2019eix fonamental d\u2019aquesta mat\u00e8ria \u00e9s un projecte col\u00b7laboratiu que permet que l\u2019alumnat dissenyi i desenvolupi una app [&hellip;]<\/p>\n","protected":false},"author":1,"featured_media":0,"parent":0,"menu_order":0,"comment_status":"closed","ping_status":"closed","template":"","meta":{"_bbp_topic_count":0,"_bbp_reply_count":0,"_bbp_total_topic_count":0,"_bbp_total_reply_count":0,"_bbp_voice_count":0,"_bbp_anonymous_reply_count":0,"_bbp_topic_count_hidden":0,"_bbp_reply_count_hidden":0,"_bbp_forum_subforum_count":0,"site-sidebar-layout":"default","site-content-layout":"","ast-site-content-layout":"","site-content-style":"default","site-sidebar-style":"default","ast-global-header-display":"","ast-banner-title-visibility":"","ast-main-header-display":"","ast-hfb-above-header-display":"","ast-hfb-below-header-display":"","ast-hfb-mobile-header-display":"","site-post-title":"","ast-breadcrumbs-content":"","ast-featured-img":"","footer-sml-layout":"","theme-transparent-header-meta":"","adv-header-id-meta":"","stick-header-meta":"","header-above-stick-meta":"","header-main-stick-meta":"","header-below-stick-meta":"","astra-migrate-meta-layouts":"default","ast-page-background-enabled":"default","ast-page-background-meta":{"desktop":{"background-color":"var(--ast-global-color-4)","background-image":"","background-repeat":"repeat","background-position":"center center","background-size":"auto","background-attachment":"scroll","background-type":"","background-media":"","overlay-type":"","overlay-color":"","overlay-opacity":"","overlay-gradient":""},"tablet":{"background-color":"","background-image":"","background-repeat":"repeat","background-position":"center center","background-size":"auto","background-attachment":"scroll","background-type":"","background-media":"","overlay-type":"","overlay-color":"","overlay-opacity":"","overlay-gradient":""},"mobile":{"background-color":"","background-image":"","background-repeat":"repeat","background-position":"center center","background-size":"auto","background-attachment":"scroll","background-type":"","background-media":"","overlay-type":"","overlay-color":"","overlay-opacity":"","overlay-gradient":""}},"ast-content-background-meta":{"desktop":{"background-color":"var(--ast-global-color-5)","background-image":"","background-repeat":"repeat","background-position":"center center","background-size":"auto","background-attachment":"scroll","background-type":"","background-media":"","overlay-type":"","overlay-color":"","overlay-opacity":"","overlay-gradient":""},"tablet":{"background-color":"var(--ast-global-color-5)","background-image":"","background-repeat":"repeat","background-position":"center center","background-size":"auto","background-attachment":"scroll","background-type":"","background-media":"","overlay-type":"","overlay-color":"","overlay-opacity":"","overlay-gradient":""},"mobile":{"background-color":"var(--ast-global-color-5)","background-image":"","background-repeat":"repeat","background-position":"center center","background-size":"auto","background-attachment":"scroll","background-type":"","background-media":"","overlay-type":"","overlay-color":"","overlay-opacity":"","overlay-gradient":""}},"footnotes":""},"class_list":["post-4976","page","type-page","status-publish","hentry"],"post_mailing_queue_ids":[],"_links":{"self":[{"href":"https:\/\/agora.xtec.cat\/iesridaura\/wp-json\/wp\/v2\/pages\/4976","targetHints":{"allow":["GET"]}}],"collection":[{"href":"https:\/\/agora.xtec.cat\/iesridaura\/wp-json\/wp\/v2\/pages"}],"about":[{"href":"https:\/\/agora.xtec.cat\/iesridaura\/wp-json\/wp\/v2\/types\/page"}],"author":[{"embeddable":true,"href":"https:\/\/agora.xtec.cat\/iesridaura\/wp-json\/wp\/v2\/users\/1"}],"replies":[{"embeddable":true,"href":"https:\/\/agora.xtec.cat\/iesridaura\/wp-json\/wp\/v2\/comments?post=4976"}],"version-history":[{"count":3,"href":"https:\/\/agora.xtec.cat\/iesridaura\/wp-json\/wp\/v2\/pages\/4976\/revisions"}],"predecessor-version":[{"id":4984,"href":"https:\/\/agora.xtec.cat\/iesridaura\/wp-json\/wp\/v2\/pages\/4976\/revisions\/4984"}],"wp:attachment":[{"href":"https:\/\/agora.xtec.cat\/iesridaura\/wp-json\/wp\/v2\/media?parent=4976"}],"curies":[{"name":"wp","href":"https:\/\/api.w.org\/{rel}","templated":true}]}}