{"id":46,"date":"2014-09-17T16:53:45","date_gmt":"2014-09-17T16:53:45","guid":{"rendered":"http:\/\/agora.xtec.cat\/iesridaura\/?page_id=46"},"modified":"2025-09-03T20:11:11","modified_gmt":"2025-09-03T18:11:11","slug":"organigrama","status":"publish","type":"page","link":"https:\/\/agora.xtec.cat\/iesridaura\/linstitut\/organigrama\/","title":{"rendered":"L&#8217;equip hum\u00e0 del Ridaura"},"content":{"rendered":"\n<p><strong>Organitzaci\u00f3 general del centre, curs 2025-2026<\/strong><\/p>\n\n\n\n<p><strong>Equip Directiu<\/strong><\/p>\n\n\n\n<figure class=\"wp-block-table is-style-regular\"><table class=\"has-fixed-layout\"><tbody><tr><td><strong>Directora<\/strong><\/td><td>N\u00faria Albert\u00ed<\/td><\/tr><tr><td><strong>Cap d&#8217;Estudis<\/strong><\/td><td>S\u00edlvia Dom\u00ednguez<\/td><\/tr><tr><td><strong>Coordinadora Pedag\u00f2gica<\/strong><\/td><td>Carme Sousa<\/td><\/tr><tr><td><strong>Secretari<\/strong><\/td><td>Jes\u00fas Bondia<\/td><\/tr><\/tbody><\/table><\/figure>\n\n\n\n<p><strong>Equips Docents ESO i BAT<\/strong><\/p>\n\n\n\n<figure class=\"wp-block-table\"><table class=\"has-fixed-layout\"><tbody><tr><td><strong>Coordinadora ESO 1<\/strong><\/td><td>Elisa Ru\u00edz<\/td><\/tr><tr><td><strong>Coordinadora ESO 2<\/strong><\/td><td>Emma Punt\u00ed<\/td><\/tr><tr><td><strong>Coordinadora ESO 3<\/strong><\/td><td>Olga Mart\u00ednez<\/td><\/tr><tr><td><strong>Coordinadora ESO 4<\/strong><\/td><td>Gigliola Defranchi<\/td><\/tr><tr><td><strong>Coordinadora Batxillerat<\/strong><\/td><td>Anna Xargay<\/td><\/tr><\/tbody><\/table><\/figure>\n\n\n\n<p><strong>Coordinacions<\/strong><\/p>\n\n\n\n<figure class=\"wp-block-table\"><table class=\"has-fixed-layout\"><tbody><tr><td><strong>TAC<\/strong><\/td><td>Pol Girbal<\/td><\/tr><tr><td><strong>TIC <em>(web)<\/em><\/strong><\/td><td>Nat\u00e0lia Arciniega<\/td><\/tr><tr><td><strong>TIC <em>(xarxes socials)<\/em><\/strong><\/td><td>Laia Dobao<\/td><\/tr><tr><td><strong>Coordinador Ling\u00fc\u00edstic<\/strong><\/td><td>Carles Tortosa<\/td><\/tr><tr><td><strong>Riscos<\/strong><\/td><td>Gigliola Defranchi<\/td><\/tr><tr><td><strong>Estada Empresa<\/strong><\/td><td>Jes\u00fas Bondia \/ Laura S\u00e1nchez-Blanco<\/td><\/tr><tr><td><strong>Servei Comunitari<\/strong><\/td><td>Adri\u00e0 Puig<\/td><\/tr><tr><td><strong>Esports<\/strong><\/td><td>Joan Pla<\/td><\/tr><tr><td><strong>Coeducaci\u00f3<\/strong><\/td><td>Cl\u00e0udia \u00c1lvarez<\/td><\/tr><\/tbody><\/table><\/figure>\n\n\n\n<p><strong>Caps de Departaments<\/strong><\/p>\n\n\n\n<figure class=\"wp-block-table\"><table class=\"has-fixed-layout\"><tbody><tr><td><strong>Catal\u00e0 i Cl\u00e0ssiques<\/strong><\/td><td>Merc\u00e8 Roca<\/td><\/tr><tr><td><strong>Castellano<\/strong><\/td><td>Mar\u00eda Garc\u00eda<\/td><\/tr><tr><td><strong>English<\/strong><br> &#8211; <em>Coordinaci\u00f3 Cambridge<\/em> : Yolanda Cabanas<\/td><td>Marta Sitj\u00e0<\/td><\/tr><tr><td><strong>Fran\u00e7ais<\/strong><br> &#8211; <em>Coordinaci\u00f3 DELF-DALF<\/em> : Carles Ram\u00edrez<br> &#8211; <em>Coordinaci\u00f3 BatxiBac<\/em> : Esther Blanco<\/td><td>Carles Ram\u00edrez<\/td><\/tr><tr><td><strong>Matem\u00e0tiques<\/strong><\/td><td>Ricard Caballero<\/td><\/tr><tr><td><strong>Experimentals<\/strong><\/td><td>Anna Bigas<\/td><\/tr><tr><td><strong>Tecnologia<\/strong><\/td><td>Irene Moncanut<\/td><\/tr><tr><td><strong>Socials<\/strong><\/td><td>\u00d2skar Vallano<\/td><\/tr><tr><td><strong>Expressi\u00f3<\/strong><\/td><td>Joan Pla<\/td><\/tr><tr><td><strong>Orientaci\u00f3 Educativa<\/strong><\/td><td>Laura S\u00e1nchez-Blanco<\/td><\/tr><\/tbody><\/table><\/figure>\n\n\n\n<p><strong>Tutories ESO 1<\/strong><\/p>\n\n\n\n<figure class=\"wp-block-table\"><table class=\"has-fixed-layout\"><tbody><tr><td><strong>ESO 1 A<\/strong><\/td><td>Nil Mercader<\/td><\/tr><tr><td><strong>ESO 1 B<\/strong><\/td><td>Monti Gald\u00f3n<\/td><\/tr><tr><td><strong>ESO 1 C<\/strong><\/td><td>Cristina de la Fuente<\/td><\/tr><tr><td><strong>ESO 1 D<\/strong><\/td><td>Mariona Bohigas<\/td><\/tr><tr><td><strong>ESO 1 E<\/strong><\/td><td>Carles Grau<\/td><\/tr><\/tbody><\/table><\/figure>\n\n\n\n<p><strong>Tutories ESO 2<\/strong><\/p>\n\n\n\n<figure class=\"wp-block-table\"><table class=\"has-fixed-layout\"><tbody><tr><td><strong>ESO 2 A<\/strong><\/td><td>Alba Gonz\u00e1lez<\/td><\/tr><tr><td><strong>ESO 2 B<\/strong><\/td><td>Laia Dobao<\/td><\/tr><tr><td><strong>ESO 2 C<\/strong><\/td><td>Marcel Matarrodona<\/td><\/tr><tr><td><strong>ESO 2 D<\/strong><\/td><td>\u00d2skar Vallano<\/td><\/tr><tr><td><strong>ESO 2 E<\/strong><\/td><td>Carles Fontan<\/td><\/tr><\/tbody><\/table><\/figure>\n\n\n\n<p><strong>Tutories ESO 3<\/strong><\/p>\n\n\n\n<figure class=\"wp-block-table\"><table class=\"has-fixed-layout\"><tbody><tr><td><strong>ESO 3 A<\/strong><\/td><td>Ma \u00c0ngels Llompart<\/td><\/tr><tr><td><strong>ESO 3 B<\/strong><\/td><td>Adri\u00e0 Puig<\/td><\/tr><tr><td><strong>ESO 3 C<\/strong><\/td><td>Laura Garc\u00eda<\/td><\/tr><tr><td><strong>ESO 3 D<\/strong><\/td><td>Yolanda Cabanas<\/td><\/tr><tr><td><strong>ESO 3 E<\/strong><\/td><td>Isabel Coll<\/td><\/tr><\/tbody><\/table><\/figure>\n\n\n\n<p><strong>Tutories ESO 4<\/strong><\/p>\n\n\n\n<figure class=\"wp-block-table\"><table class=\"has-fixed-layout\"><tbody><tr><td><strong>ESO 4 A<\/strong><\/td><td>Raquel S\u00e1nchez<\/td><\/tr><tr><td><strong>ESO 4 B<\/strong><\/td><td>Xavi Sivil<\/td><\/tr><tr><td><strong>ESO 4 C<\/strong><\/td><td>Albert L\u00f3pez<\/td><\/tr><tr><td><strong>ESO 4 D<\/strong><\/td><td>Ma \u00c0ngels Jariod<\/td><\/tr><tr><td><strong>ESO 4 E<\/strong><\/td><td>Mag\u00fcy Gonz\u00e1lez<\/td><\/tr><\/tbody><\/table><\/figure>\n\n\n\n<p><strong>Tutories Batxillerat i BatxiBac<\/strong><\/p>\n\n\n\n<figure class=\"wp-block-table\"><table class=\"has-fixed-layout\"><tbody><tr><td><strong>BATXILLERAT 1 A<\/strong><\/td><td>Merc\u00e8 Roca<\/td><\/tr><tr><td><strong>BATXILLERAT 1 B<\/strong><\/td><td>Gemma Brull<\/td><\/tr><tr><td><strong>BATXIBAC 1<\/strong><\/td><td>Carles Ram\u00edrez<\/td><\/tr><tr><td><strong>BATXILLERAT 2 A<\/strong><\/td><td>Mar\u00eda Garc\u00eda<\/td><\/tr><tr><td><strong>BATXILLERAT 2 B<\/strong><\/td><td>Esther Blanco<\/td><\/tr><tr><td><strong>BATXIBAC 2<\/strong><\/td><td>Esther Blanco<\/td><\/tr><\/tbody><\/table><\/figure>\n\n\n\n<p><strong>Tutories Diversitat<\/strong><\/p>\n\n\n\n<figure class=\"wp-block-table\"><table class=\"has-fixed-layout\"><tbody><tr><td><strong>Aula Oberta<\/strong><\/td><td>Edu Amat<\/td><\/tr><tr><td><strong>Suport Intensiu d&#8217;Escolaritzaci\u00f3 Inclusiva (SIEI)<\/strong><\/td><td>Toni Marco<\/td><\/tr><tr><td><strong>Aula Integral de Suport (AIS)<\/strong><\/td><td>Jordi Ru\u00edz<\/td><\/tr><tr><td><strong>Projecte Ridaura<\/strong><\/td><td>Sara Ferrer<\/td><\/tr><tr><td><strong>Aula d&#8217;Acollida<\/strong><\/td><td>Paula Tubert<\/td><\/tr><\/tbody><\/table><\/figure>\n\n\n\n<p><\/p>\n\n\n\n<p><strong>Personal d&#8217;Administraci\u00f3 i Serveis<\/strong><\/p>\n\n\n\n<figure class=\"wp-block-table\"><table class=\"has-fixed-layout\"><tbody><tr><td><strong>Administrativa<\/strong><\/td><td>Nuri Marqu\u00e8s<\/td><\/tr><tr><td><strong>Administrativa<\/strong><\/td><td>S\u00edlvia Llovera<\/td><\/tr><tr><td><strong>Conserge<\/strong><\/td><td>Montse Reverter<\/td><\/tr><tr><td><strong>Conserge<\/strong><\/td><td>Quim Salv\u00e0<\/td><\/tr><\/tbody><\/table><\/figure>\n","protected":false},"excerpt":{"rendered":"<p>Organitzaci\u00f3 general del centre, curs 2025-2026 Equip Directiu Directora N\u00faria Albert\u00ed Cap d&#8217;Estudis S\u00edlvia Dom\u00ednguez Coordinadora Pedag\u00f2gica Carme Sousa Secretari [&hellip;]<\/p>\n","protected":false},"author":1,"featured_media":0,"parent":19,"menu_order":3,"comment_status":"closed","ping_status":"closed","template":"","meta":{"_bbp_topic_count":0,"_bbp_reply_count":0,"_bbp_total_topic_count":0,"_bbp_total_reply_count":0,"_bbp_voice_count":0,"_bbp_anonymous_reply_count":0,"_bbp_topic_count_hidden":0,"_bbp_reply_count_hidden":0,"_bbp_forum_subforum_count":0,"site-sidebar-layout":"default","site-content-layout":"","ast-site-content-layout":"default","site-content-style":"default","site-sidebar-style":"default","ast-global-header-display":"","ast-banner-title-visibility":"","ast-main-header-display":"","ast-hfb-above-header-display":"","ast-hfb-below-header-display":"","ast-hfb-mobile-header-display":"","site-post-title":"","ast-breadcrumbs-content":"","ast-featured-img":"","footer-sml-layout":"","theme-transparent-header-meta":"","adv-header-id-meta":"","stick-header-meta":"","header-above-stick-meta":"","header-main-stick-meta":"","header-below-stick-meta":"","astra-migrate-meta-layouts":"set","ast-page-background-enabled":"default","ast-page-background-meta":{"desktop":{"background-color":"var(--ast-global-color-4)","background-image":"","background-repeat":"repeat","background-position":"center center","background-size":"auto","background-attachment":"scroll","background-type":"","background-media":"","overlay-type":"","overlay-color":"","overlay-opacity":"","overlay-gradient":""},"tablet":{"background-color":"","background-image":"","background-repeat":"repeat","background-position":"center center","background-size":"auto","background-attachment":"scroll","background-type":"","background-media":"","overlay-type":"","overlay-color":"","overlay-opacity":"","overlay-gradient":""},"mobile":{"background-color":"","background-image":"","background-repeat":"repeat","background-position":"center center","background-size":"auto","background-attachment":"scroll","background-type":"","background-media":"","overlay-type":"","overlay-color":"","overlay-opacity":"","overlay-gradient":""}},"ast-content-background-meta":{"desktop":{"background-color":"var(--ast-global-color-5)","background-image":"","background-repeat":"repeat","background-position":"center center","background-size":"auto","background-attachment":"scroll","background-type":"","background-media":"","overlay-type":"","overlay-color":"","overlay-opacity":"","overlay-gradient":""},"tablet":{"background-color":"var(--ast-global-color-5)","background-image":"","background-repeat":"repeat","background-position":"center center","background-size":"auto","background-attachment":"scroll","background-type":"","background-media":"","overlay-type":"","overlay-color":"","overlay-opacity":"","overlay-gradient":""},"mobile":{"background-color":"var(--ast-global-color-5)","background-image":"","background-repeat":"repeat","background-position":"center center","background-size":"auto","background-attachment":"scroll","background-type":"","background-media":"","overlay-type":"","overlay-color":"","overlay-opacity":"","overlay-gradient":""}},"footnotes":""},"class_list":["post-46","page","type-page","status-publish","hentry"],"post_mailing_queue_ids":[],"_links":{"self":[{"href":"https:\/\/agora.xtec.cat\/iesridaura\/wp-json\/wp\/v2\/pages\/46","targetHints":{"allow":["GET"]}}],"collection":[{"href":"https:\/\/agora.xtec.cat\/iesridaura\/wp-json\/wp\/v2\/pages"}],"about":[{"href":"https:\/\/agora.xtec.cat\/iesridaura\/wp-json\/wp\/v2\/types\/page"}],"author":[{"embeddable":true,"href":"https:\/\/agora.xtec.cat\/iesridaura\/wp-json\/wp\/v2\/users\/1"}],"replies":[{"embeddable":true,"href":"https:\/\/agora.xtec.cat\/iesridaura\/wp-json\/wp\/v2\/comments?post=46"}],"version-history":[{"count":6,"href":"https:\/\/agora.xtec.cat\/iesridaura\/wp-json\/wp\/v2\/pages\/46\/revisions"}],"predecessor-version":[{"id":10818,"href":"https:\/\/agora.xtec.cat\/iesridaura\/wp-json\/wp\/v2\/pages\/46\/revisions\/10818"}],"up":[{"embeddable":true,"href":"https:\/\/agora.xtec.cat\/iesridaura\/wp-json\/wp\/v2\/pages\/19"}],"wp:attachment":[{"href":"https:\/\/agora.xtec.cat\/iesridaura\/wp-json\/wp\/v2\/media?parent=46"}],"curies":[{"name":"wp","href":"https:\/\/api.w.org\/{rel}","templated":true}]}}