{"id":3112,"date":"2019-12-26T19:19:23","date_gmt":"2019-12-26T18:19:23","guid":{"rendered":"http:\/\/agora.xtec.cat\/iesridaura\/?page_id=3112"},"modified":"2026-04-16T17:16:37","modified_gmt":"2026-04-16T15:16:37","slug":"optatives-eso4","status":"publish","type":"page","link":"https:\/\/agora.xtec.cat\/iesridaura\/optatives-eso4\/","title":{"rendered":"Mat\u00e8ries optatives &#8211; 4t d&#8217;ESO"},"content":{"rendered":"\n<p>El curs de 4t d\u2019ESO s\u2019organitza de manera diferent als cursos precedents de la secund\u00e0ria. Els canvis m\u00e9s significatius s\u00f3n que les mat\u00e8ries que els alumnes han de cursar al llarg del curs es divideixen en mat\u00e8ries obligat\u00f2ries i mat\u00e8ries optatives. Les obligat\u00f2ries s\u00f3n Llengua Catalana i Literatura, Lengua Castellana y Literatura, English <em>(1a Llengua estrangera)<\/em>,&nbsp;Cultura i Valors,  Educaci\u00f3 f\u00edsica , Geografia i Hist\u00f2ria <em>(a escollir en diferents idiomes, Programa GEP)<\/em> i Matem\u00e0tiques <em>(a escollir entre dues modalitats)<\/em>.<\/p>\n\n\n\n<p>A l\u2019Institut Ridaura, les mat\u00e8ries optatives de 4t d\u2019ESO s\u2019organitzen en tres franges hor\u00e0ries generals, a m\u00e9s de dues franges espec\u00edfiques destinades a Hist\u00f2ria i Matem\u00e0tiques. L&#8217;oferta d&#8217;assignatures per al <strong>curs 2026-2027<\/strong>&nbsp;\u00e9s:<\/p>\n\n\n\n<figure class=\"wp-block-image size-large\"><a href=\"https:\/\/agora.xtec.cat\/iesridaura\/wp-content\/uploads\/usu1163\/2026\/04\/Distribucio-Optatives-4t-26-27.jpg\"><img loading=\"lazy\" decoding=\"async\" width=\"1024\" height=\"359\" src=\"https:\/\/agora.xtec.cat\/iesridaura\/wp-content\/uploads\/usu1163\/2026\/04\/Distribucio-Optatives-4t-26-27-1024x359.jpg\" alt=\"\" class=\"wp-image-11823\" srcset=\"https:\/\/agora.xtec.cat\/iesridaura\/wp-content\/uploads\/usu1163\/2026\/04\/Distribucio-Optatives-4t-26-27-1024x359.jpg 1024w, https:\/\/agora.xtec.cat\/iesridaura\/wp-content\/uploads\/usu1163\/2026\/04\/Distribucio-Optatives-4t-26-27-300x105.jpg 300w, https:\/\/agora.xtec.cat\/iesridaura\/wp-content\/uploads\/usu1163\/2026\/04\/Distribucio-Optatives-4t-26-27-768x269.jpg 768w, https:\/\/agora.xtec.cat\/iesridaura\/wp-content\/uploads\/usu1163\/2026\/04\/Distribucio-Optatives-4t-26-27-1536x539.jpg 1536w, https:\/\/agora.xtec.cat\/iesridaura\/wp-content\/uploads\/usu1163\/2026\/04\/Distribucio-Optatives-4t-26-27-2048x718.jpg 2048w\" sizes=\"auto, (max-width: 1024px) 100vw, 1024px\" \/><\/a><\/figure>\n\n\n\n<p><br><span style=\"color: #087eb6;\"><strong>Objectius i Continguts<\/strong><\/span><\/p>\n\n\n\n<p>A l\u2019hora d\u2019escollir les optatives \u00e9s molt important que l\u2019estudiant valori els objectius i els continguts de les diferents mat\u00e8ries, aix\u00ed com la idone\u00eftat de les assignatures en funci\u00f3 dels itineraris acad\u00e8mic i professional que millor s\u2019adaptin al seu curr\u00edculum (cient\u00edfic, tecnol\u00f2gic, social, human\u00edstic, art\u00edstic, professional o ling\u00fc\u00edstic &#8220;BatxiBac&#8221;). <\/p>\n\n\n\n<p>\u00c9s molt recomanable que tots els alumnes consensu\u00efn i planifiquin amb les seves fam\u00edlies la tria d\u2019aquestes assignatures.<\/p>\n\n\n\n<p>Descobriu tota la informaci\u00f3 acad\u00e8mica necess\u00e0ria de cada una de les mat\u00e8ries :<\/p>\n\n\n\n<figure style=\"font-size:15px\" class=\"wp-block-table\"><table class=\"has-fixed-layout\"><tbody><tr><td class=\"has-text-align-center\" data-align=\"center\"><strong>Cient\u00edfiques<\/strong><\/td><td class=\"has-text-align-center\" data-align=\"center\"><strong>Tecnol\u00f2giques<\/strong><\/td><td class=\"has-text-align-center\" data-align=\"center\"><strong>Humanitats i Lleng\u00fces<\/strong><\/td><td class=\"has-text-align-center\" data-align=\"center\"><strong>Socials<\/strong><\/td><td class=\"has-text-align-center\" data-align=\"center\"><strong>Art\u00edstiques<\/strong><\/td><\/tr><tr><td class=\"has-text-align-center\" data-align=\"center\"><a href=\"https:\/\/agora.xtec.cat\/iesridaura\/opt4-fisica-i-quimica\/\">F\u00edsica i Qu\u00edmica<\/a><\/td><td class=\"has-text-align-center\" data-align=\"center\"><a href=\"https:\/\/agora.xtec.cat\/iesridaura\/opt4-tecnologia\/\">Tecnologia<\/a><\/td><td class=\"has-text-align-center\" data-align=\"center\"><a href=\"https:\/\/agora.xtec.cat\/iesridaura\/opt4-llati\/\">Llat\u00ed : Llengua i Cultura<\/a><\/td><td class=\"has-text-align-center\" data-align=\"center\"><a href=\"https:\/\/agora.xtec.cat\/iesridaura\/opt4-economia\/\">Economia<\/a><\/td><td class=\"has-text-align-center\" data-align=\"center\"><a href=\"https:\/\/agora.xtec.cat\/iesridaura\/opt4-arts-esceniques-i-dansa\/\">Arts Esc\u00e8niques i Dansa<\/a><\/td><\/tr><tr><td class=\"has-text-align-center\" data-align=\"center\"><a href=\"https:\/\/agora.xtec.cat\/iesridaura\/opt4-biologia-i-geologia\/\">Biologia i Geologia<\/a><\/td><td class=\"has-text-align-center\" data-align=\"center\"><a href=\"https:\/\/agora.xtec.cat\/iesridaura\/opt4-robotica\/\">Programaci\u00f3 i Rob\u00f2tica<\/a><\/td><td class=\"has-text-align-center\" data-align=\"center\"><a href=\"https:\/\/agora.xtec.cat\/iesridaura\/opt4-cultura-classica\/\">Cultura Cl\u00e0ssica<\/a><\/td><td class=\"has-text-align-center\" data-align=\"center\"><a href=\"https:\/\/agora.xtec.cat\/iesridaura\/opt4-emprenedoria\/\">Emprenedoria<\/a><\/td><td class=\"has-text-align-center\" data-align=\"center\"><a href=\"https:\/\/agora.xtec.cat\/iesridaura\/expressio-artistica\/\">Expressi\u00f3 Art\u00edstica<\/a><\/td><\/tr><tr><td class=\"has-text-align-center\" data-align=\"center\"><a href=\"https:\/\/agora.xtec.cat\/iesridaura\/cultura-cientifica\/\">Reptes Cient\u00edfics<\/a><\/td><td class=\"has-text-align-center\" data-align=\"center\"><a href=\"https:\/\/agora.xtec.cat\/iesridaura\/digitalitzacio\/\">Digitalitzaci\u00f3<\/a><\/td><td class=\"has-text-align-center\" data-align=\"center\"><a href=\"https:\/\/agora.xtec.cat\/iesridaura\/opt4-francais-b1\/\">Langue Fran\u00e7aise B1<\/a><\/td><td class=\"has-text-align-center\" data-align=\"center\"><a href=\"https:\/\/agora.xtec.cat\/iesridaura\/formacio-i-orientacio-personal-i-professional\/\">Formaci\u00f3 i Orientaci\u00f3 Personal i Professional (FOL)<\/a><\/td><td class=\"has-text-align-center\" data-align=\"center\"><\/td><\/tr><tr><td class=\"has-text-align-center\" data-align=\"center\"><\/td><td class=\"has-text-align-center\" data-align=\"center\"><\/td><td class=\"has-text-align-center\" data-align=\"center\"><a href=\"https:\/\/agora.xtec.cat\/iesridaura\/opt4-filosofia\/\">Filosofia i Ciutadania<\/a><\/td><td class=\"has-text-align-center\" data-align=\"center\"><\/td><td class=\"has-text-align-center\" data-align=\"center\"><\/td><\/tr><\/tbody><\/table><\/figure>\n\n\n\n<p><\/p>\n\n\n\n<figure class=\"wp-block-image\"><a href=\"https:\/\/agora.xtec.cat\/iesridaura\/wp-content\/uploads\/usu1163\/2019\/12\/Logo-COORD-ESO4-Ridaura.png\"><img loading=\"lazy\" decoding=\"async\" width=\"300\" height=\"144\" src=\"https:\/\/agora.xtec.cat\/iesridaura\/wp-content\/uploads\/usu1163\/2019\/12\/Logo-COORD-ESO4-Ridaura-300x144.png\" alt=\"\" class=\"wp-image-3126\" srcset=\"https:\/\/agora.xtec.cat\/iesridaura\/wp-content\/uploads\/usu1163\/2019\/12\/Logo-COORD-ESO4-Ridaura-300x144.png 300w, https:\/\/agora.xtec.cat\/iesridaura\/wp-content\/uploads\/usu1163\/2019\/12\/Logo-COORD-ESO4-Ridaura-768x370.png 768w, https:\/\/agora.xtec.cat\/iesridaura\/wp-content\/uploads\/usu1163\/2019\/12\/Logo-COORD-ESO4-Ridaura-1024x493.png 1024w, https:\/\/agora.xtec.cat\/iesridaura\/wp-content\/uploads\/usu1163\/2019\/12\/Logo-COORD-ESO4-Ridaura.png 1396w\" sizes=\"auto, (max-width: 300px) 100vw, 300px\" \/><\/a><\/figure>\n\n\n\n<p><span style=\"color: #087eb6;\"><strong>Professorat Mat\u00e8ries optatives 4t d&#8217;ESO, curs 2025-2026<\/strong><\/span><\/p>\n\n\n\n<figure class=\"wp-block-table\"><table><tbody><tr><td><span style=\"color: #087eb6;\">F\u00edsica i Qu\u00edmica<\/span><\/td><td>Nuri Brugat i \u00c0ngels Bosacoma<\/td><\/tr><tr><td><span style=\"color: #087eb6;\">Biologia i Geologia<\/span><\/td><td>Anna Bigas<\/td><\/tr><tr><td><span style=\"color: #087eb6;\">Tecnologia<\/span><\/td><td>Gigliola Defranchi<\/td><\/tr><tr><td><span style=\"color: #087eb6;\">Llat\u00ed: Llengua i Cultura<\/span><\/td><td>&#8211;<\/td><\/tr><tr><td><span style=\"color: #087eb6;\">Langue Fran\u00e7aise B1<\/span><\/td><td>Carles Ram\u00edrez<\/td><\/tr><tr><td><span style=\"color: #087eb6;\">Cultura Cl\u00e0ssica<\/span><\/td><td>Mag\u00fcy Gonz\u00e1lez<\/td><\/tr><tr><td><span style=\"color: #087eb6;\">Arts Esc\u00e8niques i Dansa<\/span><\/td><td>Raquel S\u00e1nchez i Carles Tortosa<\/td><\/tr><tr><td><span style=\"color: #087eb6;\">Expressi\u00f3 Art\u00edstica<\/span><\/td><td>Antoni L\u00f3pez<\/td><\/tr><tr><td><span style=\"color: #087eb6;\">Emprenedoria<\/span><\/td><td>N\u00faria Martorano<\/td><\/tr><tr><td><span style=\"color: #087eb6;\">Economia<\/span><\/td><td>N\u00faria Martorano i Gemma Ort\u00edz<\/td><\/tr><tr><td><span style=\"color: #087eb6;\">Digitalitzaci\u00f3<\/span><\/td><td>Carles Casademunt<\/td><\/tr><tr><td><span style=\"color: #087eb6;\">Filosofia i Ciutadania<\/span><\/td><td>Imma M\u00e9ndez<\/td><\/tr><tr><td><span style=\"color: #087eb6;\">Orientaci\u00f3 Professional (FOL)<\/span><\/td><td>Sara Ferrer<\/td><\/tr><tr><td><span style=\"color: #087eb6;\">Reptes Cient\u00edfics<\/span><\/td><td>Nuri Brugat<\/td><\/tr><tr><td><span style=\"color: #087eb6;\">Programaci\u00f3 i Rob\u00f2tica<\/span><\/td><td>Pol Girbal<\/td><\/tr><tr><td><span style=\"color: #087eb6;\">GEP Geography &amp; History (English)<\/span><\/td><td>Nil Mercader<\/td><\/tr><tr><td><span style=\"color: #087eb6;\">GEP Histoire G\u00e9ographie (Fran\u00e7ais)<\/span><\/td><td>Carles Ram\u00edrez<\/td><\/tr><\/tbody><\/table><\/figure>\n","protected":false},"excerpt":{"rendered":"<p>El curs de 4t d\u2019ESO s\u2019organitza de manera diferent als cursos precedents de la secund\u00e0ria. Els canvis m\u00e9s significatius s\u00f3n [&hellip;]<\/p>\n","protected":false},"author":1,"featured_media":0,"parent":0,"menu_order":0,"comment_status":"closed","ping_status":"closed","template":"","meta":{"_bbp_topic_count":0,"_bbp_reply_count":0,"_bbp_total_topic_count":0,"_bbp_total_reply_count":0,"_bbp_voice_count":0,"_bbp_anonymous_reply_count":0,"_bbp_topic_count_hidden":0,"_bbp_reply_count_hidden":0,"_bbp_forum_subforum_count":0,"site-sidebar-layout":"default","site-content-layout":"","ast-site-content-layout":"default","site-content-style":"default","site-sidebar-style":"default","ast-global-header-display":"","ast-banner-title-visibility":"","ast-main-header-display":"","ast-hfb-above-header-display":"","ast-hfb-below-header-display":"","ast-hfb-mobile-header-display":"","site-post-title":"","ast-breadcrumbs-content":"","ast-featured-img":"","footer-sml-layout":"","theme-transparent-header-meta":"","adv-header-id-meta":"","stick-header-meta":"","header-above-stick-meta":"","header-main-stick-meta":"","header-below-stick-meta":"","astra-migrate-meta-layouts":"set","ast-page-background-enabled":"default","ast-page-background-meta":{"desktop":{"background-color":"var(--ast-global-color-4)","background-image":"","background-repeat":"repeat","background-position":"center center","background-size":"auto","background-attachment":"scroll","background-type":"","background-media":"","overlay-type":"","overlay-color":"","overlay-opacity":"","overlay-gradient":""},"tablet":{"background-color":"","background-image":"","background-repeat":"repeat","background-position":"center center","background-size":"auto","background-attachment":"scroll","background-type":"","background-media":"","overlay-type":"","overlay-color":"","overlay-opacity":"","overlay-gradient":""},"mobile":{"background-color":"","background-image":"","background-repeat":"repeat","background-position":"center center","background-size":"auto","background-attachment":"scroll","background-type":"","background-media":"","overlay-type":"","overlay-color":"","overlay-opacity":"","overlay-gradient":""}},"ast-content-background-meta":{"desktop":{"background-color":"var(--ast-global-color-5)","background-image":"","background-repeat":"repeat","background-position":"center center","background-size":"auto","background-attachment":"scroll","background-type":"","background-media":"","overlay-type":"","overlay-color":"","overlay-opacity":"","overlay-gradient":""},"tablet":{"background-color":"var(--ast-global-color-5)","background-image":"","background-repeat":"repeat","background-position":"center center","background-size":"auto","background-attachment":"scroll","background-type":"","background-media":"","overlay-type":"","overlay-color":"","overlay-opacity":"","overlay-gradient":""},"mobile":{"background-color":"var(--ast-global-color-5)","background-image":"","background-repeat":"repeat","background-position":"center center","background-size":"auto","background-attachment":"scroll","background-type":"","background-media":"","overlay-type":"","overlay-color":"","overlay-opacity":"","overlay-gradient":""}},"footnotes":""},"class_list":["post-3112","page","type-page","status-publish","hentry"],"post_mailing_queue_ids":[],"_links":{"self":[{"href":"https:\/\/agora.xtec.cat\/iesridaura\/wp-json\/wp\/v2\/pages\/3112","targetHints":{"allow":["GET"]}}],"collection":[{"href":"https:\/\/agora.xtec.cat\/iesridaura\/wp-json\/wp\/v2\/pages"}],"about":[{"href":"https:\/\/agora.xtec.cat\/iesridaura\/wp-json\/wp\/v2\/types\/page"}],"author":[{"embeddable":true,"href":"https:\/\/agora.xtec.cat\/iesridaura\/wp-json\/wp\/v2\/users\/1"}],"replies":[{"embeddable":true,"href":"https:\/\/agora.xtec.cat\/iesridaura\/wp-json\/wp\/v2\/comments?post=3112"}],"version-history":[{"count":6,"href":"https:\/\/agora.xtec.cat\/iesridaura\/wp-json\/wp\/v2\/pages\/3112\/revisions"}],"predecessor-version":[{"id":11824,"href":"https:\/\/agora.xtec.cat\/iesridaura\/wp-json\/wp\/v2\/pages\/3112\/revisions\/11824"}],"wp:attachment":[{"href":"https:\/\/agora.xtec.cat\/iesridaura\/wp-json\/wp\/v2\/media?parent=3112"}],"curies":[{"name":"wp","href":"https:\/\/api.w.org\/{rel}","templated":true}]}}