{"id":11009,"date":"2025-10-15T13:23:27","date_gmt":"2025-10-15T11:23:27","guid":{"rendered":"https:\/\/agora.xtec.cat\/iesridaura\/?page_id=11009"},"modified":"2025-10-15T13:23:28","modified_gmt":"2025-10-15T11:23:28","slug":"matematiques-2","status":"publish","type":"page","link":"https:\/\/agora.xtec.cat\/iesridaura\/matematiques-2\/","title":{"rendered":"Matem\u00e0tiques"},"content":{"rendered":"\n<p class=\"has-ast-global-color-1-color has-text-color has-link-color wp-elements-67b254863757a54e841ca07990e60a00\"><strong>Descripci\u00f3 i Objectius<\/strong><\/p>\n\n\n\n<p>Aquesta mat\u00e8ria, englobada en el context del programa Florence de millora de les matem\u00e0tiques a les aules, est\u00e0 pensada per ser un refor\u00e7 del que es treballa a l\u2019assignatura instrumental de matem\u00e0tiques, per\u00f2 treballat des d\u2019un punt de vista m\u00e9s experimental, l\u00fadic, manipulatiu, etc.<\/p>\n\n\n\n<p class=\"has-ast-global-color-1-color has-text-color has-link-color wp-elements-05b45e946382597997c60e40127285de\"><strong>Continguts<\/strong><\/p>\n\n\n\n<ul class=\"wp-block-list\">\n<li>Nombres enters i racionals<\/li>\n\n\n\n<li>Pot\u00e8ncies i arrels.<\/li>\n\n\n\n<li>Equacions i sistemes d\u2019equacions.<\/li>\n\n\n\n<li>Proporcionalitat num\u00e8rica i geom\u00e8trica.<\/li>\n\n\n\n<li>Figures planes i cossos geom\u00e8trics<\/li>\n\n\n\n<li>Funcions<\/li>\n\n\n\n<li>Estad\u00edstica i probabilitat.<\/li>\n<\/ul>\n\n\n\n<p class=\"has-ast-global-color-1-color has-text-color has-link-color wp-elements-64d314aaa7f69e5343526028bdcd4043\"><strong>Metodologia<\/strong><\/p>\n\n\n\n<p>Les activitats es duran a terme de forma individual i en petits grups. Es procurar\u00e0 treballar de forma m\u00e9s aviat l\u00fadica i manipulativa. Si hi ha algun alumne interessat en presentar-se a algun concurs matem\u00e0tic (estil Prova Cangur) se\u2019l preparar\u00e0 a tal efecte.<\/p>\n\n\n\n<p class=\"has-ast-global-color-1-color has-text-color has-link-color wp-elements-614a00c3b84d53d325d8ae1eda506ae2\"><strong>Material<\/strong><\/p>\n\n\n\n<ul class=\"wp-block-list\">\n<li>Ordinador<\/li>\n\n\n\n<li>Llibreta<\/li>\n<\/ul>\n\n\n\n<p class=\"has-ast-global-color-1-color has-text-color has-link-color wp-elements-bb07443b3ce67cea58395f153c5338ca\"><strong>Orientaci\u00f3<\/strong><\/p>\n\n\n\n<p>Aquesta mat\u00e8ria \u00e9s adequada per a aquell alumnat interessat en aprofundir en el coneixement de les matem\u00e0tiques.<\/p>\n\n\n\n<p><\/p>\n","protected":false},"excerpt":{"rendered":"<p>Descripci\u00f3 i Objectius Aquesta mat\u00e8ria, englobada en el context del programa Florence de millora de les matem\u00e0tiques a les aules, [&hellip;]<\/p>\n","protected":false},"author":103,"featured_media":0,"parent":0,"menu_order":0,"comment_status":"closed","ping_status":"close","template":"","meta":{"_bbp_topic_count":0,"_bbp_reply_count":0,"_bbp_total_topic_count":0,"_bbp_total_reply_count":0,"_bbp_voice_count":0,"_bbp_anonymous_reply_count":0,"_bbp_topic_count_hidden":0,"_bbp_reply_count_hidden":0,"_bbp_forum_subforum_count":0,"site-sidebar-layout":"default","site-content-layout":"","ast-site-content-layout":"default","site-content-style":"default","site-sidebar-style":"default","ast-global-header-display":"","ast-banner-title-visibility":"","ast-main-header-display":"","ast-hfb-above-header-display":"","ast-hfb-below-header-display":"","ast-hfb-mobile-header-display":"","site-post-title":"","ast-breadcrumbs-content":"","ast-featured-img":"","footer-sml-layout":"","theme-transparent-header-meta":"","adv-header-id-meta":"","stick-header-meta":"","header-above-stick-meta":"","header-main-stick-meta":"","header-below-stick-meta":"","astra-migrate-meta-layouts":"set","ast-page-background-enabled":"default","ast-page-background-meta":{"desktop":{"background-color":"var(--ast-global-color-4)","background-image":"","background-repeat":"repeat","background-position":"center center","background-size":"auto","background-attachment":"scroll","background-type":"","background-media":"","overlay-type":"","overlay-color":"","overlay-opacity":"","overlay-gradient":""},"tablet":{"background-color":"","background-image":"","background-repeat":"repeat","background-position":"center center","background-size":"auto","background-attachment":"scroll","background-type":"","background-media":"","overlay-type":"","overlay-color":"","overlay-opacity":"","overlay-gradient":""},"mobile":{"background-color":"","background-image":"","background-repeat":"repeat","background-position":"center center","background-size":"auto","background-attachment":"scroll","background-type":"","background-media":"","overlay-type":"","overlay-color":"","overlay-opacity":"","overlay-gradient":""}},"ast-content-background-meta":{"desktop":{"background-color":"var(--ast-global-color-5)","background-image":"","background-repeat":"repeat","background-position":"center center","background-size":"auto","background-attachment":"scroll","background-type":"","background-media":"","overlay-type":"","overlay-color":"","overlay-opacity":"","overlay-gradient":""},"tablet":{"background-color":"var(--ast-global-color-5)","background-image":"","background-repeat":"repeat","background-position":"center center","background-size":"auto","background-attachment":"scroll","background-type":"","background-media":"","overlay-type":"","overlay-color":"","overlay-opacity":"","overlay-gradient":""},"mobile":{"background-color":"var(--ast-global-color-5)","background-image":"","background-repeat":"repeat","background-position":"center center","background-size":"auto","background-attachment":"scroll","background-type":"","background-media":"","overlay-type":"","overlay-color":"","overlay-opacity":"","overlay-gradient":""}},"footnotes":""},"class_list":["post-11009","page","type-page","status-publish","hentry"],"post_mailing_queue_ids":[],"_links":{"self":[{"href":"https:\/\/agora.xtec.cat\/iesridaura\/wp-json\/wp\/v2\/pages\/11009","targetHints":{"allow":["GET"]}}],"collection":[{"href":"https:\/\/agora.xtec.cat\/iesridaura\/wp-json\/wp\/v2\/pages"}],"about":[{"href":"https:\/\/agora.xtec.cat\/iesridaura\/wp-json\/wp\/v2\/types\/page"}],"author":[{"embeddable":true,"href":"https:\/\/agora.xtec.cat\/iesridaura\/wp-json\/wp\/v2\/users\/103"}],"replies":[{"embeddable":true,"href":"https:\/\/agora.xtec.cat\/iesridaura\/wp-json\/wp\/v2\/comments?post=11009"}],"version-history":[{"count":1,"href":"https:\/\/agora.xtec.cat\/iesridaura\/wp-json\/wp\/v2\/pages\/11009\/revisions"}],"predecessor-version":[{"id":11010,"href":"https:\/\/agora.xtec.cat\/iesridaura\/wp-json\/wp\/v2\/pages\/11009\/revisions\/11010"}],"wp:attachment":[{"href":"https:\/\/agora.xtec.cat\/iesridaura\/wp-json\/wp\/v2\/media?parent=11009"}],"curies":[{"name":"wp","href":"https:\/\/api.w.org\/{rel}","templated":true}]}}