{"id":10305,"date":"2025-05-21T18:04:32","date_gmt":"2025-05-21T16:04:32","guid":{"rendered":"https:\/\/agora.xtec.cat\/iesridaura\/?page_id=10305"},"modified":"2026-04-09T13:51:10","modified_gmt":"2026-04-09T11:51:10","slug":"preinscripcio-batxillerat","status":"publish","type":"page","link":"https:\/\/agora.xtec.cat\/iesridaura\/preinscripcio-batxillerat\/","title":{"rendered":"Preinscripci\u00f3 i Matr\u00edcula Batxillerat 26-27"},"content":{"rendered":"\n<figure class=\"wp-block-image alignleft size-large is-resized\"><a href=\"https:\/\/agora.xtec.cat\/iesridaura\/wp-content\/uploads\/usu1163\/2026\/03\/Copia-de-Portes-obertes.png\"><img loading=\"lazy\" decoding=\"async\" width=\"1024\" height=\"585\" src=\"https:\/\/agora.xtec.cat\/iesridaura\/wp-content\/uploads\/usu1163\/2026\/03\/Copia-de-Portes-obertes-1024x585.png\" alt=\"\" class=\"wp-image-11643\" style=\"width:469px;height:auto\" srcset=\"https:\/\/agora.xtec.cat\/iesridaura\/wp-content\/uploads\/usu1163\/2026\/03\/Copia-de-Portes-obertes-1024x585.png 1024w, https:\/\/agora.xtec.cat\/iesridaura\/wp-content\/uploads\/usu1163\/2026\/03\/Copia-de-Portes-obertes-300x171.png 300w, https:\/\/agora.xtec.cat\/iesridaura\/wp-content\/uploads\/usu1163\/2026\/03\/Copia-de-Portes-obertes-768x439.png 768w, https:\/\/agora.xtec.cat\/iesridaura\/wp-content\/uploads\/usu1163\/2026\/03\/Copia-de-Portes-obertes.png 1050w\" sizes=\"auto, (max-width: 1024px) 100vw, 1024px\" \/><\/a><\/figure>\n\n\n\n<p>Portes Obertes Batxillerat 26-27 (xerrada informativa) : <strong>Dimecres 8 abril 2026<\/strong>, 19:00h.<\/p>\n\n\n\n<p>Presentaci\u00f3 de sol\u00b7licituds de preinscripci\u00f3 : <strong>del 9 al 16 d&#8217;abril 2026<\/strong> (ambd\u00f3s inclosos).<\/p>\n\n\n\n<p>M\u00e9s informaci\u00f3 : <a href=\"https:\/\/preinscripcio.gencat.cat\/ca\/estudis\/batxillerat\/informat\/calendari\/index.html\">https:\/\/preinscripcio.gencat.cat\/ca\/estudis\/batxillerat\/informat\/calendari\/index.html<\/a> <\/p>\n\n\n\n<p><\/p>\n\n\n\n<p><\/p>\n\n\n\n<p><\/p>\n\n\n\n<p class=\"has-text-align-left\"><strong>PREINSCRIPCI\u00d3<\/strong><\/p>\n\n\n\n<figure class=\"wp-block-image alignleft size-full is-resized\"><a href=\"https:\/\/agora.xtec.cat\/iesridaura\/wp-content\/uploads\/usu1163\/2026\/03\/batxillerat-sm.png_2147148254.png\"><img loading=\"lazy\" decoding=\"async\" width=\"271\" height=\"271\" src=\"https:\/\/agora.xtec.cat\/iesridaura\/wp-content\/uploads\/usu1163\/2026\/03\/batxillerat-sm.png_2147148254.png\" alt=\"\" class=\"wp-image-11645\" style=\"width:227px;height:auto\" srcset=\"https:\/\/agora.xtec.cat\/iesridaura\/wp-content\/uploads\/usu1163\/2026\/03\/batxillerat-sm.png_2147148254.png 271w, https:\/\/agora.xtec.cat\/iesridaura\/wp-content\/uploads\/usu1163\/2026\/03\/batxillerat-sm.png_2147148254-150x150.png 150w\" sizes=\"auto, (max-width: 271px) 100vw, 271px\" \/><\/a><\/figure>\n\n\n\n<p>Consulteu la informaci\u00f3 relativa a la&nbsp;<a href=\"https:\/\/preinscripcio.gencat.cat\/ca\/estudis\/batxillerat\/inici\/\">preinscripci\u00f3 a Batxillerat del Departament d\u2019Educaci\u00f3 i Formaci\u00f3 Professional<\/a>.<\/p>\n\n\n\n<p>El proc\u00e9s de preinscripci\u00f3&nbsp;<strong>s\u2019inicia el 9 d&#8217;abril amb la publicaci\u00f3 de l\u2019oferta inicial de places i acaba amb la formalitzaci\u00f3 de la matr\u00edcula el 30 de juny.<\/strong><\/p>\n\n\n\n<p><strong>Durant tot aquest temps, hi ha dates i terminis associats a actuacions clau<\/strong>&nbsp;que heu de tenir presents, ja que determinen l\u2019assignaci\u00f3 final de places als centres educatius.<\/p>\n\n\n\n<p><strong>CRITERIS D\u2019ASSIGNACI\u00d3 DE PLA\u00c7A:<\/strong><\/p>\n\n\n\n<p>Els centres educatius de Catalunya ofereixen una quantitat limitada de places. Si el nombre de sol\u00b7licituds fet en un centre determinat \u00e9s superior al nombre de places que ofereix aquest mateix centre, pot passar que algun alumne o alumna que l&#8217;hagi triat com a primera opci\u00f3 no hi obtingui pla\u00e7a.<\/p>\n\n\n\n<p>Per tant, com que alguns centres tenen una demanda d&#8217;inscripcions superior al nombre de matr\u00edcules que poden oferir, \u00e9s important que facis constar, en la sol\u00b7licitud, el m\u00e0xim nombre de centres que s&#8217;ajusten a les teves prioritats, fins a un total de 10, ordenats segons les teves prefer\u00e8ncies.<\/p>\n\n\n\n<p>Per decidir qui obt\u00e9 una pla\u00e7a en un centre determinat i qui no, s&#8217;utilitza un&nbsp;<strong>sistema de puntuacions<\/strong>&nbsp;objectiu que ordena la llista de sol\u00b7licituds de manera transparent i allunyada de qualsevol arbitrarietat.<\/p>\n\n\n\n<p>Aix\u00ed, les sol\u00b7licituds s&#8217;ordenen atenent a diversos aspectes: d&#8217;una banda, tenen prefer\u00e8ncia les sol\u00b7licituds en qu\u00e8 hi ha una relaci\u00f3 d&#8217;<a href=\"https:\/\/preinscripcio.gencat.cat\/ca\/estudis\/batxillerat\/ajuda\/glossari\/\">adscripci\u00f3<\/a>&nbsp;entre el centre de proced\u00e8ncia i el centre triat, i de l&#8217;altra, la suma de puntuaci\u00f3 dels&nbsp;<strong>criteris prioritaris<\/strong>&nbsp;i, si hi ha empat, dels&nbsp;<strong>criteris complementaris<\/strong>. Tots aquests criteris estan establerts per llei, i cada cas t\u00e9 assignada una puntuaci\u00f3 o barem.<\/p>\n\n\n\n<p>Les places s&#8217;assignen comen\u00e7ant per les sol\u00b7licituds que s\u00f3n de centres adscrits, que tenen la puntuaci\u00f3 m\u00e9s alta.<\/p>\n\n\n\n<figure class=\"wp-block-image size-large\"><a href=\"https:\/\/agora.xtec.cat\/iesridaura\/wp-content\/uploads\/usu1163\/2026\/03\/Captura-de-pantalla-2026-03-16-a-las-14.31.18.png\"><img loading=\"lazy\" decoding=\"async\" width=\"1024\" height=\"129\" src=\"https:\/\/agora.xtec.cat\/iesridaura\/wp-content\/uploads\/usu1163\/2026\/03\/Captura-de-pantalla-2026-03-16-a-las-14.31.18-1024x129.png\" alt=\"\" class=\"wp-image-11647\" srcset=\"https:\/\/agora.xtec.cat\/iesridaura\/wp-content\/uploads\/usu1163\/2026\/03\/Captura-de-pantalla-2026-03-16-a-las-14.31.18-1024x129.png 1024w, https:\/\/agora.xtec.cat\/iesridaura\/wp-content\/uploads\/usu1163\/2026\/03\/Captura-de-pantalla-2026-03-16-a-las-14.31.18-300x38.png 300w, https:\/\/agora.xtec.cat\/iesridaura\/wp-content\/uploads\/usu1163\/2026\/03\/Captura-de-pantalla-2026-03-16-a-las-14.31.18-768x96.png 768w, https:\/\/agora.xtec.cat\/iesridaura\/wp-content\/uploads\/usu1163\/2026\/03\/Captura-de-pantalla-2026-03-16-a-las-14.31.18-1536x193.png 1536w, https:\/\/agora.xtec.cat\/iesridaura\/wp-content\/uploads\/usu1163\/2026\/03\/Captura-de-pantalla-2026-03-16-a-las-14.31.18-2048x257.png 2048w\" sizes=\"auto, (max-width: 1024px) 100vw, 1024px\" \/><\/a><\/figure>\n\n\n\n<h4 class=\"wp-block-heading\"><strong>CALENDARI, LLISTES I DOCUMENTS:<\/strong><\/h4>\n\n\n\n<p>El proc\u00e9s de preinscripci\u00f3 es fa telem\u00e0ticament a trav\u00e9s de la p\u00e0gina web del\u00a0<a href=\"https:\/\/preinscripcio.gencat.cat\/ca\/estudis\/batxillerat\/preinscriute\/sollicitud\/\" target=\"_blank\" rel=\"noreferrer noopener\">Departament d\u2019educaci\u00f3 i formaci\u00f3 professional<\/a>.<\/p>\n\n\n\n<blockquote class=\"wp-block-quote is-layout-flow wp-block-quote-is-layout-flow\">\n<p><strong>8 abril.\u00a0<\/strong><a href=\"https:\/\/agora.xtec.cat\/iesridaura\/wp-content\/uploads\/usu1163\/2026\/04\/INFORME_OFERTA_OME_INFORME_OFERTA-1.pdf\">Oferta inicial<\/a><\/p>\n<\/blockquote>\n\n\n\n<blockquote class=\"wp-block-quote is-layout-flow wp-block-quote-is-layout-flow\">\n<p><strong>9-16 abril.&nbsp;<\/strong>Presentaci\u00f3 de la sol\u00b7licitud de preinscripci\u00f3 BATX (presentaci\u00f3 de documentaci\u00f3 fins el 17 d\u2019abril)<\/p>\n\n\n\n<figure class=\"wp-block-image\"><a href=\"https:\/\/preinscripcio.gencat.cat\/ca\/estudis\/batxillerat\/informat\/prepara-documentacio\/\" target=\"_blank\" rel=\"noreferrer noopener\"><img decoding=\"async\" src=\"https:\/\/agora.xtec.cat\/ies-brugulat\/wp-content\/uploads\/usu85\/2026\/03\/image-11.png\" alt=\"\" class=\"wp-image-28432\"\/><\/a><\/figure>\n\n\n\n<figure class=\"wp-block-image\"><a href=\"https:\/\/preinscripcio.gencat.cat\/ca\/estudis\/batxillerat\/preinscriute\/sollicitud\/\" target=\"_blank\" rel=\"noreferrer noopener\"><img decoding=\"async\" src=\"https:\/\/agora.xtec.cat\/ies-brugulat\/wp-content\/uploads\/usu85\/2026\/03\/boto.png\" alt=\"\" class=\"wp-image-28889\"\/><\/a><\/figure>\n<\/blockquote>\n\n\n\n<blockquote class=\"wp-block-quote is-layout-flow wp-block-quote-is-layout-flow\">\n<p><strong>14 maig.&nbsp;<\/strong>Llista de sol\u00b7licituds amb la puntuaci\u00f3 provisional<\/p>\n<\/blockquote>\n\n\n\n<blockquote class=\"wp-block-quote is-layout-flow wp-block-quote-is-layout-flow\">\n<p><strong>14-20 maig.<\/strong>&nbsp;Termini per presentar reclamacions a la puntuaci\u00f3 provisional (instruccions per presentar reclamaci\u00f3 a la puntuaci\u00f3 provisional)<\/p>\n<\/blockquote>\n\n\n\n<blockquote class=\"wp-block-quote is-layout-flow wp-block-quote-is-layout-flow\">\n<p><strong>26 maig<\/strong>. Llista de sol\u00b7licituds amb la puntuaci\u00f3 definitiva<\/p>\n<\/blockquote>\n\n\n\n<blockquote class=\"wp-block-quote is-layout-flow wp-block-quote-is-layout-flow\">\n<p><strong>26 maig (11:00).&nbsp;<\/strong>Sorteig del n\u00famero de desempat<\/p>\n<\/blockquote>\n\n\n\n<blockquote class=\"wp-block-quote is-layout-flow wp-block-quote-is-layout-flow\">\n<p><strong>29 maig.<\/strong>&nbsp;Publicaci\u00f3 de la llista ordenada<\/p>\n<\/blockquote>\n\n\n\n<blockquote class=\"wp-block-quote is-layout-flow wp-block-quote-is-layout-flow\">\n<p><strong>17 juny<\/strong><\/p>\n\n\n\n<ul class=\"wp-block-list\">\n<li>Oferta definitiva de places escolars<\/li>\n\n\n\n<li>Llista d\u2019alumnes admesos<\/li>\n\n\n\n<li>Llista d\u2019espera<\/li>\n<\/ul>\n<\/blockquote>\n\n\n\n<p><strong>MATR\u00cdCULA<\/strong><\/p>\n\n\n\n<p><strong>Properament penjarem les instruccions per a la matriculaci\u00f3<\/strong><\/p>\n\n\n\n<p><\/p>\n\n\n\n<figure class=\"wp-block-image aligncenter size-full is-resized\"><a href=\"https:\/\/agora.xtec.cat\/iesridaura\/wp-content\/uploads\/usu1163\/2025\/05\/LOGO-Ridaura-original.png\"><img loading=\"lazy\" decoding=\"async\" width=\"623\" height=\"345\" src=\"https:\/\/agora.xtec.cat\/iesridaura\/wp-content\/uploads\/usu1163\/2025\/05\/LOGO-Ridaura-original.png\" alt=\"\" class=\"wp-image-10340\" style=\"width:269px;height:auto\" srcset=\"https:\/\/agora.xtec.cat\/iesridaura\/wp-content\/uploads\/usu1163\/2025\/05\/LOGO-Ridaura-original.png 623w, https:\/\/agora.xtec.cat\/iesridaura\/wp-content\/uploads\/usu1163\/2025\/05\/LOGO-Ridaura-original-300x166.png 300w\" sizes=\"auto, (max-width: 623px) 100vw, 623px\" \/><\/a><\/figure>\n\n\n\n<p><\/p>\n","protected":false},"excerpt":{"rendered":"<p>Portes Obertes Batxillerat 26-27 (xerrada informativa) : Dimecres 8 abril 2026, 19:00h. Presentaci\u00f3 de sol\u00b7licituds de preinscripci\u00f3 : del 9 [&hellip;]<\/p>\n","protected":false},"author":1,"featured_media":0,"parent":0,"menu_order":0,"comment_status":"closed","ping_status":"close","template":"","meta":{"_bbp_topic_count":0,"_bbp_reply_count":0,"_bbp_total_topic_count":0,"_bbp_total_reply_count":0,"_bbp_voice_count":0,"_bbp_anonymous_reply_count":0,"_bbp_topic_count_hidden":0,"_bbp_reply_count_hidden":0,"_bbp_forum_subforum_count":0,"site-sidebar-layout":"default","site-content-layout":"","ast-site-content-layout":"default","site-content-style":"default","site-sidebar-style":"default","ast-global-header-display":"","ast-banner-title-visibility":"","ast-main-header-display":"","ast-hfb-above-header-display":"","ast-hfb-below-header-display":"","ast-hfb-mobile-header-display":"","site-post-title":"","ast-breadcrumbs-content":"","ast-featured-img":"","footer-sml-layout":"","theme-transparent-header-meta":"","adv-header-id-meta":"","stick-header-meta":"","header-above-stick-meta":"","header-main-stick-meta":"","header-below-stick-meta":"","astra-migrate-meta-layouts":"set","ast-page-background-enabled":"default","ast-page-background-meta":{"desktop":{"background-color":"var(--ast-global-color-4)","background-image":"","background-repeat":"repeat","background-position":"center center","background-size":"auto","background-attachment":"scroll","background-type":"","background-media":"","overlay-type":"","overlay-color":"","overlay-opacity":"","overlay-gradient":""},"tablet":{"background-color":"","background-image":"","background-repeat":"repeat","background-position":"center center","background-size":"auto","background-attachment":"scroll","background-type":"","background-media":"","overlay-type":"","overlay-color":"","overlay-opacity":"","overlay-gradient":""},"mobile":{"background-color":"","background-image":"","background-repeat":"repeat","background-position":"center center","background-size":"auto","background-attachment":"scroll","background-type":"","background-media":"","overlay-type":"","overlay-color":"","overlay-opacity":"","overlay-gradient":""}},"ast-content-background-meta":{"desktop":{"background-color":"var(--ast-global-color-5)","background-image":"","background-repeat":"repeat","background-position":"center center","background-size":"auto","background-attachment":"scroll","background-type":"","background-media":"","overlay-type":"","overlay-color":"","overlay-opacity":"","overlay-gradient":""},"tablet":{"background-color":"var(--ast-global-color-5)","background-image":"","background-repeat":"repeat","background-position":"center center","background-size":"auto","background-attachment":"scroll","background-type":"","background-media":"","overlay-type":"","overlay-color":"","overlay-opacity":"","overlay-gradient":""},"mobile":{"background-color":"var(--ast-global-color-5)","background-image":"","background-repeat":"repeat","background-position":"center center","background-size":"auto","background-attachment":"scroll","background-type":"","background-media":"","overlay-type":"","overlay-color":"","overlay-opacity":"","overlay-gradient":""}},"footnotes":""},"class_list":["post-10305","page","type-page","status-publish","hentry"],"post_mailing_queue_ids":[],"_links":{"self":[{"href":"https:\/\/agora.xtec.cat\/iesridaura\/wp-json\/wp\/v2\/pages\/10305","targetHints":{"allow":["GET"]}}],"collection":[{"href":"https:\/\/agora.xtec.cat\/iesridaura\/wp-json\/wp\/v2\/pages"}],"about":[{"href":"https:\/\/agora.xtec.cat\/iesridaura\/wp-json\/wp\/v2\/types\/page"}],"author":[{"embeddable":true,"href":"https:\/\/agora.xtec.cat\/iesridaura\/wp-json\/wp\/v2\/users\/1"}],"replies":[{"embeddable":true,"href":"https:\/\/agora.xtec.cat\/iesridaura\/wp-json\/wp\/v2\/comments?post=10305"}],"version-history":[{"count":6,"href":"https:\/\/agora.xtec.cat\/iesridaura\/wp-json\/wp\/v2\/pages\/10305\/revisions"}],"predecessor-version":[{"id":11786,"href":"https:\/\/agora.xtec.cat\/iesridaura\/wp-json\/wp\/v2\/pages\/10305\/revisions\/11786"}],"wp:attachment":[{"href":"https:\/\/agora.xtec.cat\/iesridaura\/wp-json\/wp\/v2\/media?parent=10305"}],"curies":[{"name":"wp","href":"https:\/\/api.w.org\/{rel}","templated":true}]}}