{"id":10303,"date":"2025-05-21T18:04:05","date_gmt":"2025-05-21T16:04:05","guid":{"rendered":"https:\/\/agora.xtec.cat\/iesridaura\/?page_id=10303"},"modified":"2026-03-11T19:06:18","modified_gmt":"2026-03-11T18:06:18","slug":"preinscripcio-eso","status":"publish","type":"page","link":"https:\/\/agora.xtec.cat\/iesridaura\/preinscripcio-eso\/","title":{"rendered":"Preinscripci\u00f3 i Matr\u00edcula ESO 26-27"},"content":{"rendered":"\n<figure class=\"wp-block-image alignleft size-large is-resized\"><a href=\"https:\/\/agora.xtec.cat\/iesridaura\/wp-content\/uploads\/usu1163\/2026\/03\/Portes-obertes.jpg\"><img loading=\"lazy\" decoding=\"async\" width=\"1024\" height=\"585\" src=\"https:\/\/agora.xtec.cat\/iesridaura\/wp-content\/uploads\/usu1163\/2026\/03\/Portes-obertes-1024x585.jpg\" alt=\"\" class=\"wp-image-11594\" style=\"width:507px;height:auto\" srcset=\"https:\/\/agora.xtec.cat\/iesridaura\/wp-content\/uploads\/usu1163\/2026\/03\/Portes-obertes-1024x585.jpg 1024w, https:\/\/agora.xtec.cat\/iesridaura\/wp-content\/uploads\/usu1163\/2026\/03\/Portes-obertes-300x171.jpg 300w, https:\/\/agora.xtec.cat\/iesridaura\/wp-content\/uploads\/usu1163\/2026\/03\/Portes-obertes-768x439.jpg 768w, https:\/\/agora.xtec.cat\/iesridaura\/wp-content\/uploads\/usu1163\/2026\/03\/Portes-obertes.jpg 1050w\" sizes=\"auto, (max-width: 1024px) 100vw, 1024px\" \/><\/a><\/figure>\n\n\n\n<p class=\"has-medium-font-size\"><strong>Portes obertes ESO<\/strong><\/p>\n\n\n\n<p>Portes Obertes ESO (xerrada informativa) : <strong>Dijous 12 mar\u00e7 2026<\/strong>, 19:00h.<br><a href=\"https:\/\/agora.xtec.cat\/iesridaura\/general\/jornades-de-portes-obertes-2026\/\">https:\/\/agora.xtec.cat\/iesridaura\/general\/jornades-de-portes-obertes-2026\/<\/a><\/p>\n\n\n\n<p>Preinscripci\u00f3 ESO : <strong>Del 6 al 18 de mar\u00e7 2026<\/strong><\/p>\n\n\n\n<p><\/p>\n\n\n\n<p>M\u00e9s informaci\u00f3 a : <a href=\"https:\/\/preinscripcio.gencat.cat\/ca\/estudis\/eso\/inici\/index.html\">https:\/\/preinscripcio.gencat.cat\/ca\/estudis\/eso\/inici\/index.html<\/a><\/p>\n\n\n\n<p class=\"has-large-font-size\"><strong>PREINSCRIPCI\u00d3<\/strong><\/p>\n\n\n\n<figure class=\"wp-block-image alignleft size-full\"><a href=\"https:\/\/agora.xtec.cat\/iesridaura\/wp-content\/uploads\/usu1163\/2026\/03\/eso-sm.png_2147148254.png\"><img loading=\"lazy\" decoding=\"async\" width=\"271\" height=\"271\" src=\"https:\/\/agora.xtec.cat\/iesridaura\/wp-content\/uploads\/usu1163\/2026\/03\/eso-sm.png_2147148254.png\" alt=\"\" class=\"wp-image-11596\" srcset=\"https:\/\/agora.xtec.cat\/iesridaura\/wp-content\/uploads\/usu1163\/2026\/03\/eso-sm.png_2147148254.png 271w, https:\/\/agora.xtec.cat\/iesridaura\/wp-content\/uploads\/usu1163\/2026\/03\/eso-sm.png_2147148254-150x150.png 150w\" sizes=\"auto, (max-width: 271px) 100vw, 271px\" \/><\/a><\/figure>\n\n\n\n<p><br>Consulteu la informaci\u00f3 relativa a la&nbsp;<a href=\"https:\/\/preinscripcio.gencat.cat\/ca\/estudis\/eso\/inici\/\">preinscripci\u00f3 a l\u2019ESO del Departament d\u2019Educaci\u00f3 i Formaci\u00f3 Professional<\/a>.<\/p>\n\n\n\n<p>El proc\u00e9s de preinscripci\u00f3 escolar&nbsp;<strong>s\u2019inicia el 3 de mar\u00e7 amb la publicaci\u00f3 de l\u2019oferta inicial de places i acaba amb la formalitzaci\u00f3 de la matr\u00edcula el 30 de juny.<\/strong><\/p>\n\n\n\n<p><strong>Durant tot aquest temps, hi ha dates i terminis associats a actuacions clau<\/strong>&nbsp;que heu de tenir presents, ja que determinen l\u2019assignaci\u00f3 final de places als centres educatius.<\/p>\n\n\n\n<h4 class=\"wp-block-heading\">CRITERIS D\u2019ASSIGNACI\u00d3 DE PLA\u00c7A:<\/h4>\n\n\n\n<p>Els centres educatius de Catalunya ofereixen una quantitat limitada de places. Si el nombre de sol\u00b7licituds que les fam\u00edlies heu fet en un centre determinat \u00e9s superior al nombre de places que ofereix aquest mateix centre, pot passar que alguna de les fam\u00edlies que l\u2019h\u00e0giu triat com a primera opci\u00f3 no hi obtingueu pla\u00e7a.&nbsp;<\/p>\n\n\n\n<p>Per tant, com que alguns centres tenen una demanda d\u2019inscripcions superior al nombre de matr\u00edcules que poden oferir, \u00e9s important que feu constar, en la sol\u00b7licitud, el m\u00e0xim nombre de centres que s\u2019ajusten a les vostres prioritats, fins a un total de 10, ordenats segons les vostres prefer\u00e8ncies.&nbsp;<\/p>\n\n\n\n<p>Per decidir qui obt\u00e9 una pla\u00e7a en un centre determinat i qui no, s\u2019utilitza un&nbsp;<strong>sistema establert per llei de prioritat i de puntuacions<\/strong>&nbsp;objectiu que ordena la llista de sol\u00b7licituds de manera transparent i allunyada de qualsevol arbitrarietat.<\/p>\n\n\n\n<p>Aix\u00ed, cal tenir en compte que tenen prefer\u00e8ncia les sol\u00b7licituds que provenen de centres adscrits o, en aquells centres que el Departament determina, si es cursa simult\u00e0niament ensenyaments professionals de m\u00fasica o dansa o s\u2019\u00e9s esportista d\u2019alt nivell.<\/p>\n\n\n\n<p>A continuaci\u00f3 les puntuacions que s\u2019obtenen a trav\u00e9s de criteris diferents:&nbsp;<strong>els criteris prioritaris i els criteris complementaris<\/strong>&nbsp;que serveixen per desempatar en cas d\u2019igualtat de puntuaci\u00f3 per criteris prioritaris.<\/p>\n\n\n\n<figure class=\"wp-block-image size-full\"><a href=\"https:\/\/agora.xtec.cat\/iesridaura\/wp-content\/uploads\/usu1163\/2026\/03\/image.png\"><img loading=\"lazy\" decoding=\"async\" width=\"729\" height=\"100\" src=\"https:\/\/agora.xtec.cat\/iesridaura\/wp-content\/uploads\/usu1163\/2026\/03\/image.png\" alt=\"\" class=\"wp-image-11597\" srcset=\"https:\/\/agora.xtec.cat\/iesridaura\/wp-content\/uploads\/usu1163\/2026\/03\/image.png 729w, https:\/\/agora.xtec.cat\/iesridaura\/wp-content\/uploads\/usu1163\/2026\/03\/image-300x41.png 300w\" sizes=\"auto, (max-width: 729px) 100vw, 729px\" \/><\/a><\/figure>\n\n\n\n<p><\/p>\n\n\n\n<h4 class=\"wp-block-heading\"><strong>CALENDARI, LLISTES I DOCUMENTS:<\/strong><\/h4>\n\n\n\n<p>El proc\u00e9s de preinscripci\u00f3 es fa telem\u00e0ticament a trav\u00e9s de la p\u00e0gina web del&nbsp;<a href=\"https:\/\/preinscripcio.gencat.cat\/ca\/estudis\/eso\/preinscriute\/sollicitud\/\" target=\"_blank\" rel=\"noreferrer noopener\">Departament d\u2019educaci\u00f3 i formaci\u00f3 professional<\/a>:<\/p>\n\n\n\n<blockquote class=\"wp-block-quote is-layout-flow wp-block-quote-is-layout-flow\">\n<p><strong>3 mar\u00e7.&nbsp;<\/strong><a href=\"https:\/\/agora.xtec.cat\/iesridaura\/wp-content\/uploads\/usu1163\/2026\/03\/OFERTA-PLACES-2026.2027.pdf\">Oferta inicial<\/a><\/p>\n<\/blockquote>\n\n\n\n<blockquote class=\"wp-block-quote is-layout-flow wp-block-quote-is-layout-flow\">\n<p><strong>6-18 mar\u00e7.&nbsp;<\/strong>Presentaci\u00f3 de la sol\u00b7licitud de preinscripci\u00f3 ESO (presentaci\u00f3 de documentaci\u00f3 fins el 19 de mar\u00e7)<\/p>\n\n\n\n<figure class=\"wp-block-image is-resized\"><a href=\"https:\/\/preinscripcio.gencat.cat\/ca\/estudis\/eso\/informat\/prepara-documentacio\/\" target=\"_blank\" rel=\"noreferrer noopener\"><img decoding=\"async\" src=\"https:\/\/agora.xtec.cat\/ies-brugulat\/wp-content\/uploads\/usu85\/2026\/03\/image-4.png\" alt=\"\" class=\"wp-image-28357\" style=\"width:335px;height:auto\"\/><\/a><\/figure>\n\n\n\n<figure class=\"wp-block-image is-resized\"><a href=\"https:\/\/tramits.gencat.cat\/ca\/tramits\/tramits-temes\/perinscripcio-obligatoris?moda=3\" target=\"_blank\" rel=\"noreferrer noopener\"><img decoding=\"async\" src=\"https:\/\/agora.xtec.cat\/ies-brugulat\/wp-content\/uploads\/usu85\/2026\/03\/image-5.png\" alt=\"\" class=\"wp-image-28358\" style=\"width:333px;height:auto\"\/><\/a><\/figure>\n<\/blockquote>\n\n\n\n<blockquote class=\"wp-block-quote is-layout-flow wp-block-quote-is-layout-flow\">\n<p><strong>15 abril.&nbsp;<\/strong>Llista de sol\u00b7licituds amb la puntuaci\u00f3 provisional<\/p>\n<\/blockquote>\n\n\n\n<blockquote class=\"wp-block-quote is-layout-flow wp-block-quote-is-layout-flow\">\n<p><strong>15-20 abril.<\/strong>&nbsp;Termini per presentar una reclamaci\u00f3 a la puntuaci\u00f3 provisional (instruccions per presentar reclamaci\u00f3 a la puntuaci\u00f3 provisional)<\/p>\n<\/blockquote>\n\n\n\n<blockquote class=\"wp-block-quote is-layout-flow wp-block-quote-is-layout-flow\">\n<p><strong>23 abril.<\/strong>&nbsp;Llistes amb la puntuaci\u00f3 definitiva<\/p>\n<\/blockquote>\n\n\n\n<blockquote class=\"wp-block-quote is-layout-flow wp-block-quote-is-layout-flow\">\n<p><strong>28 abril (11:00).&nbsp;<\/strong>Sorteig del n\u00famero de desempat<\/p>\n<\/blockquote>\n\n\n\n<blockquote class=\"wp-block-quote is-layout-flow wp-block-quote-is-layout-flow\">\n<p><strong>29 abril.<\/strong>&nbsp;Publicaci\u00f3 de la llista ordenada<\/p>\n<\/blockquote>\n\n\n\n<blockquote class=\"wp-block-quote is-layout-flow wp-block-quote-is-layout-flow\">\n<p><strong>1-3 juny.&nbsp;<\/strong>Per\u00edode d\u2019ampliaci\u00f3 de peticions per a les sol\u00b7licituds sense assignaci\u00f3<\/p>\n<\/blockquote>\n\n\n\n<blockquote class=\"wp-block-quote is-layout-flow wp-block-quote-is-layout-flow\">\n<p><strong>10 juny<\/strong><\/p>\n\n\n\n<ul class=\"wp-block-list\">\n<li>Oferta definitiva de places<\/li>\n\n\n\n<li>Llista d\u2019alumnat assignat al centre amb indicaci\u00f3 de la primera petici\u00f3<\/li>\n\n\n\n<li>Llista d\u2019espera<\/li>\n\n\n\n<li>Llista d\u2019alumnat preinscrit al centre amb la seva assignaci\u00f3<\/li>\n<\/ul>\n<\/blockquote>\n\n\n\n<p class=\"has-medium-font-size\"><strong>MATR\u00cdCULA<\/strong><\/p>\n\n\n\n<p><strong>Properament penjarem les instruccions per a la matriculaci\u00f3<\/strong><\/p>\n\n\n\n<p><\/p>\n\n\n\n<p><\/p>\n\n\n\n<p><\/p>\n\n\n\n<p><\/p>\n\n\n\n<p><\/p>\n\n\n\n<figure class=\"wp-block-image aligncenter size-full is-resized\"><a href=\"https:\/\/agora.xtec.cat\/iesridaura\/wp-content\/uploads\/usu1163\/2025\/05\/LOGO-Ridaura-original.png\"><img loading=\"lazy\" decoding=\"async\" width=\"623\" height=\"345\" src=\"https:\/\/agora.xtec.cat\/iesridaura\/wp-content\/uploads\/usu1163\/2025\/05\/LOGO-Ridaura-original.png\" alt=\"\" class=\"wp-image-10340\" style=\"width:247px;height:auto\" srcset=\"https:\/\/agora.xtec.cat\/iesridaura\/wp-content\/uploads\/usu1163\/2025\/05\/LOGO-Ridaura-original.png 623w, https:\/\/agora.xtec.cat\/iesridaura\/wp-content\/uploads\/usu1163\/2025\/05\/LOGO-Ridaura-original-300x166.png 300w\" sizes=\"auto, (max-width: 623px) 100vw, 623px\" \/><\/a><\/figure>\n","protected":false},"excerpt":{"rendered":"<p>Portes obertes ESO Portes Obertes ESO (xerrada informativa) : Dijous 12 mar\u00e7 2026, 19:00h.https:\/\/agora.xtec.cat\/iesridaura\/general\/jornades-de-portes-obertes-2026\/ Preinscripci\u00f3 ESO : Del 6 al [&hellip;]<\/p>\n","protected":false},"author":1,"featured_media":0,"parent":0,"menu_order":0,"comment_status":"closed","ping_status":"close","template":"","meta":{"_bbp_topic_count":0,"_bbp_reply_count":0,"_bbp_total_topic_count":0,"_bbp_total_reply_count":0,"_bbp_voice_count":0,"_bbp_anonymous_reply_count":0,"_bbp_topic_count_hidden":0,"_bbp_reply_count_hidden":0,"_bbp_forum_subforum_count":0,"site-sidebar-layout":"default","site-content-layout":"","ast-site-content-layout":"default","site-content-style":"default","site-sidebar-style":"default","ast-global-header-display":"","ast-banner-title-visibility":"","ast-main-header-display":"","ast-hfb-above-header-display":"","ast-hfb-below-header-display":"","ast-hfb-mobile-header-display":"","site-post-title":"","ast-breadcrumbs-content":"","ast-featured-img":"","footer-sml-layout":"","theme-transparent-header-meta":"","adv-header-id-meta":"","stick-header-meta":"","header-above-stick-meta":"","header-main-stick-meta":"","header-below-stick-meta":"","astra-migrate-meta-layouts":"set","ast-page-background-enabled":"default","ast-page-background-meta":{"desktop":{"background-color":"var(--ast-global-color-4)","background-image":"","background-repeat":"repeat","background-position":"center center","background-size":"auto","background-attachment":"scroll","background-type":"","background-media":"","overlay-type":"","overlay-color":"","overlay-opacity":"","overlay-gradient":""},"tablet":{"background-color":"","background-image":"","background-repeat":"repeat","background-position":"center center","background-size":"auto","background-attachment":"scroll","background-type":"","background-media":"","overlay-type":"","overlay-color":"","overlay-opacity":"","overlay-gradient":""},"mobile":{"background-color":"","background-image":"","background-repeat":"repeat","background-position":"center center","background-size":"auto","background-attachment":"scroll","background-type":"","background-media":"","overlay-type":"","overlay-color":"","overlay-opacity":"","overlay-gradient":""}},"ast-content-background-meta":{"desktop":{"background-color":"var(--ast-global-color-5)","background-image":"","background-repeat":"repeat","background-position":"center center","background-size":"auto","background-attachment":"scroll","background-type":"","background-media":"","overlay-type":"","overlay-color":"","overlay-opacity":"","overlay-gradient":""},"tablet":{"background-color":"var(--ast-global-color-5)","background-image":"","background-repeat":"repeat","background-position":"center center","background-size":"auto","background-attachment":"scroll","background-type":"","background-media":"","overlay-type":"","overlay-color":"","overlay-opacity":"","overlay-gradient":""},"mobile":{"background-color":"var(--ast-global-color-5)","background-image":"","background-repeat":"repeat","background-position":"center center","background-size":"auto","background-attachment":"scroll","background-type":"","background-media":"","overlay-type":"","overlay-color":"","overlay-opacity":"","overlay-gradient":""}},"footnotes":""},"class_list":["post-10303","page","type-page","status-publish","hentry"],"post_mailing_queue_ids":[],"_links":{"self":[{"href":"https:\/\/agora.xtec.cat\/iesridaura\/wp-json\/wp\/v2\/pages\/10303","targetHints":{"allow":["GET"]}}],"collection":[{"href":"https:\/\/agora.xtec.cat\/iesridaura\/wp-json\/wp\/v2\/pages"}],"about":[{"href":"https:\/\/agora.xtec.cat\/iesridaura\/wp-json\/wp\/v2\/types\/page"}],"author":[{"embeddable":true,"href":"https:\/\/agora.xtec.cat\/iesridaura\/wp-json\/wp\/v2\/users\/1"}],"replies":[{"embeddable":true,"href":"https:\/\/agora.xtec.cat\/iesridaura\/wp-json\/wp\/v2\/comments?post=10303"}],"version-history":[{"count":6,"href":"https:\/\/agora.xtec.cat\/iesridaura\/wp-json\/wp\/v2\/pages\/10303\/revisions"}],"predecessor-version":[{"id":11624,"href":"https:\/\/agora.xtec.cat\/iesridaura\/wp-json\/wp\/v2\/pages\/10303\/revisions\/11624"}],"wp:attachment":[{"href":"https:\/\/agora.xtec.cat\/iesridaura\/wp-json\/wp\/v2\/media?parent=10303"}],"curies":[{"name":"wp","href":"https:\/\/api.w.org\/{rel}","templated":true}]}}