{"id":6348,"date":"2021-03-17T22:19:31","date_gmt":"2021-03-17T21:19:31","guid":{"rendered":"http:\/\/agora.xtec.cat\/iesribotiserra\/?page_id=6348"},"modified":"2023-05-10T14:17:42","modified_gmt":"2023-05-10T12:17:42","slug":"proveidors","status":"publish","type":"page","link":"https:\/\/agora.xtec.cat\/iesribotiserra\/linstitut\/historia\/documents-del-centre\/proveidors\/","title":{"rendered":"Prove\u00efdors"},"content":{"rendered":"<div style=\"text-align: justify;\">Els criteris que es tindran en compte en l\u2019homologaci\u00f3 de prove\u00efdors del centre s\u00f3n els seg\u00fcents:<\/div>\n<div style=\"text-align: justify;\"><\/div>\n<div>\n<ul style=\"text-align: justify;\">\n<li dir=\"ltr\">\n<p dir=\"ltr\">Solv\u00e8ncia t\u00e8cnica i econ\u00f2mica<\/p>\n<\/li>\n<li dir=\"ltr\">\n<p dir=\"ltr\">Preus i condicions econ\u00f2miques (En refer\u00e8ncia a d\u2019altres prove\u00efdors)<\/p>\n<\/li>\n<\/ul>\n<ul>\n<li dir=\"ltr\" style=\"text-align: justify;\">\n<p dir=\"ltr\">Facilitat compra (Proximitat f\u00edsica o accessibilitat telef\u00f2nica, e-mail, fax)<\/p>\n<\/li>\n<li dir=\"ltr\" style=\"text-align: justify;\">\n<p dir=\"ltr\">Atenci\u00f3 al client (Inclou servei postvenda)<\/p>\n<\/li>\n<li dir=\"ltr\">\n<p dir=\"ltr\" style=\"text-align: justify;\">Qualitat productes o serveis (En el cas de prove\u00efdors de serveis educatius ser\u00e0 important que acreditin la seva formaci\u00f3\/experi\u00e8ncia).<\/p>\n<\/li>\n<\/ul>\n<p>Cadascun d\u2019aquests aspectes es puntuar\u00e0 sobre 5 i la puntuaci\u00f3 total m\u00ednima per obtenir l\u2019homologaci\u00f3 ser\u00e0 de 15 punts. Per poder fer mitjana entre ells cada \u00edtem ha de tenir com a m\u00ednim 3 punts.<\/p>\n<p>A m\u00e9s, es considerar\u00e0 favorablement el fet que el prove\u00efdor disposi d\u2019un sistema de qualitat certificat per un organisme o empresa independent i que es tracti d&#8217;una empresa que aplica principis de sostenibilitat.<\/p>\n<\/div>\n","protected":false},"excerpt":{"rendered":"<p>Els criteris que es tindran en compte en l\u2019homologaci\u00f3 de prove\u00efdors del centre s\u00f3n els seg\u00fcents: Solv\u00e8ncia t\u00e8cnica i econ\u00f2mica Preus i condicions econ\u00f2miques (En refer\u00e8ncia a d\u2019altres prove\u00efdors) Facilitat compra (Proximitat f\u00edsica o accessibilitat telef\u00f2nica, e-mail, fax) Atenci\u00f3 al client (Inclou servei postvenda) Qualitat productes o serveis (En el cas de prove\u00efdors de serveis [&hellip;]<\/p>\n","protected":false},"author":1,"featured_media":0,"parent":3128,"menu_order":0,"comment_status":"closed","ping_status":"closed","template":"","meta":{"_bbp_topic_count":0,"_bbp_reply_count":0,"_bbp_total_topic_count":0,"_bbp_total_reply_count":0,"_bbp_voice_count":0,"_bbp_anonymous_reply_count":0,"_bbp_topic_count_hidden":0,"_bbp_reply_count_hidden":0,"_bbp_forum_subforum_count":0,"site-sidebar-layout":"default","site-content-layout":"","ast-site-content-layout":"","site-content-style":"default","site-sidebar-style":"default","ast-global-header-display":"","ast-banner-title-visibility":"","ast-main-header-display":"","ast-hfb-above-header-display":"","ast-hfb-below-header-display":"","ast-hfb-mobile-header-display":"","site-post-title":"","ast-breadcrumbs-content":"","ast-featured-img":"","footer-sml-layout":"","theme-transparent-header-meta":"","adv-header-id-meta":"","stick-header-meta":"","header-above-stick-meta":"","header-main-stick-meta":"","header-below-stick-meta":"","astra-migrate-meta-layouts":"default","ast-page-background-enabled":"default","ast-page-background-meta":{"desktop":{"background-color":"var(--ast-global-color-4)","background-image":"","background-repeat":"repeat","background-position":"center center","background-size":"auto","background-attachment":"scroll","background-type":"","background-media":"","overlay-type":"","overlay-color":"","overlay-opacity":"","overlay-gradient":""},"tablet":{"background-color":"","background-image":"","background-repeat":"repeat","background-position":"center center","background-size":"auto","background-attachment":"scroll","background-type":"","background-media":"","overlay-type":"","overlay-color":"","overlay-opacity":"","overlay-gradient":""},"mobile":{"background-color":"","background-image":"","background-repeat":"repeat","background-position":"center center","background-size":"auto","background-attachment":"scroll","background-type":"","background-media":"","overlay-type":"","overlay-color":"","overlay-opacity":"","overlay-gradient":""}},"ast-content-background-meta":{"desktop":{"background-color":"var(--ast-global-color-5)","background-image":"","background-repeat":"repeat","background-position":"center center","background-size":"auto","background-attachment":"scroll","background-type":"","background-media":"","overlay-type":"","overlay-color":"","overlay-opacity":"","overlay-gradient":""},"tablet":{"background-color":"var(--ast-global-color-5)","background-image":"","background-repeat":"repeat","background-position":"center center","background-size":"auto","background-attachment":"scroll","background-type":"","background-media":"","overlay-type":"","overlay-color":"","overlay-opacity":"","overlay-gradient":""},"mobile":{"background-color":"var(--ast-global-color-5)","background-image":"","background-repeat":"repeat","background-position":"center center","background-size":"auto","background-attachment":"scroll","background-type":"","background-media":"","overlay-type":"","overlay-color":"","overlay-opacity":"","overlay-gradient":""}},"footnotes":""},"class_list":["post-6348","page","type-page","status-publish","hentry"],"post_mailing_queue_ids":[],"_links":{"self":[{"href":"https:\/\/agora.xtec.cat\/iesribotiserra\/wp-json\/wp\/v2\/pages\/6348","targetHints":{"allow":["GET"]}}],"collection":[{"href":"https:\/\/agora.xtec.cat\/iesribotiserra\/wp-json\/wp\/v2\/pages"}],"about":[{"href":"https:\/\/agora.xtec.cat\/iesribotiserra\/wp-json\/wp\/v2\/types\/page"}],"author":[{"embeddable":true,"href":"https:\/\/agora.xtec.cat\/iesribotiserra\/wp-json\/wp\/v2\/users\/1"}],"replies":[{"embeddable":true,"href":"https:\/\/agora.xtec.cat\/iesribotiserra\/wp-json\/wp\/v2\/comments?post=6348"}],"version-history":[{"count":3,"href":"https:\/\/agora.xtec.cat\/iesribotiserra\/wp-json\/wp\/v2\/pages\/6348\/revisions"}],"predecessor-version":[{"id":10353,"href":"https:\/\/agora.xtec.cat\/iesribotiserra\/wp-json\/wp\/v2\/pages\/6348\/revisions\/10353"}],"up":[{"embeddable":true,"href":"https:\/\/agora.xtec.cat\/iesribotiserra\/wp-json\/wp\/v2\/pages\/3128"}],"wp:attachment":[{"href":"https:\/\/agora.xtec.cat\/iesribotiserra\/wp-json\/wp\/v2\/media?parent=6348"}],"curies":[{"name":"wp","href":"https:\/\/api.w.org\/{rel}","templated":true}]}}