{"id":27,"date":"2014-09-17T16:24:03","date_gmt":"2014-09-17T14:24:03","guid":{"rendered":"http:\/\/agora.xtec.cat\/iesribotiserra\/?page_id=27"},"modified":"2026-03-30T11:50:37","modified_gmt":"2026-03-30T09:50:37","slug":"historia","status":"publish","type":"page","link":"https:\/\/agora.xtec.cat\/iesribotiserra\/linstitut\/historia\/","title":{"rendered":"Qui som"},"content":{"rendered":"<p style=\"text-align: justify;\">L&#8217;institut Ribot i Serra vol ser un centre que formi els nois i noies per tal que esdevinguin\u00a0<strong>persones compromeses amb la realitat<\/strong>: solid\u00e0ries, pac\u00edfiques i dialogants, respectuoses amb el medi ambient, amb criteri propi, responsables, capaces d&#8217;incorporar-se a la nostra societat plural i canviant, i d&#8217;integrar-se en un proc\u00e9s de formaci\u00f3 al llarg de tota la vida. Valorem el pluralisme basat en el respecte i potenciem els valors de la conviv\u00e8ncia, la coeducaci\u00f3, la solidaritat i el di\u00e0leg.<\/p>\n<p style=\"text-align: justify;\">Des de fa molts anys valorem i potenciem<strong>\u00a0el vessant personal i social de l&#8217;alumnat<\/strong>, i els acompanyem al llarg del proc\u00e9s d&#8217;escolaritzaci\u00f3 ajudant-los\u00a0a ser persones cr\u00edtiques, actives i compromeses.<\/p>\n<p style=\"text-align: justify;\">Volem\u00a0<strong>afavorir la participaci\u00f3<\/strong>\u00a0i la vinculaci\u00f3 al centre de tots els membres de la comunitat educativa a trav\u00e9s del desenvolupament de diversos <strong>projectes transversals<\/strong> en els quals participen i s&#8217;interrelacionen alumnat i professorat de diferents ensenyaments (ESO, Batxillerat i cicles formatius): projecte de mediaci\u00f3, projecte de festes, Agenda 21, activitats extraescolars, celebraci\u00f3 de diades internacionals i jornades, etc.<\/p>\n<p style=\"text-align: justify;\">Volem ser un\u00a0<strong>referent cultural i de cohesi\u00f3<\/strong>\u00a0als barris d&#8217;Espronceda i Campoamor, i mantenim una xarxa de relacions amb les escoles de prim\u00e0ria adscrites al nostre institut i amb diferents entitats a trav\u00e9s del pla educatiu d&#8217;entorn o de projectes propis del centre.<\/p>\n<p style=\"text-align: justify;\">Com a centre d&#8217;ensenyament secundari obligatori i de batxillerat volem\u00a0oferir<strong> un servei p\u00fablic i de qualitat al barri<\/strong>\u00a0i cobrir les necessitats educatives i socials dels nois i noies. Partim de les necessitats individuals de cada alumne\/a i implementem metodologies encaminades a l&#8217;assoliment de les compet\u00e8ncies b\u00e0siques perqu\u00e8 puguin incorporar-se amb garanties d&#8217;\u00e8xit a la societat actual.<\/p>\n","protected":false},"excerpt":{"rendered":"<p>L&#8217;institut Ribot i Serra vol ser un centre que formi els nois i noies per tal que esdevinguin\u00a0persones compromeses amb la realitat: solid\u00e0ries, pac\u00edfiques i dialogants, respectuoses amb el medi ambient, amb criteri propi, responsables, capaces d&#8217;incorporar-se a la nostra societat plural i canviant, i d&#8217;integrar-se en un proc\u00e9s de formaci\u00f3 al llarg de tota [&hellip;]<\/p>\n","protected":false},"author":1,"featured_media":0,"parent":19,"menu_order":1,"comment_status":"closed","ping_status":"closed","template":"","meta":{"_bbp_topic_count":0,"_bbp_reply_count":0,"_bbp_total_topic_count":0,"_bbp_total_reply_count":0,"_bbp_voice_count":0,"_bbp_anonymous_reply_count":0,"_bbp_topic_count_hidden":0,"_bbp_reply_count_hidden":0,"_bbp_forum_subforum_count":0,"site-sidebar-layout":"default","site-content-layout":"","ast-site-content-layout":"default","site-content-style":"default","site-sidebar-style":"default","ast-global-header-display":"","ast-banner-title-visibility":"","ast-main-header-display":"","ast-hfb-above-header-display":"","ast-hfb-below-header-display":"","ast-hfb-mobile-header-display":"","site-post-title":"","ast-breadcrumbs-content":"","ast-featured-img":"","footer-sml-layout":"","theme-transparent-header-meta":"default","adv-header-id-meta":"","stick-header-meta":"","header-above-stick-meta":"","header-main-stick-meta":"","header-below-stick-meta":"","astra-migrate-meta-layouts":"set","ast-page-background-enabled":"default","ast-page-background-meta":{"desktop":{"background-color":"var(--ast-global-color-4)","background-image":"","background-repeat":"repeat","background-position":"center center","background-size":"auto","background-attachment":"scroll","background-type":"","background-media":"","overlay-type":"","overlay-color":"","overlay-opacity":"","overlay-gradient":""},"tablet":{"background-color":"","background-image":"","background-repeat":"repeat","background-position":"center center","background-size":"auto","background-attachment":"scroll","background-type":"","background-media":"","overlay-type":"","overlay-color":"","overlay-opacity":"","overlay-gradient":""},"mobile":{"background-color":"","background-image":"","background-repeat":"repeat","background-position":"center center","background-size":"auto","background-attachment":"scroll","background-type":"","background-media":"","overlay-type":"","overlay-color":"","overlay-opacity":"","overlay-gradient":""}},"ast-content-background-meta":{"desktop":{"background-color":"var(--ast-global-color-5)","background-image":"","background-repeat":"repeat","background-position":"center center","background-size":"auto","background-attachment":"scroll","background-type":"","background-media":"","overlay-type":"","overlay-color":"","overlay-opacity":"","overlay-gradient":""},"tablet":{"background-color":"var(--ast-global-color-5)","background-image":"","background-repeat":"repeat","background-position":"center center","background-size":"auto","background-attachment":"scroll","background-type":"","background-media":"","overlay-type":"","overlay-color":"","overlay-opacity":"","overlay-gradient":""},"mobile":{"background-color":"var(--ast-global-color-5)","background-image":"","background-repeat":"repeat","background-position":"center center","background-size":"auto","background-attachment":"scroll","background-type":"","background-media":"","overlay-type":"","overlay-color":"","overlay-opacity":"","overlay-gradient":""}},"footnotes":""},"class_list":["post-27","page","type-page","status-publish","hentry"],"post_mailing_queue_ids":[],"_links":{"self":[{"href":"https:\/\/agora.xtec.cat\/iesribotiserra\/wp-json\/wp\/v2\/pages\/27","targetHints":{"allow":["GET"]}}],"collection":[{"href":"https:\/\/agora.xtec.cat\/iesribotiserra\/wp-json\/wp\/v2\/pages"}],"about":[{"href":"https:\/\/agora.xtec.cat\/iesribotiserra\/wp-json\/wp\/v2\/types\/page"}],"author":[{"embeddable":true,"href":"https:\/\/agora.xtec.cat\/iesribotiserra\/wp-json\/wp\/v2\/users\/1"}],"replies":[{"embeddable":true,"href":"https:\/\/agora.xtec.cat\/iesribotiserra\/wp-json\/wp\/v2\/comments?post=27"}],"version-history":[{"count":4,"href":"https:\/\/agora.xtec.cat\/iesribotiserra\/wp-json\/wp\/v2\/pages\/27\/revisions"}],"predecessor-version":[{"id":13449,"href":"https:\/\/agora.xtec.cat\/iesribotiserra\/wp-json\/wp\/v2\/pages\/27\/revisions\/13449"}],"up":[{"embeddable":true,"href":"https:\/\/agora.xtec.cat\/iesribotiserra\/wp-json\/wp\/v2\/pages\/19"}],"wp:attachment":[{"href":"https:\/\/agora.xtec.cat\/iesribotiserra\/wp-json\/wp\/v2\/media?parent=27"}],"curies":[{"name":"wp","href":"https:\/\/api.w.org\/{rel}","templated":true}]}}