{"id":43,"date":"2014-09-17T16:45:07","date_gmt":"2014-09-17T14:45:07","guid":{"rendered":"http:\/\/agora.xtec.cat\/iesreguissol\/?page_id=43"},"modified":"2024-09-04T21:59:50","modified_gmt":"2024-09-04T19:59:50","slug":"consell-escolar","status":"publish","type":"page","link":"https:\/\/agora.xtec.cat\/iesreguissol\/linstitut\/consell-escolar\/","title":{"rendered":"Consell escolar"},"content":{"rendered":"<p style=\"text-align: justify;\">El consell escolar \u00e9s l&#8217;\u00f2rgan col\u00b7legiat de participaci\u00f3 de la comunitat educativa en el govern del centre. Hi ha representants de tots els col\u00b7lectius que intervenen en la comunitat educativa de l&#8217;Institut Reguissol: equip directiu, professorat, alumnat, personal d&#8217;administraci\u00f3 i serveis, pares i mares, etc. La composici\u00f3, el funcionament i les funcions del consell escolar estan regulades en els<a href=\"http:\/\/ensenyament.gencat.cat\/ca\/arees-actuacio\/centres-serveis-educatius\/centres\/consells-escolars-centres\/centres-publics\/\"> centres p\u00fablics per normativa p\u00fablica al web del Departament d&#8217;Educaci\u00f3.<\/a><\/p>\n<div class=\"FW_sEditPro\">\n<p>El consell escolar de l&#8217;Institut Reguissol est\u00e0 format actualment per:<\/p>\n<table dir=\"ltr\" border=\"1\" cellspacing=\"0\" cellpadding=\"0\" data-sheets-root=\"1\" data-sheets-baot=\"1\">\n<colgroup>\n<col width=\"301\" \/>\n<col width=\"280\" \/><\/colgroup>\n<tbody>\n<tr>\n<td>Presidenta i directora<\/td>\n<td>Gemma Cerezo Ruiz<\/td>\n<\/tr>\n<tr>\n<td>Cap d&#8217;Estudis<\/td>\n<td>Llu\u00eds Sanuy Moya<\/td>\n<\/tr>\n<tr>\n<td>Secretari<\/td>\n<td>Pau Acordagoicoechea Nadal<\/td>\n<\/tr>\n<tr>\n<td>Representat de l&#8217;Ajuntament<\/td>\n<td>Agust\u00ed Vilar Fornies<\/td>\n<\/tr>\n<tr>\n<td>Representant del PAS 1<\/td>\n<td>Irene Echeverr\u00eda Marg\u00fcello<\/td>\n<\/tr>\n<tr>\n<td>Representant del professorat 1<\/td>\n<td>Pau Acordagoicoechea Nadal<\/td>\n<\/tr>\n<tr>\n<td>Representant del professorat 2<\/td>\n<td>Jordi Barbosa Molins<\/td>\n<\/tr>\n<tr>\n<td>Representant del professorat 3<\/td>\n<td>Jordi Ribera Llonc<\/td>\n<\/tr>\n<tr>\n<td>Representant del professorat 4<\/td>\n<td>S\u00edlvia Serrano Mart\u00ednez<\/td>\n<\/tr>\n<tr>\n<td>Representant del professorat 5<\/td>\n<td>Angelica Hor Flandes<\/td>\n<\/tr>\n<tr>\n<td>Representant FAM\/ALU 1 de l&#8217;AFA<\/td>\n<td>Borja Romero Salord<\/td>\n<\/tr>\n<tr>\n<td>Representant FAM\/ALU 2 de l&#8217;alumnat<\/td>\n<td>Nil Giol Colom<\/td>\n<\/tr>\n<tr>\n<td>Representant FAM\/ALU 3 de l&#8217;alumnat<\/td>\n<td>Victor Valbuena Eleuterio<\/td>\n<\/tr>\n<tr>\n<td>Representant FAM\/ALU 4 de l&#8217;alumnat<\/td>\n<td>Daniel Kahanyuk Kahanyuk<\/td>\n<\/tr>\n<tr>\n<td>Representant FAM\/ALU 5 de les fam\u00edlies<\/td>\n<td>Albert Mas Llovera<\/td>\n<\/tr>\n<\/tbody>\n<\/table>\n<ul>\n<li style=\"list-style-type: none;\"><\/li>\n<\/ul>\n<\/div>\n","protected":false},"excerpt":{"rendered":"<p>El consell escolar \u00e9s l&#8217;\u00f2rgan col\u00b7legiat de participaci\u00f3 de la comunitat educativa en el govern del centre. Hi ha representants de tots els col\u00b7lectius que intervenen en la comunitat educativa de l&#8217;Institut Reguissol: equip directiu, professorat, alumnat, personal d&#8217;administraci\u00f3 i serveis, pares i mares, etc.&hellip;  <a href=\"https:\/\/agora.xtec.cat\/iesreguissol\/linstitut\/consell-escolar\/\" title=\"Read Consell escolar\">Llegeix m\u00e9s\u00bb<\/a><\/p>\n","protected":false},"author":1,"featured_media":0,"parent":19,"menu_order":6,"comment_status":"closed","ping_status":"closed","template":"page-templates\/side-menu.php","meta":{"_bbp_topic_count":0,"_bbp_reply_count":0,"_bbp_total_topic_count":0,"_bbp_total_reply_count":0,"_bbp_voice_count":0,"_bbp_anonymous_reply_count":0,"_bbp_topic_count_hidden":0,"_bbp_reply_count_hidden":0,"_bbp_forum_subforum_count":0,"footnotes":""},"class_list":["post-43","page","type-page","status-publish","hentry"],"post_mailing_queue_ids":[],"_links":{"self":[{"href":"https:\/\/agora.xtec.cat\/iesreguissol\/wp-json\/wp\/v2\/pages\/43","targetHints":{"allow":["GET"]}}],"collection":[{"href":"https:\/\/agora.xtec.cat\/iesreguissol\/wp-json\/wp\/v2\/pages"}],"about":[{"href":"https:\/\/agora.xtec.cat\/iesreguissol\/wp-json\/wp\/v2\/types\/page"}],"author":[{"embeddable":true,"href":"https:\/\/agora.xtec.cat\/iesreguissol\/wp-json\/wp\/v2\/users\/1"}],"replies":[{"embeddable":true,"href":"https:\/\/agora.xtec.cat\/iesreguissol\/wp-json\/wp\/v2\/comments?post=43"}],"version-history":[{"count":6,"href":"https:\/\/agora.xtec.cat\/iesreguissol\/wp-json\/wp\/v2\/pages\/43\/revisions"}],"predecessor-version":[{"id":21597,"href":"https:\/\/agora.xtec.cat\/iesreguissol\/wp-json\/wp\/v2\/pages\/43\/revisions\/21597"}],"up":[{"embeddable":true,"href":"https:\/\/agora.xtec.cat\/iesreguissol\/wp-json\/wp\/v2\/pages\/19"}],"wp:attachment":[{"href":"https:\/\/agora.xtec.cat\/iesreguissol\/wp-json\/wp\/v2\/media?parent=43"}],"curies":[{"name":"wp","href":"https:\/\/api.w.org\/{rel}","templated":true}]}}