{"id":8374,"date":"2020-05-21T02:00:13","date_gmt":"2020-05-21T00:00:13","guid":{"rendered":"http:\/\/agora.xtec.cat\/iesramoncoll\/?page_id=8374"},"modified":"2025-12-06T15:06:57","modified_gmt":"2025-12-06T14:06:57","slug":"cicles-formatius","status":"publish","type":"page","link":"https:\/\/agora.xtec.cat\/iesramoncoll\/estudis\/cicles-formatius\/","title":{"rendered":"Cicles formatius i altres ensenyaments professionals"},"content":{"rendered":"<h4><\/h4>\n<h4><span style=\"color: #666699;\">CICLES FORMATIUS DE GRAU MITJ\u00c0<\/span><\/h4>\n<ul>\n<li style=\"list-style-type: none;\">\n<ul style=\"list-style-type: disc;\">\n<li><a href=\"http:\/\/agora.xtec.cat\/iesramoncoll\/estudis\/cicles-formatius\/cfgm-de-cuina-i-gastronomia\/\"><span style=\"color: #3366ff;\"><strong>CFGM de Cuina i Gastronomia<\/strong><\/span><\/a><\/li>\n<li><a href=\"http:\/\/agora.xtec.cat\/iesramoncoll\/estudis\/cicles-formatius\/cfgm-de-serveis-en-restauracio\/\"><span style=\"color: #3366ff;\"><strong>CFGM de Serveis en Restauraci\u00f3<\/strong><\/span><\/a><\/li>\n<li><a href=\"http:\/\/agora.xtec.cat\/iesramoncoll\/estudis\/cicles-formatius\/cfgm-de-forneria-pastisseria-i-confiteria\/\"><span style=\"color: #3366ff;\"><strong>CFGM de Forneria, Pastisseria i Confiteria<\/strong><\/span><\/a><\/li>\n<li><a href=\"https:\/\/agora.xtec.cat\/iesramoncoll\/estudis\/cicles-formatius\/cfgm-de-video-discjoquei-i-so\/\"><span style=\"color: #3366ff;\"><strong>CFGM de V\u00eddeo, Discj\u00f2quei i So<\/strong><\/span><\/a><\/li>\n<\/ul>\n<\/li>\n<\/ul>\n<h4><span style=\"color: #666699;\">CICLES FORMATIUS DE GRAU SUPERIOR<\/span><\/h4>\n<ul>\n<li style=\"list-style-type: none;\">\n<ul style=\"list-style-type: disc;\">\n<li><a href=\"http:\/\/agora.xtec.cat\/iesramoncoll\/estudis\/cicles-formatius\/cfgs-de-gestio-dallotjaments-turistics\/\"><strong><span style=\"color: #3366ff;\">CFGS de Gesti\u00f3 d&#8217;Allotjaments Tur\u00edstics<\/span><\/strong><\/a><\/li>\n<\/ul>\n<\/li>\n<\/ul>\n<h4><span style=\"color: #666699;\">CURSOS D\u2019ESPECIALITZACI\u00d3<\/span><\/h4>\n<ul>\n<li style=\"list-style-type: none;\">\n<ul style=\"list-style-type: disc;\">\n<li><a href=\"https:\/\/agora.xtec.cat\/iesramoncoll\/estudis\/cicles-formatius\/curs-despecialitzacio-en-forneria-i-brioxeria-artesanal\/\"><span style=\"color: #3366ff;\"><strong>Curs d\u2019especialitzaci\u00f3 en Forneria i Brioixeria Artesanal<\/strong><\/span><\/a><\/li>\n<\/ul>\n<\/li>\n<\/ul>\n<h4><span style=\"color: #666699;\">ITINERARI FORMATIU ESPEC\u00cdFIC<\/span><\/h4>\n<ul>\n<li style=\"list-style-type: none;\">\n<ul style=\"list-style-type: disc;\">\n<li><a href=\"https:\/\/agora.xtec.cat\/iesramoncoll\/estudis\/cicles-formatius\/ife-auxiliar-en-serveis-de-restauracio-i-elaboracio-dapats\/\"><span style=\"color: #3366ff;\"><strong>IFE Auxiliar en Serveis de Restauraci\u00f3 i Elaboraci\u00f3 d\u2019\u00c0pats<\/strong><\/span><\/a><\/li>\n<\/ul>\n<\/li>\n<\/ul>\n<p>&nbsp;<\/p>\n<p>El turisme s&#8217;est\u00e0 transformant; prepara&#8217;t per a treballar en aquest m\u00f3n. Vivim en una zona tur\u00edstica i aix\u00f2 fa que la inserci\u00f3 laboral dels alumnes que acaben els nostres cicles formatius de la fam\u00edlia d&#8217;hostaleria i turisme hagi estat fins ara del 100 %.<\/p>\n<p style=\"text-align: center;\"><iframe loading=\"lazy\" title=\"YouTube video player\" src=\"https:\/\/www.youtube-nocookie.com\/embed\/t_HXhiBmXz4\" width=\"560\" height=\"315\" frameborder=\"0\" allowfullscreen=\"allowfullscreen\"><\/iframe><\/p>\n<p style=\"text-align: center;\"><iframe loading=\"lazy\" title=\"YouTube video player\" src=\"https:\/\/www.youtube-nocookie.com\/embed\/WsZFs9fMqxQ\" width=\"560\" height=\"315\" frameborder=\"0\" allowfullscreen=\"allowfullscreen\"><\/iframe><\/p>\n<p>&nbsp;<\/p>\n<h4><a href=\"https:\/\/agora.xtec.cat\/iesramoncoll\/wp-content\/uploads\/usu536\/2024\/03\/PILE.png\"><img loading=\"lazy\" decoding=\"async\" class=\"aligncenter size-full wp-image-16200\" src=\"https:\/\/agora.xtec.cat\/iesramoncoll\/wp-content\/uploads\/usu536\/2024\/03\/PILE.png\" alt=\"\" width=\"1179\" height=\"338\" srcset=\"https:\/\/agora.xtec.cat\/iesramoncoll\/wp-content\/uploads\/usu536\/2024\/03\/PILE.png 1179w, https:\/\/agora.xtec.cat\/iesramoncoll\/wp-content\/uploads\/usu536\/2024\/03\/PILE-300x86.png 300w, https:\/\/agora.xtec.cat\/iesramoncoll\/wp-content\/uploads\/usu536\/2024\/03\/PILE-1024x294.png 1024w, https:\/\/agora.xtec.cat\/iesramoncoll\/wp-content\/uploads\/usu536\/2024\/03\/PILE-768x220.png 768w\" sizes=\"auto, (max-width: 1179px) 100vw, 1179px\" \/><\/a><\/h4>\n","protected":false},"excerpt":{"rendered":"<p>CICLES FORMATIUS DE GRAU MITJ\u00c0<\/p>\n<ul>\n<li style=\"list-style-type: none;\">\n<ul style=\"list-style-type: disc;\">\n<li><a href=\"http:\/\/agora.xtec.cat\/iesramoncoll\/estudis\/cicles-formatius\/cfgm-de-cuina-i-gastronomia\/\">CFGM de Cuina i Gastronomia<\/a><\/li>\n<li><a href=\"http:\/\/agora.xtec.cat\/iesramoncoll\/estudis\/cicles-formatius\/cfgm-de-serveis-en-restauracio\/\">CFGM de Serveis en Restauraci\u00f3<\/a><\/li>\n<li><a href=\"http:\/\/agora.xtec.cat\/iesramoncoll\/estudis\/cicles-formatius\/cfgm-de-forneria-pastisseria-i-confiteria\/\">CFGM de Forneria, Pastisseria i Confiteria<\/a><\/li>\n<li><a href=\"https:\/\/agora.xtec.cat\/iesramoncoll\/estudis\/cicles-formatius\/cfgm-de-video-discjoquei-i-so\/\">CFGM de V\u00eddeo, Discj\u00f2quei i So<\/a><\/li>\n<\/ul>\n<\/li>\n<\/ul>\n<p>CICLES FORMATIUS DE GRAU SUPERIOR<\/p>\n<ul>\n<li style=\"list-style-type: none;\">\n<ul style=\"list-style-type: disc;\">\n<li><a href=\"http:\/\/agora.xtec.cat\/iesramoncoll\/estudis\/cicles-formatius\/cfgs-de-gestio-dallotjaments-turistics\/\">CFGS de Gesti\u00f3 d&#8217;Allotjaments Tur\u00edstics<\/a><\/li>\n<\/ul>\n<\/li>\n<\/ul>\n<p>CURSOS D\u2019ESPECIALITZACI\u00d3<\/p>\n<ul>\n<li&hellip;  <a href=\"https:\/\/agora.xtec.cat\/iesramoncoll\/estudis\/cicles-formatius\/\" title=\"Read Cicles formatius i altres ensenyaments professionals\">Llegeix m\u00e9s\u00bb<\/a><\/p>\n","protected":false},"author":5,"featured_media":0,"parent":195,"menu_order":0,"comment_status":"closed","ping_status":"closed","template":"","meta":{"_bbp_topic_count":0,"_bbp_reply_count":0,"_bbp_total_topic_count":0,"_bbp_total_reply_count":0,"_bbp_voice_count":0,"_bbp_anonymous_reply_count":0,"_bbp_topic_count_hidden":0,"_bbp_reply_count_hidden":0,"_bbp_forum_subforum_count":0,"footnotes":""},"class_list":["post-8374","page","type-page","status-publish","hentry"],"post_mailing_queue_ids":[],"_links":{"self":[{"href":"https:\/\/agora.xtec.cat\/iesramoncoll\/wp-json\/wp\/v2\/pages\/8374","targetHints":{"allow":["GET"]}}],"collection":[{"href":"https:\/\/agora.xtec.cat\/iesramoncoll\/wp-json\/wp\/v2\/pages"}],"about":[{"href":"https:\/\/agora.xtec.cat\/iesramoncoll\/wp-json\/wp\/v2\/types\/page"}],"author":[{"embeddable":true,"href":"https:\/\/agora.xtec.cat\/iesramoncoll\/wp-json\/wp\/v2\/users\/5"}],"replies":[{"embeddable":true,"href":"https:\/\/agora.xtec.cat\/iesramoncoll\/wp-json\/wp\/v2\/comments?post=8374"}],"version-history":[{"count":6,"href":"https:\/\/agora.xtec.cat\/iesramoncoll\/wp-json\/wp\/v2\/pages\/8374\/revisions"}],"predecessor-version":[{"id":19210,"href":"https:\/\/agora.xtec.cat\/iesramoncoll\/wp-json\/wp\/v2\/pages\/8374\/revisions\/19210"}],"up":[{"embeddable":true,"href":"https:\/\/agora.xtec.cat\/iesramoncoll\/wp-json\/wp\/v2\/pages\/195"}],"wp:attachment":[{"href":"https:\/\/agora.xtec.cat\/iesramoncoll\/wp-json\/wp\/v2\/media?parent=8374"}],"curies":[{"name":"wp","href":"https:\/\/api.w.org\/{rel}","templated":true}]}}