{"id":57,"date":"2014-09-17T17:01:07","date_gmt":"2014-09-17T17:01:07","guid":{"rendered":"http:\/\/agora.xtec.cat\/iesramonberenguer-amposta\/\/?page_id=57"},"modified":"2017-06-30T12:33:28","modified_gmt":"2017-06-30T10:33:28","slug":"projecte-educatiu","status":"publish","type":"page","link":"https:\/\/agora.xtec.cat\/iesramonberenguer-amposta\/projecte-educatiu\/","title":{"rendered":"Projecte educatiu"},"content":{"rendered":"<p align=\"justify\">El nostre Projecte Educatiu t\u00e9 entre els seus objectius: facilitar i promoure la implicaci\u00f3 de les fam\u00edlies en l\u2019evoluci\u00f3 acad\u00e8mica i personal de l\u2019alumne; planificar i fer seguiment de les actuacions per atendre la diversitat; prioritzar l\u2019aprenentatge de les compet\u00e8ncies b\u00e0siques; potenciar la lectura en totes les \u00e0rees i mat\u00e8ries com a instrument de l\u2019aprenentatge; millorar la cohesi\u00f3 social; promoure activitats d\u2019actualitzaci\u00f3 cient\u00edfica, human\u00edstica i art\u00edstica; obrir i millorar la interrelaci\u00f3 de la nostra comunitat educativa amb el seu entorn.<\/p>\n<p align=\"justify\">La nostra\u00a0<strong>oferta educativa<\/strong>\u00a0abasta l\u2019<strong>Educaci\u00f3 Secund\u00e0ria Obligat\u00f2ria<\/strong>, el\u00a0<strong>Batxillerat<\/strong>, el\u00a0<strong>Curs d\u2019Acc\u00e9s als Cicles Formatius de Grau Superior<\/strong>\u00a0i els\u00a0<strong>Cicles Formatius de Grau Mitj\u00e0 i Superior<\/strong>. Som\u00a0<strong>centre de suport de l\u2019Institut Obert de Catalunya<\/strong>\u00a0per al Batxillerat i per al Curs d\u2019Acc\u00e9s als Cicles Formatius de Grau Superior.<\/p>\n<p align=\"justify\">Entre tots els estudis som anualment aproximadament 800 alumnes i un equip docent i d\u2019administraci\u00f3 i serveis de 80 professionals.<\/p>\n<p>&nbsp;<\/p>\n","protected":false},"excerpt":{"rendered":"<p>El nostre Projecte Educatiu t\u00e9 entre els seus objectius: facilitar i promoure la implicaci\u00f3 de les fam\u00edlies en l\u2019evoluci\u00f3 acad\u00e8mica i personal de l\u2019alumne; planificar i fer seguiment de les actuacions per atendre la diversitat; prioritzar l\u2019aprenentatge de les compet\u00e8ncies b\u00e0siques; potenciar la lectura en&hellip;  <a href=\"https:\/\/agora.xtec.cat\/iesramonberenguer-amposta\/projecte-educatiu\/\" title=\"Read Projecte educatiu\">Llegeix m\u00e9s\u00bb<\/a><\/p>\n","protected":false},"author":1,"featured_media":0,"parent":0,"menu_order":0,"comment_status":"closed","ping_status":"closed","template":"page-templates\/side-menu.php","meta":{"_bbp_topic_count":0,"_bbp_reply_count":0,"_bbp_total_topic_count":0,"_bbp_total_reply_count":0,"_bbp_voice_count":0,"_bbp_anonymous_reply_count":0,"_bbp_topic_count_hidden":0,"_bbp_reply_count_hidden":0,"_bbp_forum_subforum_count":0,"footnotes":""},"class_list":["post-57","page","type-page","status-publish","hentry"],"post_mailing_queue_ids":[],"_links":{"self":[{"href":"https:\/\/agora.xtec.cat\/iesramonberenguer-amposta\/wp-json\/wp\/v2\/pages\/57","targetHints":{"allow":["GET"]}}],"collection":[{"href":"https:\/\/agora.xtec.cat\/iesramonberenguer-amposta\/wp-json\/wp\/v2\/pages"}],"about":[{"href":"https:\/\/agora.xtec.cat\/iesramonberenguer-amposta\/wp-json\/wp\/v2\/types\/page"}],"author":[{"embeddable":true,"href":"https:\/\/agora.xtec.cat\/iesramonberenguer-amposta\/wp-json\/wp\/v2\/users\/1"}],"replies":[{"embeddable":true,"href":"https:\/\/agora.xtec.cat\/iesramonberenguer-amposta\/wp-json\/wp\/v2\/comments?post=57"}],"version-history":[{"count":3,"href":"https:\/\/agora.xtec.cat\/iesramonberenguer-amposta\/wp-json\/wp\/v2\/pages\/57\/revisions"}],"predecessor-version":[{"id":632,"href":"https:\/\/agora.xtec.cat\/iesramonberenguer-amposta\/wp-json\/wp\/v2\/pages\/57\/revisions\/632"}],"wp:attachment":[{"href":"https:\/\/agora.xtec.cat\/iesramonberenguer-amposta\/wp-json\/wp\/v2\/media?parent=57"}],"curies":[{"name":"wp","href":"https:\/\/api.w.org\/{rel}","templated":true}]}}