{"id":10405,"date":"2020-11-18T06:03:56","date_gmt":"2020-11-18T05:03:56","guid":{"rendered":"https:\/\/agora.xtec.cat\/iesramonberenguer-amposta\/?page_id=10405"},"modified":"2021-02-24T10:40:52","modified_gmt":"2021-02-24T09:40:52","slug":"recomanacions-lectores","status":"publish","type":"page","link":"https:\/\/agora.xtec.cat\/iesramonberenguer-amposta\/biblioteca-escolar\/recomanacions-lectores\/","title":{"rendered":"Recomanacions lectura"},"content":{"rendered":"<p>Si cliqueu damunt de l&#8217;icona de l&#8217;\u00e8-pergam podreu consultar el nostre cat\u00e0leg o al link <a href=\"https:\/\/aplicacions.gestioeducativa.gencat.cat\/epergam\/web\/biblioteca.jsp?codi=43000329\" target=\"_blank\" rel=\"noopener noreferrer\">Ep\u00e8rgam<\/a><\/p>\n<p>Trobareu a m\u00e9s a m\u00e9s una selecci\u00f3 de guies de lectura classificades per edats i\/o per temes.<\/p>\n<p><a href=\"https:\/\/aplicacions.gestioeducativa.gencat.cat\/epergam\/web\/biblioteca.jsp?codi=43000329\" target=\"_blank\" rel=\"noopener noreferrer\"><img loading=\"lazy\" decoding=\"async\" class=\"alignnone wp-image-10491 size-full\" src=\"https:\/\/agora.xtec.cat\/iesramonberenguer-amposta\/wp-content\/uploads\/usu297\/2020\/12\/eP\u00e8rgam.jpg\" alt=\"\" width=\"366\" height=\"138\" \/><\/a><\/p>\n","protected":false},"excerpt":{"rendered":"<p>Si cliqueu damunt de l&#8217;icona de l&#8217;\u00e8-pergam podreu consultar el nostre cat\u00e0leg o al link <a href=\"https:\/\/aplicacions.gestioeducativa.gencat.cat\/epergam\/web\/biblioteca.jsp?codi=43000329\" target=\"_blank\" rel=\"noopener noreferrer\">Ep\u00e8rgam<\/a><br \/>\nTrobareu a m\u00e9s a m\u00e9s una selecci\u00f3 de guies de lectura classificades per edats i\/o per temes.<br \/>\n<a href=\"https:\/\/aplicacions.gestioeducativa.gencat.cat\/epergam\/web\/biblioteca.jsp?codi=43000329\" target=\"_blank\" rel=\"noopener noreferrer\"><\/a><\/p>\n","protected":false},"author":244,"featured_media":0,"parent":10392,"menu_order":6,"comment_status":"closed","ping_status":"closed","template":"page-templates\/side-menu.php","meta":{"_bbp_topic_count":0,"_bbp_reply_count":0,"_bbp_total_topic_count":0,"_bbp_total_reply_count":0,"_bbp_voice_count":0,"_bbp_anonymous_reply_count":0,"_bbp_topic_count_hidden":0,"_bbp_reply_count_hidden":0,"_bbp_forum_subforum_count":0,"footnotes":""},"class_list":["post-10405","page","type-page","status-publish","hentry"],"post_mailing_queue_ids":[],"_links":{"self":[{"href":"https:\/\/agora.xtec.cat\/iesramonberenguer-amposta\/wp-json\/wp\/v2\/pages\/10405","targetHints":{"allow":["GET"]}}],"collection":[{"href":"https:\/\/agora.xtec.cat\/iesramonberenguer-amposta\/wp-json\/wp\/v2\/pages"}],"about":[{"href":"https:\/\/agora.xtec.cat\/iesramonberenguer-amposta\/wp-json\/wp\/v2\/types\/page"}],"author":[{"embeddable":true,"href":"https:\/\/agora.xtec.cat\/iesramonberenguer-amposta\/wp-json\/wp\/v2\/users\/244"}],"replies":[{"embeddable":true,"href":"https:\/\/agora.xtec.cat\/iesramonberenguer-amposta\/wp-json\/wp\/v2\/comments?post=10405"}],"version-history":[{"count":4,"href":"https:\/\/agora.xtec.cat\/iesramonberenguer-amposta\/wp-json\/wp\/v2\/pages\/10405\/revisions"}],"predecessor-version":[{"id":10574,"href":"https:\/\/agora.xtec.cat\/iesramonberenguer-amposta\/wp-json\/wp\/v2\/pages\/10405\/revisions\/10574"}],"up":[{"embeddable":true,"href":"https:\/\/agora.xtec.cat\/iesramonberenguer-amposta\/wp-json\/wp\/v2\/pages\/10392"}],"wp:attachment":[{"href":"https:\/\/agora.xtec.cat\/iesramonberenguer-amposta\/wp-json\/wp\/v2\/media?parent=10405"}],"curies":[{"name":"wp","href":"https:\/\/api.w.org\/{rel}","templated":true}]}}