{"id":766,"date":"2018-07-12T13:23:42","date_gmt":"2018-07-12T11:23:42","guid":{"rendered":"http:\/\/agora.xtec.cat\/iesrafaelcasanova\/?page_id=766"},"modified":"2019-08-05T09:58:56","modified_gmt":"2019-08-05T07:58:56","slug":"religio","status":"publish","type":"page","link":"https:\/\/agora.xtec.cat\/iesrafaelcasanova\/3-departaments-didactics\/religio\/","title":{"rendered":"Religi\u00f3"},"content":{"rendered":"<table class=\" aligncenter\" style=\"width: 529px;\" border=\"0\">\n<tbody>\n<tr style=\"height: 49px;\">\n<td style=\"width: 521px; height: 49px;\" colspan=\"2\">\n<h5 style=\"text-align: center;\"><strong>Professorat del departament<\/strong><\/h5>\n<\/td>\n<\/tr>\n<tr style=\"height: 161px;\">\n<td style=\"width: 149px; height: 161px;\">\u00a0<img decoding=\"async\" src=\"https:\/\/agora.xtec.cat\/iescasablancas\/wp-content\/uploads\/usu917\/2016\/02\/thumb_depreligio.png\" alt=\"thumb_depreligio\" \/><\/td>\n<td style=\"width: 372px; height: 161px;\">\u00a0Mar\u00eda Jos\u00e9 Garc\u00eda<\/p>\n<p>&nbsp;<\/td>\n<\/tr>\n<\/tbody>\n<\/table>\n<p style=\"text-align: justify;\">\n","protected":false},"excerpt":{"rendered":"<p>Professorat del departament<\/p>\n<p>\u00a0<br \/>\n\u00a0Mar\u00eda Jos\u00e9 Garc\u00eda<br \/>\n&nbsp;<\/p>\n","protected":false},"author":1,"featured_media":0,"parent":526,"menu_order":30,"comment_status":"closed","ping_status":"closed","template":"","meta":{"_bbp_topic_count":0,"_bbp_reply_count":0,"_bbp_total_topic_count":0,"_bbp_total_reply_count":0,"_bbp_voice_count":0,"_bbp_anonymous_reply_count":0,"_bbp_topic_count_hidden":0,"_bbp_reply_count_hidden":0,"_bbp_forum_subforum_count":0,"footnotes":""},"class_list":["post-766","page","type-page","status-publish","hentry"],"post_mailing_queue_ids":[],"_links":{"self":[{"href":"https:\/\/agora.xtec.cat\/iesrafaelcasanova\/wp-json\/wp\/v2\/pages\/766","targetHints":{"allow":["GET"]}}],"collection":[{"href":"https:\/\/agora.xtec.cat\/iesrafaelcasanova\/wp-json\/wp\/v2\/pages"}],"about":[{"href":"https:\/\/agora.xtec.cat\/iesrafaelcasanova\/wp-json\/wp\/v2\/types\/page"}],"author":[{"embeddable":true,"href":"https:\/\/agora.xtec.cat\/iesrafaelcasanova\/wp-json\/wp\/v2\/users\/1"}],"replies":[{"embeddable":true,"href":"https:\/\/agora.xtec.cat\/iesrafaelcasanova\/wp-json\/wp\/v2\/comments?post=766"}],"version-history":[{"count":3,"href":"https:\/\/agora.xtec.cat\/iesrafaelcasanova\/wp-json\/wp\/v2\/pages\/766\/revisions"}],"predecessor-version":[{"id":3107,"href":"https:\/\/agora.xtec.cat\/iesrafaelcasanova\/wp-json\/wp\/v2\/pages\/766\/revisions\/3107"}],"up":[{"embeddable":true,"href":"https:\/\/agora.xtec.cat\/iesrafaelcasanova\/wp-json\/wp\/v2\/pages\/526"}],"wp:attachment":[{"href":"https:\/\/agora.xtec.cat\/iesrafaelcasanova\/wp-json\/wp\/v2\/media?parent=766"}],"curies":[{"name":"wp","href":"https:\/\/api.w.org\/{rel}","templated":true}]}}