{"id":532,"date":"2018-07-10T05:44:13","date_gmt":"2018-07-10T03:44:13","guid":{"rendered":"http:\/\/agora.xtec.cat\/iesrafaelcasanova\/?page_id=532"},"modified":"2025-08-30T14:00:04","modified_gmt":"2025-08-30T12:00:04","slug":"llengua-i-literatura-catalana","status":"publish","type":"page","link":"https:\/\/agora.xtec.cat\/iesrafaelcasanova\/3-departaments-didactics\/llengua-i-literatura-catalana\/","title":{"rendered":"Llengua catalana i literatura"},"content":{"rendered":"<table class=\" aligncenter\" style=\"width: 529px;\" border=\"0\">\n<tbody>\n<tr style=\"height: 49px;\">\n<td style=\"width: 521px; height: 49px;\" colspan=\"2\">\n<h5 style=\"text-align: center;\"><strong>Professorat del departament<\/strong><\/h5>\n<\/td>\n<\/tr>\n<tr style=\"height: 247px;\">\n<td style=\"width: 149px; height: 247px;\">\u00a0<img decoding=\"async\" src=\"https:\/\/agora.xtec.cat\/iescasablancas\/wp-content\/uploads\/usu917\/2016\/02\/thumb_Departament-de-Catal%C3%A0.png\" alt=\"thumb_departament-de-catala\" \/><\/td>\n<td style=\"width: 372px; height: 247px;\">Vict\u00f2ria Moreno \u2013 <em>Cap de departament i de l&#8217;\u00e0mbit ling\u00fc\u00edstic<\/em><\/p>\n<p>Susana Batalla<\/p>\n<p>Ariadna Daura \u2013 <i>Directora<\/i><\/p>\n<p>Marta Hern\u00e1ndez<\/p>\n<p>Silveria Mart\u00ednez \u2013 <em>Tutora de 1r d&#8217;ESO<\/em><\/p>\n<p>Emma Pel\u00e1ez \u2013 <em>Tutora de 1r d&#8217;ESO<\/em><\/p>\n<p>Olga Ruiz \u2013 <em>Tutora de 2n de Batxillerat<\/em><\/p>\n<p>&nbsp;<\/p>\n<p>&nbsp;<\/p>\n<p>&nbsp;<\/p>\n<p>&nbsp;<\/p>\n<p>&nbsp;<\/p>\n<p>&nbsp;<\/td>\n<\/tr>\n<\/tbody>\n<\/table>\n<p>&nbsp;<\/p>\n<p><a href=\"https:\/\/agora.xtec.cat\/iesrafaelcasanova\/wp-content\/uploads\/usu156\/2025\/02\/CRITERIS-AVALUACIO-CATALA-ESO.definitiu.docx.pdf\">Criteris d&#8217;avaluaci\u00f3 de catal\u00e0 (ESO) (curs 2024-2025)<\/a><\/p>\n<p><a href=\"https:\/\/agora.xtec.cat\/iesrafaelcasanova\/wp-content\/uploads\/usu156\/2025\/02\/CRITERIS-AVALUACIO-BATXILLERAT-CATALA-2024-2025.docx-1.pdf\">Criteris d&#8217;avaluaci\u00f3 de catal\u00e0 (Batxillerat) (curs 2024-2025)<\/a><\/p>\n","protected":false},"excerpt":{"rendered":"<p>Professorat del departament<\/p>\n<p>\u00a0<br \/>\nVict\u00f2ria Moreno \u2013 Cap de departament i de l&#8217;\u00e0mbit ling\u00fc\u00edstic<br \/>\nSusana Batalla<br \/>\nAriadna Daura \u2013 Directora<br \/>\nMarta Hern\u00e1ndez<br \/>\nSilveria Mart\u00ednez \u2013 Tutora de 1r d&#8217;ESO<br \/>\nEmma Pel\u00e1ez \u2013 Tutora de 1r d&#8217;ESO<br \/>\nOlga Ruiz \u2013 Tutora de 2n de Batxillerat<br \/>\n&nbsp;<br \/>\n&nbsp;<br \/>\n&nbsp;<br \/>\n&nbsp;<br \/>\n&nbsp;<br \/>\n&nbsp;<\/p>\n<p>&nbsp;<br \/>\n<a href=\"https:\/\/agora.xtec.cat\/iesrafaelcasanova\/wp-content\/uploads\/usu156\/2025\/02\/CRITERIS-AVALUACIO-CATALA-ESO.definitiu.docx.pdf\">Criteris d&#8217;avaluaci\u00f3 de catal\u00e0 (ESO) (curs 2024-2025)<\/a><br \/>\n<a href=\"https:\/\/agora.xtec.cat\/iesrafaelcasanova\/wp-content\/uploads\/usu156\/2025\/02\/CRITERIS-AVALUACIO-BATXILLERAT-CATALA-2024-2025.docx-1.pdf\">Criteris d&#8217;avaluaci\u00f3&hellip;  <a href=\"https:\/\/agora.xtec.cat\/iesrafaelcasanova\/3-departaments-didactics\/llengua-i-literatura-catalana\/\" title=\"Read Llengua catalana i literatura\">Llegeix m\u00e9s\u00bb<\/a><\/p>\n","protected":false},"author":1,"featured_media":0,"parent":526,"menu_order":0,"comment_status":"closed","ping_status":"closed","template":"","meta":{"_bbp_topic_count":0,"_bbp_reply_count":0,"_bbp_total_topic_count":0,"_bbp_total_reply_count":0,"_bbp_voice_count":0,"_bbp_anonymous_reply_count":0,"_bbp_topic_count_hidden":0,"_bbp_reply_count_hidden":0,"_bbp_forum_subforum_count":0,"footnotes":""},"class_list":["post-532","page","type-page","status-publish","hentry"],"post_mailing_queue_ids":[],"_links":{"self":[{"href":"https:\/\/agora.xtec.cat\/iesrafaelcasanova\/wp-json\/wp\/v2\/pages\/532","targetHints":{"allow":["GET"]}}],"collection":[{"href":"https:\/\/agora.xtec.cat\/iesrafaelcasanova\/wp-json\/wp\/v2\/pages"}],"about":[{"href":"https:\/\/agora.xtec.cat\/iesrafaelcasanova\/wp-json\/wp\/v2\/types\/page"}],"author":[{"embeddable":true,"href":"https:\/\/agora.xtec.cat\/iesrafaelcasanova\/wp-json\/wp\/v2\/users\/1"}],"replies":[{"embeddable":true,"href":"https:\/\/agora.xtec.cat\/iesrafaelcasanova\/wp-json\/wp\/v2\/comments?post=532"}],"version-history":[{"count":7,"href":"https:\/\/agora.xtec.cat\/iesrafaelcasanova\/wp-json\/wp\/v2\/pages\/532\/revisions"}],"predecessor-version":[{"id":11731,"href":"https:\/\/agora.xtec.cat\/iesrafaelcasanova\/wp-json\/wp\/v2\/pages\/532\/revisions\/11731"}],"up":[{"embeddable":true,"href":"https:\/\/agora.xtec.cat\/iesrafaelcasanova\/wp-json\/wp\/v2\/pages\/526"}],"wp:attachment":[{"href":"https:\/\/agora.xtec.cat\/iesrafaelcasanova\/wp-json\/wp\/v2\/media?parent=532"}],"curies":[{"name":"wp","href":"https:\/\/api.w.org\/{rel}","templated":true}]}}

<table class=" aligncenter" style="width: 529px;" border="0">
<tbody>
<tr style="height: 49px;">
<td style="width: 521px; height: 49px;" colspan="2">
<h5 style="text-align: center;"><strong>Professorat del departament</strong></h5>
</td>
</tr>
<tr style="height: 247px;">
<td style="width: 149px; height: 247px;"> <img decoding="async" src="https://agora.xtec.cat/iescasablancas/wp-content/uploads/usu917/2016/02/thumb_Departament-de-Catal%C3%A0.png" alt="thumb_departament-de-catala" /></td>
<td style="width: 372px; height: 247px;">Victòria Moreno – <em>Cap de departament i de l&#8217;àmbit lingüístic</em></p>
<p>Susana Batalla</p>
<p>Ariadna Daura – <i>Directora</i></p>
<p>Marta Hernández</p>
<p>Silveria Martínez – <em>Tutora de 1r d&#8217;ESO</em></p>
<p>Emma Peláez – <em>Tutora de 1r d&#8217;ESO</em></p>
<p>Olga Ruiz – <em>Tutora de 2n de Batxillerat</em></p>
<p>&nbsp;</p>
<p>&nbsp;</p>
<p>&nbsp;</p>
<p>&nbsp;</p>
<p>&nbsp;</p>
<p>&nbsp;</td>
</tr>
</tbody>
</table>
<p>&nbsp;</p>
<p><a href="https://agora.xtec.cat/iesrafaelcasanova/wp-content/uploads/usu156/2025/02/CRITERIS-AVALUACIO-CATALA-ESO.definitiu.docx.pdf">Criteris d&#8217;avaluació de català (ESO) (curs 2024-2025)</a></p>
<p><a href="https://agora.xtec.cat/iesrafaelcasanova/wp-content/uploads/usu156/2025/02/CRITERIS-AVALUACIO-BATXILLERAT-CATALA-2024-2025.docx-1.pdf">Criteris d&#8217;avaluació de català (Batxillerat) (curs 2024-2025)</a></p>

<p>Professorat del departament</p>
<p> <br />
Victòria Moreno – Cap de departament i de l&#8217;àmbit lingüístic<br />
Susana Batalla<br />
Ariadna Daura – Directora<br />
Marta Hernández<br />
Silveria Martínez – Tutora de 1r d&#8217;ESO<br />
Emma Peláez – Tutora de 1r d&#8217;ESO<br />
Olga Ruiz – Tutora de 2n de Batxillerat<br />
&nbsp;<br />
&nbsp;<br />
&nbsp;<br />
&nbsp;<br />
&nbsp;<br />
&nbsp;</p>
<p>&nbsp;<br />
<a href="https://agora.xtec.cat/iesrafaelcasanova/wp-content/uploads/usu156/2025/02/CRITERIS-AVALUACIO-CATALA-ESO.definitiu.docx.pdf">Criteris d&#8217;avaluació de català (ESO) (curs 2024-2025)</a><br />
<a href="https://agora.xtec.cat/iesrafaelcasanova/wp-content/uploads/usu156/2025/02/CRITERIS-AVALUACIO-BATXILLERAT-CATALA-2024-2025.docx-1.pdf">Criteris d&#8217;avaluació&hellip;  <a href="https://agora.xtec.cat/iesrafaelcasanova/3-departaments-didactics/llengua-i-literatura-catalana/" title="Read Llengua catalana i literatura">Llegeix més»</a></p>
