{"id":43,"date":"2014-09-17T16:45:07","date_gmt":"2014-09-17T16:45:07","guid":{"rendered":"http:\/\/agora.xtec.cat\/iesrafaelcasanova\/?page_id=43"},"modified":"2024-10-10T13:23:11","modified_gmt":"2024-10-10T11:23:11","slug":"consell-escolar","status":"publish","type":"page","link":"https:\/\/agora.xtec.cat\/iesrafaelcasanova\/linstitut\/consell-escolar\/","title":{"rendered":"Consell escolar"},"content":{"rendered":"<p style=\"text-align: justify;\">El consell escolar del centre \u00e9s l&#8217;<strong>\u00f2rgan col\u00b7legiat de participaci\u00f3<\/strong>\u00a0de la comunitat escolar en el govern del centre. En el consell escolar hi ha representats tots els col\u00b7lectius que intervenen en la comunitat educativa: direcci\u00f3, professorat, alumnat, personal d&#8217;administraci\u00f3 i serveis, etc.<\/p>\n<p style=\"text-align: justify;\">En els centres p\u00fablics, la funci\u00f3 principal del consell escolar \u00e9s participar en la presa de decisions en relaci\u00f3 amb aquells temes importants per al funcionament i l&#8217;organitzaci\u00f3 del centre: el projecte educatiu, la programaci\u00f3 general, la gesti\u00f3 econ\u00f2mica, etc.\u00a0Els membres del consell escolar s\u00f3n elegits per un per\u00edode de quatre anys i es renoven per meitats cada dos anys.<\/p>\n<p>&nbsp;<\/p>\n<table style=\"height: 857px; width: 56.5697%;\" border=\"0\" width=\"427\" cellspacing=\"0\" cellpadding=\"0\">\n<tbody>\n<tr style=\"height: 71px;\" align=\"center\">\n<td style=\"height: 71px; width: 425px;\" colspan=\"2\">\n<p style=\"text-align: center;\"><span style=\"font-size: x-large;\"><b>Membres del Consell Escolar<\/b><\/span><\/p>\n<\/td>\n<\/tr>\n<tr style=\"height: 31px;\">\n<td style=\"height: 31px; width: 150px;\"><b>Direcci\u00f3<\/b><\/td>\n<td style=\"height: 31px; width: 275px;\"><\/td>\n<\/tr>\n<tr style=\"height: 31px;\">\n<td style=\"height: 31px; width: 150px;\"><\/td>\n<td style=\"height: 31px; width: 275px;\">Ariadna Daura Lujan<\/td>\n<\/tr>\n<tr style=\"height: 31px;\">\n<td style=\"height: 31px; width: 150px;\"><\/td>\n<td style=\"height: 31px; width: 275px;\">Natalia Orte Castillo<\/td>\n<\/tr>\n<tr style=\"height: 31px;\">\n<td style=\"height: 31px; width: 150px;\"><\/td>\n<td style=\"height: 31px; width: 275px;\">Toni Zan\u00f3n Ferr\u00fas<\/td>\n<\/tr>\n<tr style=\"height: 31px;\">\n<td style=\"height: 31px; width: 150px;\"><b>Ajuntament<\/b><\/td>\n<td style=\"height: 31px; width: 275px;\"><\/td>\n<\/tr>\n<tr style=\"height: 31px;\">\n<td style=\"height: 31px; width: 150px;\"><\/td>\n<td style=\"height: 31px; width: 275px;\">Javier L\u00f3pez Herranz<\/td>\n<\/tr>\n<tr style=\"height: 27px;\">\n<td style=\"height: 27px; width: 150px;\"><b>Professorat<\/b><\/td>\n<td style=\"height: 27px; width: 275px;\"><\/td>\n<\/tr>\n<tr style=\"height: 31px;\">\n<td style=\"height: 31px; width: 150px;\"><\/td>\n<td style=\"height: 31px; width: 275px;\">Eugenia Alca\u00f1iz Barbero<\/td>\n<\/tr>\n<tr style=\"height: 31px;\">\n<td style=\"height: 31px; width: 150px;\"><\/td>\n<td style=\"height: 31px; width: 275px;\">Pep Badia Sarradell<\/td>\n<\/tr>\n<tr style=\"height: 31px;\">\n<td style=\"height: 31px; width: 150px;\"><\/td>\n<td style=\"height: 31px; width: 275px;\">Nieves Garrido Delgado<\/td>\n<\/tr>\n<tr style=\"height: 31px;\">\n<td style=\"height: 31px; width: 150px;\"><\/td>\n<td style=\"height: 31px; width: 275px;\">N\u00faria Mimbrero Oliv\u00e9<\/td>\n<\/tr>\n<tr style=\"height: 31px;\">\n<td style=\"height: 31px; width: 150px;\"><\/td>\n<td style=\"height: 31px; width: 275px;\">Guillermo Rojo Dommering<\/td>\n<\/tr>\n<tr style=\"height: 31px;\">\n<td style=\"height: 31px; width: 150px;\"><\/td>\n<td style=\"height: 31px; width: 275px;\">Fanny Rusin\u00e9s<\/td>\n<\/tr>\n<tr style=\"height: 31px;\">\n<td style=\"height: 31px; width: 150px;\"><b>Fam\u00edlies<\/b><\/td>\n<td style=\"height: 31px; width: 275px;\"><\/td>\n<\/tr>\n<tr style=\"height: 31px;\">\n<td style=\"height: 31px; width: 150px;\"><\/td>\n<td style=\"height: 31px; width: 275px;\">Ana Garijo Borja<\/td>\n<\/tr>\n<tr style=\"height: 31px;\">\n<td style=\"height: 31px; width: 150px;\"><\/td>\n<td style=\"height: 31px; width: 275px;\">Juan Vicente Martinez Martin<\/td>\n<\/tr>\n<tr style=\"height: 31px;\">\n<td style=\"height: 31px; width: 150px;\"><\/td>\n<td style=\"height: 31px; width: 275px;\">Sandra Gonz\u00e1lez Pe\u00f1alver<\/td>\n<\/tr>\n<tr style=\"height: 31px;\">\n<td style=\"height: 31px; width: 150px;\"><b>Alumnat<\/b><\/td>\n<td style=\"height: 31px; width: 275px;\"><\/td>\n<\/tr>\n<tr style=\"height: 31px;\">\n<td style=\"height: 31px; width: 150px;\"><\/td>\n<td style=\"height: 31px; width: 275px;\">Jean Paul Rivera Choez (E-41)<\/td>\n<\/tr>\n<tr style=\"height: 31px;\">\n<td style=\"height: 31px; width: 150px;\"><\/td>\n<td style=\"height: 31px; width: 275px;\">Dorinda Toibam Lema Bombimwo (B-61)<\/td>\n<\/tr>\n<tr style=\"height: 31px;\">\n<td style=\"height: 31px; width: 150px;\"><\/td>\n<td style=\"height: 31px; width: 275px;\">Franco Lautaro Cantarella (B-61)<\/td>\n<\/tr>\n<tr style=\"height: 31px;\">\n<td style=\"height: 31px; width: 150px;\"><b>PAS<\/b><\/td>\n<td style=\"height: 31px; width: 275px;\"><\/td>\n<\/tr>\n<tr style=\"height: 31px;\">\n<td style=\"height: 31px; width: 150px;\"><\/td>\n<td style=\"height: 31px; width: 275px;\">Viki Sans<\/td>\n<\/tr>\n<tr style=\"height: 46px;\">\n<td style=\"height: 46px; width: 150px;\"><b>Representant AMPA<\/b><\/td>\n<td style=\"height: 46px; width: 275px;\"><\/td>\n<\/tr>\n<tr style=\"height: 31px;\">\n<td style=\"height: 31px; width: 150px;\"><\/td>\n<td style=\"height: 31px; width: 275px;\">Daniel Serra Vinagre<\/td>\n<\/tr>\n<\/tbody>\n<\/table>\n<p>&nbsp;<\/p>\n","protected":false},"excerpt":{"rendered":"<p>El consell escolar del centre \u00e9s l&#8217;\u00f2rgan col\u00b7legiat de participaci\u00f3\u00a0de la comunitat escolar en el govern del centre. En el consell escolar hi ha representats tots els col\u00b7lectius que intervenen en la comunitat educativa: direcci\u00f3, professorat, alumnat, personal d&#8217;administraci\u00f3 i serveis, etc.<br \/>\nEn els centres p\u00fablics,&hellip;  <a href=\"https:\/\/agora.xtec.cat\/iesrafaelcasanova\/linstitut\/consell-escolar\/\" title=\"Read Consell escolar\">Llegeix m\u00e9s\u00bb<\/a><\/p>\n","protected":false},"author":1,"featured_media":0,"parent":19,"menu_order":70,"comment_status":"closed","ping_status":"closed","template":"page-templates\/side-menu.php","meta":{"_bbp_topic_count":0,"_bbp_reply_count":0,"_bbp_total_topic_count":0,"_bbp_total_reply_count":0,"_bbp_voice_count":0,"_bbp_anonymous_reply_count":0,"_bbp_topic_count_hidden":0,"_bbp_reply_count_hidden":0,"_bbp_forum_subforum_count":0,"footnotes":""},"class_list":["post-43","page","type-page","status-publish","hentry"],"post_mailing_queue_ids":[],"_links":{"self":[{"href":"https:\/\/agora.xtec.cat\/iesrafaelcasanova\/wp-json\/wp\/v2\/pages\/43","targetHints":{"allow":["GET"]}}],"collection":[{"href":"https:\/\/agora.xtec.cat\/iesrafaelcasanova\/wp-json\/wp\/v2\/pages"}],"about":[{"href":"https:\/\/agora.xtec.cat\/iesrafaelcasanova\/wp-json\/wp\/v2\/types\/page"}],"author":[{"embeddable":true,"href":"https:\/\/agora.xtec.cat\/iesrafaelcasanova\/wp-json\/wp\/v2\/users\/1"}],"replies":[{"embeddable":true,"href":"https:\/\/agora.xtec.cat\/iesrafaelcasanova\/wp-json\/wp\/v2\/comments?post=43"}],"version-history":[{"count":6,"href":"https:\/\/agora.xtec.cat\/iesrafaelcasanova\/wp-json\/wp\/v2\/pages\/43\/revisions"}],"predecessor-version":[{"id":10762,"href":"https:\/\/agora.xtec.cat\/iesrafaelcasanova\/wp-json\/wp\/v2\/pages\/43\/revisions\/10762"}],"up":[{"embeddable":true,"href":"https:\/\/agora.xtec.cat\/iesrafaelcasanova\/wp-json\/wp\/v2\/pages\/19"}],"wp:attachment":[{"href":"https:\/\/agora.xtec.cat\/iesrafaelcasanova\/wp-json\/wp\/v2\/media?parent=43"}],"curies":[{"name":"wp","href":"https:\/\/api.w.org\/{rel}","templated":true}]}}