{"id":3257,"date":"2019-10-08T17:16:02","date_gmt":"2019-10-08T15:16:02","guid":{"rendered":"http:\/\/agora.xtec.cat\/iesrafaelcasanova\/?page_id=3257"},"modified":"2022-09-29T10:12:22","modified_gmt":"2022-09-29T08:12:22","slug":"poetry-slam","status":"publish","type":"page","link":"https:\/\/agora.xtec.cat\/iesrafaelcasanova\/3-projectes-del-centre\/poetry-slam\/","title":{"rendered":"Poetry Slam"},"content":{"rendered":"<p><a href=\"https:\/\/agora.xtec.cat\/iesrafaelcasanova\/wp-content\/uploads\/usu156\/2019\/11\/Slam-Poetry.jpg\"><img loading=\"lazy\" decoding=\"async\" class=\"aligncenter wp-image-3418\" src=\"https:\/\/agora.xtec.cat\/iesrafaelcasanova\/wp-content\/uploads\/usu156\/2019\/11\/Slam-Poetry.jpg\" alt=\"\" width=\"599\" height=\"409\" srcset=\"https:\/\/agora.xtec.cat\/iesrafaelcasanova\/wp-content\/uploads\/usu156\/2019\/11\/Slam-Poetry.jpg 3250w, https:\/\/agora.xtec.cat\/iesrafaelcasanova\/wp-content\/uploads\/usu156\/2019\/11\/Slam-Poetry-300x205.jpg 300w, https:\/\/agora.xtec.cat\/iesrafaelcasanova\/wp-content\/uploads\/usu156\/2019\/11\/Slam-Poetry-768x524.jpg 768w, https:\/\/agora.xtec.cat\/iesrafaelcasanova\/wp-content\/uploads\/usu156\/2019\/11\/Slam-Poetry-1024x699.jpg 1024w\" sizes=\"auto, (max-width: 599px) 100vw, 599px\" \/><\/a><\/p>\n<p style=\"text-align: justify;\"><span style=\"font-weight: 400;\">El\u00a0<b>slam poetry<\/b>\u00a0o\u00a0<b>slam<\/b> \u00e9s 50 % poesia i \u00a050 % interpretaci\u00f3. Consisteix en recitar poesia urbana en un espai p\u00fablic amb o sense micr\u00f2fon. La seva filosofia \u00e9s fer menys elitista i m\u00e9s viva la poesia, per aix\u00f2 sol tocar temes actuals i propers i les seves regles s\u00f3n m\u00ednimes. A Europa va comen\u00e7ar a apar\u00e9ixer a la d\u00e8cada de 1990 i actualment hi ha esdeveniments amb slam de molt alta qualitat.\u00a0<\/span><\/p>\n<p style=\"text-align: justify;\"><span style=\"font-weight: 400;\">Per primera vegada, durant el curs 2019-2020, l&#8217;alumnat de 4t ESO del nostre institut va gaudir de quatre sessions de \u201cPoetry Slam\u201d impartides i subvencionades per l\u2019Ajuntament de Sant Boi.<\/span><\/p>\n<p style=\"text-align: justify;\"><span style=\"font-weight: 400;\">Amb aquest projecte, el nostre alumnat va tenir una magn\u00edfica oportunitat per expressar les seves emocions i convertir-les en poesia.\u00a0<\/span><\/p>\n<p style=\"text-align: justify;\"><span style=\"font-weight: 400;\">Despr\u00e9s de la seva actuaci\u00f3 a classe, les persones que guanyen aquest joc centrat en la paraula poden participar en una competici\u00f3 amb l\u2019alumnat guanyador de la resta de centres de Sant Boi. <\/span><span style=\"font-weight: 400;\">En aquestes competicions, que tenen un format \u00e0gil, din\u00e0mic i participatiu, la paraula \u00e9s l\u2019element essencial. Els i les participants o slammers disposen de 3 minuts per interpretar un text d\u2019autoria pr\u00f2pia, fent servir nom\u00e9s la seva veu i el seu cos, a una audi\u00e8ncia que \u00e9s qui decideix quina actuaci\u00f3 \u00e9s la guanyadora.\u00a0<\/span><\/p>\n<p><strong>Professora responsable del projecte: \u00c1lvaro Mart\u00ednez.<\/strong><\/p>\n","protected":false},"excerpt":{"rendered":"<p><a href=\"https:\/\/agora.xtec.cat\/iesrafaelcasanova\/wp-content\/uploads\/usu156\/2019\/11\/Slam-Poetry.jpg\"><\/a><br \/>\nEl\u00a0slam poetry\u00a0o\u00a0slam \u00e9s 50 % poesia i \u00a050 % interpretaci\u00f3. Consisteix en recitar poesia urbana en un espai p\u00fablic amb o sense micr\u00f2fon. La seva filosofia \u00e9s fer menys elitista i m\u00e9s viva la poesia, per aix\u00f2 sol tocar temes actuals i propers i&hellip;  <a href=\"https:\/\/agora.xtec.cat\/iesrafaelcasanova\/3-projectes-del-centre\/poetry-slam\/\" title=\"Read Poetry Slam\">Llegeix m\u00e9s\u00bb<\/a><\/p>\n","protected":false},"author":1,"featured_media":0,"parent":427,"menu_order":155,"comment_status":"closed","ping_status":"closed","template":"","meta":{"_bbp_topic_count":0,"_bbp_reply_count":0,"_bbp_total_topic_count":0,"_bbp_total_reply_count":0,"_bbp_voice_count":0,"_bbp_anonymous_reply_count":0,"_bbp_topic_count_hidden":0,"_bbp_reply_count_hidden":0,"_bbp_forum_subforum_count":0,"footnotes":""},"class_list":["post-3257","page","type-page","status-publish","hentry"],"post_mailing_queue_ids":[],"_links":{"self":[{"href":"https:\/\/agora.xtec.cat\/iesrafaelcasanova\/wp-json\/wp\/v2\/pages\/3257","targetHints":{"allow":["GET"]}}],"collection":[{"href":"https:\/\/agora.xtec.cat\/iesrafaelcasanova\/wp-json\/wp\/v2\/pages"}],"about":[{"href":"https:\/\/agora.xtec.cat\/iesrafaelcasanova\/wp-json\/wp\/v2\/types\/page"}],"author":[{"embeddable":true,"href":"https:\/\/agora.xtec.cat\/iesrafaelcasanova\/wp-json\/wp\/v2\/users\/1"}],"replies":[{"embeddable":true,"href":"https:\/\/agora.xtec.cat\/iesrafaelcasanova\/wp-json\/wp\/v2\/comments?post=3257"}],"version-history":[{"count":4,"href":"https:\/\/agora.xtec.cat\/iesrafaelcasanova\/wp-json\/wp\/v2\/pages\/3257\/revisions"}],"predecessor-version":[{"id":8543,"href":"https:\/\/agora.xtec.cat\/iesrafaelcasanova\/wp-json\/wp\/v2\/pages\/3257\/revisions\/8543"}],"up":[{"embeddable":true,"href":"https:\/\/agora.xtec.cat\/iesrafaelcasanova\/wp-json\/wp\/v2\/pages\/427"}],"wp:attachment":[{"href":"https:\/\/agora.xtec.cat\/iesrafaelcasanova\/wp-json\/wp\/v2\/media?parent=3257"}],"curies":[{"name":"wp","href":"https:\/\/api.w.org\/{rel}","templated":true}]}}