{"id":1286,"date":"2018-10-30T12:06:58","date_gmt":"2018-10-30T11:06:58","guid":{"rendered":"http:\/\/agora.xtec.cat\/iesrafaelcasanova\/?page_id=1286"},"modified":"2025-08-30T14:05:59","modified_gmt":"2025-08-30T12:05:59","slug":"planeta-b","status":"publish","type":"page","link":"https:\/\/agora.xtec.cat\/iesrafaelcasanova\/3-projectes-del-centre\/planeta-b\/","title":{"rendered":"Som el canvi"},"content":{"rendered":"<div class=\"row\" style=\"margin-bottom: 1em !important;\">\n<div class=\"small-12 large-12 text-center columns\">\n<h5><a href=\"https:\/\/agora.xtec.cat\/iesrafaelcasanova\/wp-content\/uploads\/usu156\/2021\/09\/logoSOM-EL-CANVI.jpg\"><img loading=\"lazy\" decoding=\"async\" class=\"alignnone wp-image-7075\" src=\"https:\/\/agora.xtec.cat\/iesrafaelcasanova\/wp-content\/uploads\/usu156\/2021\/09\/logoSOM-EL-CANVI.jpg\" alt=\"\" width=\"373\" height=\"373\" srcset=\"https:\/\/agora.xtec.cat\/iesrafaelcasanova\/wp-content\/uploads\/usu156\/2021\/09\/logoSOM-EL-CANVI.jpg 945w, https:\/\/agora.xtec.cat\/iesrafaelcasanova\/wp-content\/uploads\/usu156\/2021\/09\/logoSOM-EL-CANVI-300x300.jpg 300w, https:\/\/agora.xtec.cat\/iesrafaelcasanova\/wp-content\/uploads\/usu156\/2021\/09\/logoSOM-EL-CANVI-150x150.jpg 150w, https:\/\/agora.xtec.cat\/iesrafaelcasanova\/wp-content\/uploads\/usu156\/2021\/09\/logoSOM-EL-CANVI-768x768.jpg 768w\" sizes=\"auto, (max-width: 373px) 100vw, 373px\" \/><\/a><\/h5>\n<h5 style=\"text-align: justify;\"><span style=\"color: #00ccff;\">Perqu\u00e8 no tenim <strong>Planeta B<\/strong>, cuidem el nostre <strong>Planeta Blau<\/strong>. I qu\u00e8 tal si, per fer aix\u00f2, deixem l&#8217;individualisme de banda i intentem pensar de manera integral per tal de caminar junts <strong>Cap a una tribu global<\/strong>? I si tenim sempre present el &#8220;<strong>Pensa globalment, actua localment<\/strong>&#8220;? Un altre m\u00f3n \u00e9s possible, s\u00ed, per\u00f2 no oblidem mai que si el volem veure, totes i tots, tu i jo, hem d&#8217;actuar. Perqu\u00e8 no fer res \u00e9s no voler que les coses canvi\u00efn i perqu\u00e8, ho vulguem o no, el m\u00f3n que est\u00e0 per venir dep\u00e8n de nosaltres. Perqu\u00e8 <\/span><span style=\"color: #00ccff;\">nosaltres &#8220;<strong>SOM EL CANVI<\/strong>&#8220;.<\/span><\/h5>\n<\/div>\n<\/div>\n<figure class=\"figure wp-caption alignleft\"><a href=\"https:\/\/agora.xtec.cat\/iesrafaelcasanova\/wp-content\/uploads\/usu156\/2020\/08\/Planeta-B-logo.jpg\"><img loading=\"lazy\" decoding=\"async\" class=\" wp-image-5302\" src=\"https:\/\/agora.xtec.cat\/iesrafaelcasanova\/wp-content\/uploads\/usu156\/2020\/08\/Planeta-B-logo-915x1024.jpg\" alt=\"\" width=\"408\" height=\"457\" srcset=\"https:\/\/agora.xtec.cat\/iesrafaelcasanova\/wp-content\/uploads\/usu156\/2020\/08\/Planeta-B-logo-915x1024.jpg 915w, https:\/\/agora.xtec.cat\/iesrafaelcasanova\/wp-content\/uploads\/usu156\/2020\/08\/Planeta-B-logo-268x300.jpg 268w, https:\/\/agora.xtec.cat\/iesrafaelcasanova\/wp-content\/uploads\/usu156\/2020\/08\/Planeta-B-logo-768x860.jpg 768w, https:\/\/agora.xtec.cat\/iesrafaelcasanova\/wp-content\/uploads\/usu156\/2020\/08\/Planeta-B-logo.jpg 1899w\" sizes=\"auto, (max-width: 408px) 100vw, 408px\" \/><\/a><figcaption class=\"wp-caption-text\"><em>\u00a0 \u00a0 \u00a0 \u00a0 \u00a0 \u00a0 \u00a0 \u00a0 \u00a0 \u00a0 Planeta B, projecte transversal de 1r d&#8217;ESO<\/em><\/figcaption><\/figure>\n<p>&nbsp;<\/p>\n<p style=\"text-align: justify;\">Qu\u00e8 farem quan tot el nostre planeta sigui un enorme contenidor de pl\u00e0stics? Quan al mar hi visquin m\u00e9s bosses del supermercat que peixos? Quan els rius siguin de paper de plata com els del Pessebre? Doncs anirem a viure al Planeta B!\u2026 Ooops, si no n&#8217;hi ha cap, de Planeta B!!\u00a0 \ud83d\ude41<\/p>\n<p style=\"text-align: justify;\">Al nostre institut, el Rafael Casanova, alumnat i professorat est\u00e0vem decidits a canviar aix\u00f2. Aix\u00ed, el curs 2018-2019, vam engegar un projecte, <strong>Planeta B<\/strong>, per prendre consci\u00e8ncia de quina part de responsabilitat \u00e9s nostra i de quants residus generem al nostre institut dia a dia. I ja des d&#8217;un bon inici ens vam quedar sorpresos de la immensa quantitat de paper de plata, entre d\u2019altres residus, que fem servir. Per\u00f2 est\u00e0vem decidits a canviar les coses.<\/p>\n<p style=\"text-align: justify;\">Durant el curs 2019-2020, el nostre projecte Planeta B, que es desenvolupa a la mat\u00e8ria d&#8217;Educaci\u00f3 en Valors C\u00edvics i \u00c8tics al llarg de <strong>1r d&#8217;ESO<\/strong>, va obtenir el <strong><span style=\"color: #ff0000;\"><a style=\"color: #ff0000;\" href=\"https:\/\/agora.xtec.cat\/iesrafaelcasanova\/eso\/eso-1\/planeta-b-un-projecte-premiat\/\">primer premi en el concurs &#8220;\u00c8tica i Ci\u00e8ncia<\/a><\/span>&#8220;<\/strong> de la Fundaci\u00f3 V\u00edctor Gr\u00edfols i Lucas, d&#8217;\u00e0mbit estatal. Arran d&#8217;aix\u00f2 se&#8217;n va parlar en alguns diaris, com l&#8217;<a href=\"https:\/\/criatures.ara.cat\/escola\/estudiants-reflexionen-sobre-etica-ciencia-premis-fundacio-victor-grifols_0_2398560222.html\">Ara<\/a>, el <a href=\"http:\/\/www.santboi.cat\/Publi013.nsf\/2181E75B979D8F8FC125851F002F98F3\/$FILE\/VSB_Mar%C3%A7%202020.pdf\">Viure Sant Boi<\/a>, el <a href=\"https:\/\/santboidiari.com\/2020\/02\/26\/linstitut-rafael-casanova-guanya-5-000-euros-amb-el-projecte-planeta-b\/\">Sant Boi Diari, <\/a><a href=\"https:\/\/www.lavanguardia.com\/vida\/20200210\/473417041960\/proyecto-sobre-residuos-gana-el-premio-etica-y-ciencia-de-fundacion-grifols.html\">La Vanguardia <\/a>i el <a href=\"https:\/\/diarieducacio.cat\/no-tenim-planeta-b-nosaltres-som-el-canvi\/\">Diari de l&#8217;Educaci\u00f3 <\/a>i vam decidir donar continuitat al nostre projecte en altres nivells educatius.<\/p>\n<p><strong><span style=\"color: #99cc00;\"><a style=\"color: #99cc00;\" href=\"https:\/\/perals92.wixsite.com\/planetab\">Web del projecte &#8220;Planeta B&#8221;<\/a><\/span><\/strong><\/p>\n<p style=\"text-align: justify;\">Aix\u00ed van n\u00e9ixer dos projectes m\u00e9s: &#8220;Planeta Blau, planeta aigua&#8221; i &#8220;Cap a una tribu global&#8221;.<\/p>\n<p style=\"text-align: justify;\"><strong style=\"font-family: inherit; font-size: 1em;\">Planeta Blau, planeta aigua <\/strong><span style=\"font-family: inherit; font-size: 1em;\">es va impartir per primera vegada durant el curs 2020-2021 al segon quadrimestre dintre de la mat\u00e8ria d&#8217;Educaci\u00f3 en Valors C\u00edvics i \u00c8tics de<\/span><strong style=\"font-family: inherit; font-size: 1em;\"> 2n d&#8217;ESO. <\/strong><span style=\"font-family: inherit; font-size: 1em;\">Amb aquest projecte es vol insistir en la import\u00e0ncia de l&#8217;aigua com a font de vida, per\u00f2 tamb\u00e9 com a b\u00e9 esc\u00e0s i mal distribu\u00eft.<\/span><\/p>\n<p><a href=\"https:\/\/sites.google.com\/xtec.cat\/planetablau-civ2\/portada\">Web del projecte &#8220;Planeta Blau, planeta aigua&#8221;<\/a><\/p>\n<p style=\"text-align: justify;\"><span style=\"font-family: inherit; font-size: 1em;\"><a href=\"https:\/\/agora.xtec.cat\/iesrafaelcasanova\/wp-content\/uploads\/usu156\/2020\/08\/logo-gota-Planeta-Blau.jpg\"><img loading=\"lazy\" decoding=\"async\" class=\"wp-image-5320 alignright\" src=\"https:\/\/agora.xtec.cat\/iesrafaelcasanova\/wp-content\/uploads\/usu156\/2020\/08\/logo-gota-Planeta-Blau.jpg\" alt=\"\" width=\"531\" height=\"415\" srcset=\"https:\/\/agora.xtec.cat\/iesrafaelcasanova\/wp-content\/uploads\/usu156\/2020\/08\/logo-gota-Planeta-Blau.jpg 756w, https:\/\/agora.xtec.cat\/iesrafaelcasanova\/wp-content\/uploads\/usu156\/2020\/08\/logo-gota-Planeta-Blau-300x235.jpg 300w\" sizes=\"auto, (max-width: 531px) 100vw, 531px\" \/><\/a><\/span><\/p>\n<div class=\"container-wrapper-genially\" style=\"position: relative; min-height: 400px; max-width: 100%;\">\n<p>&nbsp;<\/p>\n<p style=\"text-align: right;\"><em style=\"font-family: inherit; font-size: 1em; text-align: center;\">Planeta Blau, planeta aigua, <\/em><em style=\"font-family: inherit; font-size: 1em; text-align: center;\">projecte transversal de 2n d&#8217;ESO<\/em><\/p>\n<p>&nbsp;<\/p>\n<p>&nbsp;<\/p>\n<p>&nbsp;<\/p>\n<p>&nbsp;<\/p>\n<p>&nbsp;<\/p>\n<p style=\"text-align: justify;\"><strong>Cap a una tribu global<\/strong>\u00a0es va impartir tamb\u00e9 per primera vegada durant el curs 2020-2021 al llarg de tot el curs de <strong>3r d&#8217;ESO<\/strong> dintre de la mat\u00e8ria d&#8217;Educaci\u00f3 en Valors C\u00edvics i \u00c8ticss. Amb aquest projecte es treballen tem\u00e0tiques tant diverses, per\u00f2 alhora tan interrelaciones entre s\u00ed, com s\u00f3n el medi ambient, el consum i els moviments migratoris. Amb les accions realitzades, l&#8217;alumnat, a m\u00e9s a m\u00e9s de fomentar el seu esperit cr\u00edtic, podr\u00e0 comprovar l&#8217;empremta que deixa en el nostre planeta.<\/p>\n<p>Durant el curs 2022-2023, l&#8217;Ajuntament de Barcelona va atorgar al projecte &#8220;Cap a una tribu global&#8221; el <a href=\"https:\/\/ajuntament.barcelona.cat\/premsa\/2022\/11\/29\/barcelona-lliura-els-10-premis-agenda-2030\/\"><strong>Premi a la millor contribuci\u00f3 als ODS realitzada en un centre educatiu de secund\u00e0ria <\/strong><\/a>dintre dels Premis Agenda 2030. Arran d&#8217;aix\u00f2, hem tornat a apar\u00e8ixer a alguns diaris, com ara <a href=\"https:\/\/www.elperiodico.cat\/ca\/viladecans\/20221130\/barcelona-premia-viladecans-ciutat-millors-79324397\">El Peri\u00f3dico <\/a>i ens ha <a href=\"https:\/\/agora.xtec.cat\/iesrafaelcasanova\/eso\/entrevista-pel-premi-agenda-2030\/\">entrevistat el Sergi Mas<\/a>.<\/p>\n<p style=\"text-align: center;\"><a href=\"https:\/\/agora.xtec.cat\/iesrafaelcasanova\/wp-content\/uploads\/usu156\/2020\/08\/logo.jpg\"><img loading=\"lazy\" decoding=\"async\" class=\"alignnone wp-image-5323\" src=\"https:\/\/agora.xtec.cat\/iesrafaelcasanova\/wp-content\/uploads\/usu156\/2020\/08\/logo.jpg\" alt=\"\" width=\"420\" height=\"420\" srcset=\"https:\/\/agora.xtec.cat\/iesrafaelcasanova\/wp-content\/uploads\/usu156\/2020\/08\/logo.jpg 595w, https:\/\/agora.xtec.cat\/iesrafaelcasanova\/wp-content\/uploads\/usu156\/2020\/08\/logo-150x150.jpg 150w, https:\/\/agora.xtec.cat\/iesrafaelcasanova\/wp-content\/uploads\/usu156\/2020\/08\/logo-300x300.jpg 300w\" sizes=\"auto, (max-width: 420px) 100vw, 420px\" \/><\/a><a href=\"https:\/\/agora.xtec.cat\/iesrafaelcasanova\/wp-content\/uploads\/usu156\/2020\/08\/huella-logo.png\"><br \/>\n<\/a><em style=\"font-family: inherit; font-size: 1em;\">Cap a una tribu global, projecte transversal de 3r d&#8217;ESO<\/em><\/p>\n<p><span style=\"color: #99cc00;\"><strong><a style=\"color: #99cc00;\" href=\"https:\/\/sites.google.com\/xtec.cat\/tribuglobal-civ3\/inici\">Web del projecte &#8220;Cap a una tribu global&#8221;<\/a><\/strong><\/span><\/p>\n<p style=\"text-align: justify;\">La idea \u00e9s, a <strong>4t d&#8217;ESO<\/strong>, realitzar un servei comunitari (<strong>Pensa globalment, actua localment<\/strong>) que posar\u00e0 punt i final a aquest gran projecte anomenat &#8220;SOM EL CANVI&#8221;.<\/p>\n<p style=\"text-align: justify;\">Els projectes de tots els cursos tenen una s\u00e8rie de punts en com\u00fa: s\u00f3n totalment transversals, conviden a fer estudis amb criteris cient\u00edfics, fomenten l&#8217;esperit cr\u00edtic de l&#8217;alumnat, compten amb la visita d&#8217;experts, la realitzaci\u00f3 de sortides, l&#8217;extracci\u00f3 de conclusions i la mobilitzaci\u00f3 cap a l&#8217;acci\u00f3. Tots ells es basen en la <span style=\"color: #ff0000;\"><strong>metodologia ABP<\/strong><\/span> (Aprenentatge Basat en Projectes), un m\u00e8tode de treball globalitzador que pret\u00e9n tornar el protagonisme a l\u2019alumnat, fent-lo responsable del seu propi aprenentatge, i <span style=\"color: #ff0000;\"><strong>treballen els ODS<\/strong><\/span> (Objectius per al Desenvolupament Sostenible) tant dintre com fora de l&#8217;aula. Ho podeu trobar tot explicat en aquest webinar &#8220;<a href=\"https:\/\/youtu.be\/iqUVn1zdSpc\">Els ODS mitjan\u00e7ant l&#8217;Aprenentatge basat en projectes<\/a>&#8221; que vam realitzar pel Departament d&#8217;Educaci\u00f3.<\/p>\n<p style=\"text-align: justify;\">Els dos creadors de &#8220;Som el canvi&#8221; tamb\u00e9 han participat en el <a href=\"https:\/\/catesco.org\/portfolio-items\/catesco-i-upf-impulsen-el-grup-de-treball-sobre-les-competencies-per-a-la-sostenibilitat-de-la-unesco\/\">Grup de Treball \u201cCompet\u00e8ncies per a la Sostenibilitat<\/a>\u201c, impulsat per CATESCO i la Universitat Pompeu Fabra, que ha elaborat la \u201c<a href=\"https:\/\/catesco.org\/2023\/01\/13\/guia-abpxods-disseny-de-projectes-per-desenvolupar-les-competencies-clau-per-a-la-sostenibilitat\/\">Guia ABPxODS: disseny de projectes per desenvolupar les compet\u00e8ncies per a la sostenibilitat<\/a>\u201c per tal d\u2019ajudar, en els propers anys, un bon nombre de centres i de docents de diferents etapes educatives en la planificaci\u00f3 d\u2019activitats d\u2019aula o projectes que treballin tem\u00e0tiques relacionades amb la just\u00edcia global, l\u2019emerg\u00e8ncia clim\u00e0tica, el benestar planetari o el desenvolupament sostenible, amb un enfocament clarament competencial, a trav\u00e9s de l\u2019aprenentatge globalitzat i significatiu que proporciona l\u2019ABP (Aprenentatge Basat en Projectes).<\/p>\n<p style=\"text-align: justify;\">Us apunteu a participar-hi? Si \u00e9s aix\u00ed, n<span style=\"font-family: inherit; font-size: 1em;\">o deixeu de visitar la web del centre per seguir l&#8217;evoluci\u00f3 d&#8217;aquest projecte!!<\/span><\/p>\n<p>&nbsp;<\/p>\n<p style=\"text-align: justify;\"><strong>Professors r<\/strong><strong>esponsables del projecte: Ana Awad, Dani Perals, Juanma S\u00e1nchez i Vicky Santolaria<\/strong>.<\/p>\n<\/div>\n","protected":false},"excerpt":{"rendered":"<p><a href=\"https:\/\/agora.xtec.cat\/iesrafaelcasanova\/wp-content\/uploads\/usu156\/2021\/09\/logoSOM-EL-CANVI.jpg\"><\/a><br \/>\nPerqu\u00e8 no tenim Planeta B, cuidem el nostre Planeta Blau. I qu\u00e8 tal si, per fer aix\u00f2, deixem l&#8217;individualisme de banda i intentem pensar de manera integral per tal de caminar junts Cap a una tribu global? I si tenim sempre present el &#8220;Pensa&hellip;  <a href=\"https:\/\/agora.xtec.cat\/iesrafaelcasanova\/3-projectes-del-centre\/planeta-b\/\" title=\"Read Som el canvi\">Llegeix m\u00e9s\u00bb<\/a><\/p>\n","protected":false},"author":1,"featured_media":0,"parent":427,"menu_order":150,"comment_status":"closed","ping_status":"closed","template":"","meta":{"_bbp_topic_count":0,"_bbp_reply_count":0,"_bbp_total_topic_count":0,"_bbp_total_reply_count":0,"_bbp_voice_count":0,"_bbp_anonymous_reply_count":0,"_bbp_topic_count_hidden":0,"_bbp_reply_count_hidden":0,"_bbp_forum_subforum_count":0,"footnotes":""},"class_list":["post-1286","page","type-page","status-publish","hentry"],"post_mailing_queue_ids":[],"_links":{"self":[{"href":"https:\/\/agora.xtec.cat\/iesrafaelcasanova\/wp-json\/wp\/v2\/pages\/1286","targetHints":{"allow":["GET"]}}],"collection":[{"href":"https:\/\/agora.xtec.cat\/iesrafaelcasanova\/wp-json\/wp\/v2\/pages"}],"about":[{"href":"https:\/\/agora.xtec.cat\/iesrafaelcasanova\/wp-json\/wp\/v2\/types\/page"}],"author":[{"embeddable":true,"href":"https:\/\/agora.xtec.cat\/iesrafaelcasanova\/wp-json\/wp\/v2\/users\/1"}],"replies":[{"embeddable":true,"href":"https:\/\/agora.xtec.cat\/iesrafaelcasanova\/wp-json\/wp\/v2\/comments?post=1286"}],"version-history":[{"count":4,"href":"https:\/\/agora.xtec.cat\/iesrafaelcasanova\/wp-json\/wp\/v2\/pages\/1286\/revisions"}],"predecessor-version":[{"id":9777,"href":"https:\/\/agora.xtec.cat\/iesrafaelcasanova\/wp-json\/wp\/v2\/pages\/1286\/revisions\/9777"}],"up":[{"embeddable":true,"href":"https:\/\/agora.xtec.cat\/iesrafaelcasanova\/wp-json\/wp\/v2\/pages\/427"}],"wp:attachment":[{"href":"https:\/\/agora.xtec.cat\/iesrafaelcasanova\/wp-json\/wp\/v2\/media?parent=1286"}],"curies":[{"name":"wp","href":"https:\/\/api.w.org\/{rel}","templated":true}]}}