{"id":10302,"date":"2024-04-08T16:28:10","date_gmt":"2024-04-08T14:28:10","guid":{"rendered":"https:\/\/agora.xtec.cat\/iesrafaelcasanova\/?page_id=10302"},"modified":"2026-04-20T09:35:48","modified_gmt":"2026-04-20T07:35:48","slug":"preinscripcio-batxillerat-curs-2025-2026","status":"publish","type":"page","link":"https:\/\/agora.xtec.cat\/iesrafaelcasanova\/2-secretaria\/preinscripcio-batxillerat-curs-2025-2026\/","title":{"rendered":"Preinscripci\u00f3 Batxillerat (curs 2026-2027)"},"content":{"rendered":"<div><b>Informaci\u00f3 Preinscripci\u00f3 i matr\u00edcula Batxillerat curs 2026-2027:<\/b><\/div>\n<p><a href=\"https:\/\/agora.xtec.cat\/iesrafaelcasanova\/wp-content\/uploads\/usu156\/2026\/04\/batxillerat-bola4.png_223078711.png\"><img loading=\"lazy\" decoding=\"async\" class=\"alignnone size-full wp-image-12065\" src=\"https:\/\/agora.xtec.cat\/iesrafaelcasanova\/wp-content\/uploads\/usu156\/2026\/04\/batxillerat-bola4.png_223078711.png\" alt=\"\" width=\"832\" height=\"468\" srcset=\"https:\/\/agora.xtec.cat\/iesrafaelcasanova\/wp-content\/uploads\/usu156\/2026\/04\/batxillerat-bola4.png_223078711.png 832w, https:\/\/agora.xtec.cat\/iesrafaelcasanova\/wp-content\/uploads\/usu156\/2026\/04\/batxillerat-bola4.png_223078711-300x169.png 300w, https:\/\/agora.xtec.cat\/iesrafaelcasanova\/wp-content\/uploads\/usu156\/2026\/04\/batxillerat-bola4.png_223078711-768x432.png 768w\" sizes=\"auto, (max-width: 832px) 100vw, 832px\" \/><\/a><\/p>\n<p>&nbsp;<\/p>\n<p><a href=\"https:\/\/agora.xtec.cat\/iesrafaelcasanova\/wp-content\/uploads\/usu156\/2026\/04\/pre-batxi.png\"><img loading=\"lazy\" decoding=\"async\" class=\"alignnone wp-image-12041\" src=\"https:\/\/agora.xtec.cat\/iesrafaelcasanova\/wp-content\/uploads\/usu156\/2026\/04\/pre-batxi-1024x471.png\" alt=\"\" width=\"770\" height=\"354\" srcset=\"https:\/\/agora.xtec.cat\/iesrafaelcasanova\/wp-content\/uploads\/usu156\/2026\/04\/pre-batxi-1024x471.png 1024w, https:\/\/agora.xtec.cat\/iesrafaelcasanova\/wp-content\/uploads\/usu156\/2026\/04\/pre-batxi-300x138.png 300w, https:\/\/agora.xtec.cat\/iesrafaelcasanova\/wp-content\/uploads\/usu156\/2026\/04\/pre-batxi-768x353.png 768w, https:\/\/agora.xtec.cat\/iesrafaelcasanova\/wp-content\/uploads\/usu156\/2026\/04\/pre-batxi.png 1042w\" sizes=\"auto, (max-width: 770px) 100vw, 770px\" \/><\/a><\/p>\n<p><a href=\"https:\/\/preinscripcio.gencat.cat\/ca\/estudis\/batxillerat\/inici\/index.html\">https:\/\/preinscripcio.gencat.cat\/ca\/estudis\/batxillerat\/inici\/index.html<\/a><\/p>\n<p><a href=\"https:\/\/agora.xtec.cat\/iesrafaelcasanova\/docs\/diptic-portes-obertes-de-batxillerat\/\">D\u00edptic preinscripci\u00f3 Batxillerat curs 2026-2027<\/a><\/p>\n<p>&nbsp;<\/p>\n","protected":false},"excerpt":{"rendered":"<p>Informaci\u00f3 Preinscripci\u00f3 i matr\u00edcula Batxillerat curs 2026-2027:<br \/>\n<a href=\"https:\/\/agora.xtec.cat\/iesrafaelcasanova\/wp-content\/uploads\/usu156\/2026\/04\/batxillerat-bola4.png_223078711.png\"><\/a><br \/>\n&nbsp;<br \/>\n<a href=\"https:\/\/agora.xtec.cat\/iesrafaelcasanova\/wp-content\/uploads\/usu156\/2026\/04\/pre-batxi.png\"><\/a><br \/>\n<a href=\"https:\/\/preinscripcio.gencat.cat\/ca\/estudis\/batxillerat\/inici\/index.html\">https:\/\/preinscripcio.gencat.cat\/ca\/estudis\/batxillerat\/inici\/index.html<\/a><br \/>\n<a href=\"https:\/\/agora.xtec.cat\/iesrafaelcasanova\/docs\/diptic-portes-obertes-de-batxillerat\/\">D\u00edptic preinscripci\u00f3 Batxillerat curs 2026-2027<\/a><br \/>\n&nbsp;<\/p>\n","protected":false},"author":1,"featured_media":0,"parent":8586,"menu_order":26,"comment_status":"closed","ping_status":"closed","template":"page-templates\/side-menu.php","meta":{"_bbp_topic_count":0,"_bbp_reply_count":0,"_bbp_total_topic_count":0,"_bbp_total_reply_count":0,"_bbp_voice_count":0,"_bbp_anonymous_reply_count":0,"_bbp_topic_count_hidden":0,"_bbp_reply_count_hidden":0,"_bbp_forum_subforum_count":0,"footnotes":""},"class_list":["post-10302","page","type-page","status-publish","hentry"],"post_mailing_queue_ids":[],"_links":{"self":[{"href":"https:\/\/agora.xtec.cat\/iesrafaelcasanova\/wp-json\/wp\/v2\/pages\/10302","targetHints":{"allow":["GET"]}}],"collection":[{"href":"https:\/\/agora.xtec.cat\/iesrafaelcasanova\/wp-json\/wp\/v2\/pages"}],"about":[{"href":"https:\/\/agora.xtec.cat\/iesrafaelcasanova\/wp-json\/wp\/v2\/types\/page"}],"author":[{"embeddable":true,"href":"https:\/\/agora.xtec.cat\/iesrafaelcasanova\/wp-json\/wp\/v2\/users\/1"}],"replies":[{"embeddable":true,"href":"https:\/\/agora.xtec.cat\/iesrafaelcasanova\/wp-json\/wp\/v2\/comments?post=10302"}],"version-history":[{"count":6,"href":"https:\/\/agora.xtec.cat\/iesrafaelcasanova\/wp-json\/wp\/v2\/pages\/10302\/revisions"}],"predecessor-version":[{"id":12067,"href":"https:\/\/agora.xtec.cat\/iesrafaelcasanova\/wp-json\/wp\/v2\/pages\/10302\/revisions\/12067"}],"up":[{"embeddable":true,"href":"https:\/\/agora.xtec.cat\/iesrafaelcasanova\/wp-json\/wp\/v2\/pages\/8586"}],"wp:attachment":[{"href":"https:\/\/agora.xtec.cat\/iesrafaelcasanova\/wp-json\/wp\/v2\/media?parent=10302"}],"curies":[{"name":"wp","href":"https:\/\/api.w.org\/{rel}","templated":true}]}}

Preinscripció Batxillerat (curs 2026-2027)

<div><b>Informació Preinscripció i matrícula Batxillerat curs 2026-2027:</b></div>
<p><a href="https://agora.xtec.cat/iesrafaelcasanova/wp-content/uploads/usu156/2026/04/batxillerat-bola4.png_223078711.png"><img loading="lazy" decoding="async" class="alignnone size-full wp-image-12065" src="https://agora.xtec.cat/iesrafaelcasanova/wp-content/uploads/usu156/2026/04/batxillerat-bola4.png_223078711.png" alt="" width="832" height="468" srcset="https://agora.xtec.cat/iesrafaelcasanova/wp-content/uploads/usu156/2026/04/batxillerat-bola4.png_223078711.png 832w, https://agora.xtec.cat/iesrafaelcasanova/wp-content/uploads/usu156/2026/04/batxillerat-bola4.png_223078711-300x169.png 300w, https://agora.xtec.cat/iesrafaelcasanova/wp-content/uploads/usu156/2026/04/batxillerat-bola4.png_223078711-768x432.png 768w" sizes="auto, (max-width: 832px) 100vw, 832px" /></a></p>
<p>&nbsp;</p>
<p><a href="https://agora.xtec.cat/iesrafaelcasanova/wp-content/uploads/usu156/2026/04/pre-batxi.png"><img loading="lazy" decoding="async" class="alignnone wp-image-12041" src="https://agora.xtec.cat/iesrafaelcasanova/wp-content/uploads/usu156/2026/04/pre-batxi-1024x471.png" alt="" width="770" height="354" srcset="https://agora.xtec.cat/iesrafaelcasanova/wp-content/uploads/usu156/2026/04/pre-batxi-1024x471.png 1024w, https://agora.xtec.cat/iesrafaelcasanova/wp-content/uploads/usu156/2026/04/pre-batxi-300x138.png 300w, https://agora.xtec.cat/iesrafaelcasanova/wp-content/uploads/usu156/2026/04/pre-batxi-768x353.png 768w, https://agora.xtec.cat/iesrafaelcasanova/wp-content/uploads/usu156/2026/04/pre-batxi.png 1042w" sizes="auto, (max-width: 770px) 100vw, 770px" /></a></p>
<p><a href="https://preinscripcio.gencat.cat/ca/estudis/batxillerat/inici/index.html">https://preinscripcio.gencat.cat/ca/estudis/batxillerat/inici/index.html</a></p>
<p><a href="https://agora.xtec.cat/iesrafaelcasanova/docs/diptic-portes-obertes-de-batxillerat/">Díptic preinscripció Batxillerat curs 2026-2027</a></p>
<p>&nbsp;</p>

<p>Informació Preinscripció i matrícula Batxillerat curs 2026-2027:<br />
<a href="https://agora.xtec.cat/iesrafaelcasanova/wp-content/uploads/usu156/2026/04/batxillerat-bola4.png_223078711.png"></a><br />
&nbsp;<br />
<a href="https://agora.xtec.cat/iesrafaelcasanova/wp-content/uploads/usu156/2026/04/pre-batxi.png"></a><br />
<a href="https://preinscripcio.gencat.cat/ca/estudis/batxillerat/inici/index.html">https://preinscripcio.gencat.cat/ca/estudis/batxillerat/inici/index.html</a><br />
<a href="https://agora.xtec.cat/iesrafaelcasanova/docs/diptic-portes-obertes-de-batxillerat/">Díptic preinscripció Batxillerat curs 2026-2027</a><br />
&nbsp;</p>
