{"id":75,"date":"2014-09-18T10:21:02","date_gmt":"2014-09-18T08:21:02","guid":{"rendered":"http:\/\/agora.xtec.cat\/iesrafaelcampalans\/?page_id=75"},"modified":"2026-01-26T14:01:08","modified_gmt":"2026-01-26T13:01:08","slug":"activitats-extraescolars","status":"publish","type":"page","link":"https:\/\/agora.xtec.cat\/iesrafaelcampalans\/serveis\/activitats-extraescolars\/","title":{"rendered":"Activitats extraescolars"},"content":{"rendered":"<p><img loading=\"lazy\" decoding=\"async\" class=\"size-full wp-image-2039 aligncenter\" src=\"http:\/\/agora.xtec.cat\/iesrafaelcampalans\/wp-content\/uploads\/usu1643\/2014\/09\/extraescolars.jpg\" alt=\"\" width=\"1000\" height=\"200\" srcset=\"https:\/\/agora.xtec.cat\/iesrafaelcampalans\/wp-content\/uploads\/usu1643\/2014\/09\/extraescolars.jpg 1000w, https:\/\/agora.xtec.cat\/iesrafaelcampalans\/wp-content\/uploads\/usu1643\/2014\/09\/extraescolars-300x60.jpg 300w, https:\/\/agora.xtec.cat\/iesrafaelcampalans\/wp-content\/uploads\/usu1643\/2014\/09\/extraescolars-768x154.jpg 768w\" sizes=\"auto, (max-width: 1000px) 100vw, 1000px\" \/><\/p>\n<h4>Organitzades per l\u2019Associaci\u00f3 Esportiva Escolar (AEE)<\/h4>\n<p>El nostre centre forma part del PCEE intentant fomentar l\u2019activitat f\u00edsica entre els alumnes.<\/p>\n<p>Les activitats proposades es faran d&#8217;octubre a maig al pavell\u00f3 d&#8217;esports municipal o a la piscina municipal un dia per setmana i s\u00f3n:<\/p>\n<ul style=\"list-style-type: circle;\">\n<li><strong>Posa&#8217;t en forma<\/strong>: els dijous de 15.30h a 17.00h., Activitat per nois i noies en la que treballarem condici\u00f3 f\u00edsica i diferents esports, individuals i d&#8217;equip. L\u2019activitat comen\u00e7a el dijous 2 d\u2019octubre.<\/li>\n<li><strong>Aprendre a nedar: <\/strong>dimecres de 16,00 a 17,15h. Activitat per a nois i noies que volen aprendre a a nedar. L&#8217;activitat comen\u00e7a dimecres 1 d&#8217;octubre.<\/li>\n<li><strong>Nataci\u00f3 extraescolar perfeccionament<\/strong>: dimecres de 16.00h a 17.15h. Activitat per a nois i noies que volen millorar el seu nivell de nataci\u00f3. L&#8217;activitat comen\u00e7a dimecres 1 d&#8217;octubre.<\/li>\n<li><strong>Futbol sala per a nois i noies<\/strong>: divendres\u00a0 de 15.30 a 17.00h., Activitat per a nois i noies que volen aprendre i millorar l&#8217;aprenentatge del futbol-sala. Participarem en alguna trobada escolar a nivell comarcal. L\u2019activitat comen\u00e7a el divendres 3 d\u2019octubre.<\/li>\n<li><strong style=\"font-family: inherit; font-size: 1em;\">Dansa i altres activitats amb suport musical: <\/strong>m\u00e9s informaci\u00f3 properament.<\/li>\n<li><strong>Pirag\u00fcisme<\/strong>: 4 divendres del 1r trimestre i 4 divendres del 3r trimestre.<\/li>\n<li><strong>Esports de raqueta<\/strong>: dilluns de 15.30h a 17.00h. Activitat per a nois i noies que volen aprendre i millorar l&#8217;aprenentatge dels esports de raqueta: badminton, tenis, tenis-taula, pales&#8230;L&#8217;activitat comen\u00e7a el 6 d&#8217;octubre.<\/li>\n<\/ul>\n<p>Per a qualsevol consulta: <em>aplans1@institutcampalans.net<\/em><\/p>\n","protected":false},"excerpt":{"rendered":"<p>Organitzades per l\u2019Associaci\u00f3 Esportiva Escolar (AEE) El nostre centre forma part del PCEE intentant fomentar l\u2019activitat f\u00edsica entre els alumnes. Les activitats proposades es faran d&#8217;octubre a maig al pavell\u00f3 d&#8217;esports municipal o a la piscina municipal un dia per setmana i s\u00f3n: Posa&#8217;t en forma: els dijous de 15.30h a 17.00h., Activitat per nois [&hellip;]<\/p>\n","protected":false},"author":1,"featured_media":0,"parent":63,"menu_order":10,"comment_status":"closed","ping_status":"closed","template":"","meta":{"_bbp_topic_count":0,"_bbp_reply_count":0,"_bbp_total_topic_count":0,"_bbp_total_reply_count":0,"_bbp_voice_count":0,"_bbp_anonymous_reply_count":0,"_bbp_topic_count_hidden":0,"_bbp_reply_count_hidden":0,"_bbp_forum_subforum_count":0,"site-sidebar-layout":"default","site-content-layout":"","ast-site-content-layout":"default","site-content-style":"default","site-sidebar-style":"default","ast-global-header-display":"","ast-banner-title-visibility":"","ast-main-header-display":"","ast-hfb-above-header-display":"","ast-hfb-below-header-display":"","ast-hfb-mobile-header-display":"","site-post-title":"","ast-breadcrumbs-content":"","ast-featured-img":"","footer-sml-layout":"","theme-transparent-header-meta":"","adv-header-id-meta":"","stick-header-meta":"","header-above-stick-meta":"","header-main-stick-meta":"","header-below-stick-meta":"","astra-migrate-meta-layouts":"set","ast-page-background-enabled":"default","ast-page-background-meta":{"desktop":{"background-color":"var(--ast-global-color-4)","background-image":"","background-repeat":"repeat","background-position":"center center","background-size":"auto","background-attachment":"scroll","background-type":"","background-media":"","overlay-type":"","overlay-color":"","overlay-opacity":"","overlay-gradient":""},"tablet":{"background-color":"","background-image":"","background-repeat":"repeat","background-position":"center center","background-size":"auto","background-attachment":"scroll","background-type":"","background-media":"","overlay-type":"","overlay-color":"","overlay-opacity":"","overlay-gradient":""},"mobile":{"background-color":"","background-image":"","background-repeat":"repeat","background-position":"center center","background-size":"auto","background-attachment":"scroll","background-type":"","background-media":"","overlay-type":"","overlay-color":"","overlay-opacity":"","overlay-gradient":""}},"ast-content-background-meta":{"desktop":{"background-color":"var(--ast-global-color-5)","background-image":"","background-repeat":"repeat","background-position":"center center","background-size":"auto","background-attachment":"scroll","background-type":"","background-media":"","overlay-type":"","overlay-color":"","overlay-opacity":"","overlay-gradient":""},"tablet":{"background-color":"var(--ast-global-color-5)","background-image":"","background-repeat":"repeat","background-position":"center center","background-size":"auto","background-attachment":"scroll","background-type":"","background-media":"","overlay-type":"","overlay-color":"","overlay-opacity":"","overlay-gradient":""},"mobile":{"background-color":"var(--ast-global-color-5)","background-image":"","background-repeat":"repeat","background-position":"center center","background-size":"auto","background-attachment":"scroll","background-type":"","background-media":"","overlay-type":"","overlay-color":"","overlay-opacity":"","overlay-gradient":""}},"footnotes":""},"class_list":["post-75","page","type-page","status-publish","hentry"],"post_mailing_queue_ids":[],"_links":{"self":[{"href":"https:\/\/agora.xtec.cat\/iesrafaelcampalans\/wp-json\/wp\/v2\/pages\/75","targetHints":{"allow":["GET"]}}],"collection":[{"href":"https:\/\/agora.xtec.cat\/iesrafaelcampalans\/wp-json\/wp\/v2\/pages"}],"about":[{"href":"https:\/\/agora.xtec.cat\/iesrafaelcampalans\/wp-json\/wp\/v2\/types\/page"}],"author":[{"embeddable":true,"href":"https:\/\/agora.xtec.cat\/iesrafaelcampalans\/wp-json\/wp\/v2\/users\/1"}],"replies":[{"embeddable":true,"href":"https:\/\/agora.xtec.cat\/iesrafaelcampalans\/wp-json\/wp\/v2\/comments?post=75"}],"version-history":[{"count":5,"href":"https:\/\/agora.xtec.cat\/iesrafaelcampalans\/wp-json\/wp\/v2\/pages\/75\/revisions"}],"predecessor-version":[{"id":10078,"href":"https:\/\/agora.xtec.cat\/iesrafaelcampalans\/wp-json\/wp\/v2\/pages\/75\/revisions\/10078"}],"up":[{"embeddable":true,"href":"https:\/\/agora.xtec.cat\/iesrafaelcampalans\/wp-json\/wp\/v2\/pages\/63"}],"wp:attachment":[{"href":"https:\/\/agora.xtec.cat\/iesrafaelcampalans\/wp-json\/wp\/v2\/media?parent=75"}],"curies":[{"name":"wp","href":"https:\/\/api.w.org\/{rel}","templated":true}]}}