{"id":7253,"date":"2023-06-30T10:54:08","date_gmt":"2023-06-30T08:54:08","guid":{"rendered":"https:\/\/agora.xtec.cat\/iesrafaelcampalans\/?page_id=7253"},"modified":"2025-09-12T10:05:18","modified_gmt":"2025-09-12T08:05:18","slug":"ampa","status":"publish","type":"page","link":"https:\/\/agora.xtec.cat\/iesrafaelcampalans\/ampa\/","title":{"rendered":"AMPA"},"content":{"rendered":"<h5 style=\"text-align: center;\"><a href=\"http:\/\/agora.xtec.cat\/iesrafaelcampalans\/wp-content\/uploads\/usu1643\/2018\/07\/unnamed.jpg\"><img loading=\"lazy\" decoding=\"async\" class=\"aligncenter wp-image-2807 size-medium\" src=\"http:\/\/agora.xtec.cat\/iesrafaelcampalans\/wp-content\/uploads\/usu1643\/2018\/07\/unnamed-300x166.jpg\" alt=\"\" width=\"300\" height=\"166\" srcset=\"https:\/\/agora.xtec.cat\/iesrafaelcampalans\/wp-content\/uploads\/usu1643\/2018\/07\/unnamed-300x166.jpg 300w, https:\/\/agora.xtec.cat\/iesrafaelcampalans\/wp-content\/uploads\/usu1643\/2018\/07\/unnamed-768x425.jpg 768w, https:\/\/agora.xtec.cat\/iesrafaelcampalans\/wp-content\/uploads\/usu1643\/2018\/07\/unnamed-1024x567.jpg 1024w, https:\/\/agora.xtec.cat\/iesrafaelcampalans\/wp-content\/uploads\/usu1643\/2018\/07\/unnamed.jpg 1041w\" sizes=\"auto, (max-width: 300px) 100vw, 300px\" \/><\/a><\/h5>\n<h5>Qu\u00e8 \u00e9s l\u2019AMPA?<\/h5>\n<p style=\"text-align: justify;\">L\u2019Associaci\u00f3 de Mares i Pares d\u2019Alumnes (AMPA) de l\u2019Institut Rafael Campalans \u00e9s una associaci\u00f3 volunt\u00e0ria de les fam\u00edlies amb l\u2019objectiu de promoure la participaci\u00f3 i col\u00b7laborar amb les activitats de l\u2019Institut.<\/p>\n<h5>Quina finalitat t\u00e9?<\/h5>\n<ul>\n<li style=\"text-align: justify;\">Vetllar per la qualitat de l\u2019educaci\u00f3 a l\u2019escola.<\/li>\n<li style=\"text-align: justify;\">Facilitar la relaci\u00f3 entre les fam\u00edlies, la direcci\u00f3 i el professorat de l\u2019escola.<\/li>\n<li style=\"text-align: justify;\">Proposar activitats, fer suggeriments o formular queixes en relaci\u00f3 amb el funcionament de l\u2019escola.<\/li>\n<li style=\"font-weight: 400;\" aria-level=\"1\"><span style=\"font-weight: 400;\">Col\u00b7laborar en la gesti\u00f3 de serveis d\u2019inter\u00e8s de l\u2019alumnat, com ara <\/span><span style=\"font-weight: 400;\">la gesti\u00f3 de les taquilles o el bus de la Selectivitat.<\/span><\/li>\n<li style=\"text-align: justify;\">Representar les fam\u00edlies al Consell escolar del centre i les institucions educatives.<\/li>\n<li style=\"text-align: justify;\">Orientar les fam\u00edlies sobre els seus drets i deures.<\/li>\n<li style=\"text-align: justify;\">Fer propostes per a la formaci\u00f3 de mares i pares.<\/li>\n<\/ul>\n<h5>Qui en pot formar part?<\/h5>\n<p style=\"text-align: justify;\">Poden ser socis de l\u2019AMPA tots els pares i mares dels alumnes matriculats al centre. L&#8217;associaci\u00f3 \u00e9s de car\u00e0cter voluntari, ara b\u00e9, \u00e9s molt recomanable formar-ne part per poder desenvolupar la seva finalitat.<\/p>\n<p>Per a poder-ne formar part cal pagar la quota anual de soci que \u00e9s de 30 \u20ac per a fam\u00edlies amb un alumne matriculat al centre i de 35 \u20ac per a fam\u00edlies amb dos o m\u00e9s alumnes matriculats al centre. Pels alumnes que siguin beneficiaris d\u2019una beca d\u2019estudis, l\u2019import ser\u00e0 de 15\u20ac.<\/p>\n<h5>L&#8217;Assemblea de l&#8217;AMPA<\/h5>\n<p style=\"text-align: justify;\">L&#8217;Assemblea de l&#8217;AMPA \u00e9s l&#8217;organisme principal de l&#8217;AMPA i determina les directrius de les activitats, supervisa les activitats de la Junta i aprova el pressupost anual.<\/p>\n<p><span class=\"dashicons dashicons-format-aside\">\u00a0<\/span><a href=\"https:\/\/agora.xtec.cat\/iesrafaelcampalans\/docs\/acta-ampa-2021\/?bp-attachment=Acta-Ampa-Angles-2021.docx.pdf\"> Acta assemblea 2021<\/a><\/p>\n<p><span class=\"dashicons dashicons-format-aside\">\u00a0<\/span><a href=\"https:\/\/agora.xtec.cat\/iesrafaelcampalans\/docs\/acta-ampa-2022\/?bp-attachment=Acta-Ampa-Angles-2022.docx.pdf\"> Acta assemblea 2022<\/a><\/p>\n<p><span class=\"dashicons dashicons-format-aside\">\u00a0<\/span><a href=\"https:\/\/drive.google.com\/file\/d\/1Us-Yg5J-JUN3Vd4thpuk5CYx307wTxIw\/view?usp=drive_link\"> Acta assemblea 2023<\/a><\/p>\n<p><span class=\"dashicons dashicons-format-aside\">\u00a0<\/span><a href=\"https:\/\/drive.google.com\/file\/d\/1kAvZ8hFaj4ILo-cGht_5JntE9qD_9vdV\/view?usp=drive_link\"> Acta Assemblea\u00a0Extraordin\u00e0ria AMPA juny 2024<\/a><\/p>\n<p><span class=\"dashicons dashicons-format-aside\">\u00a0<\/span><a href=\"https:\/\/drive.google.com\/file\/d\/116WlQuZKof8ETdSCMy7FOoDI7Kw1xJNl\/view?usp=drive_link\"> Acta Assemblea\u00a0General AMPA setembre 2024<\/a><\/p>\n<h5>La Junta<\/h5>\n<p style=\"text-align: justify;\">Gestiona les activitats de l&#8217;AMPA, es coordina amb la direcci\u00f3 del centre i participa en les comissions del centre i en el Consell Escolar que \u00e9s l\u2019\u00f2rgan de m\u00e0xima decisi\u00f3 del Centre.<\/p>\n<h6>Membres actuals de la Junta<\/h6>\n<p><strong>Presidenta<\/strong>: Elizabeth Richardson<br \/>\n<strong>Secret\u00e0ria<\/strong>: Anabel Morales<br \/>\n<strong>Tresorera<\/strong>: Anna Bosch<br \/>\n<strong>Vocals<\/strong>: Anna Sal\u00f3 i Nat\u00e0lia Daimiel<\/p>\n<h5>Serveis que oferim<\/h5>\n<h6>Assignaci\u00f3 de taquilles<\/h6>\n<p style=\"padding-left: 20px;\"><span class=\"dashicons dashicons-format-aside\">\u00a0<\/span><a href=\"https:\/\/agora.xtec.cat\/iesrafaelcampalans\/docs\/ampa-informacio-taquilles-23-24\/?bp-attachment=Informacio-web-TAQUILLES-5.pdf\" target=\"_blank\" rel=\"noopener\"> Funcionament d&#8217;assignaci\u00f3 de taquilles a l&#8217;alumnat curs 23\/24<\/a><\/p>\n<p style=\"padding-left: 20px;\"><span class=\"dashicons dashicons-edit-large\">\u00a0<\/span><a href=\"https:\/\/docs.google.com\/forms\/d\/e\/1FAIpQLSeuQ35xE76JJDkYdDpgvpQuq1kkeq9Ou1CAdF1gw5sqR7li_w\/viewform?usp=sharing\" target=\"_blank\" rel=\"noopener noreferrer\">Formulari d&#8217;assignaci\u00f3 de taquilles curs 23\/24<\/a><\/p>\n<p>Per a respondre cal iniciar la sessi\u00f3 amb una adre\u00e7a pr\u00f2pia de l&#8217;institut (xxxx@institutcampalans.net), i aquesta queda registrada. S&#8217;admet nom\u00e9s 1 resposta per adre\u00e7a electr\u00f2nica. Nom\u00e9s s\u2019ha de respondre una vegada per a tots els membres que comparteixin taquilla.<\/p>\n<h6>Rebaixa sobre el preu de les sortides<\/h6>\n<p>Des del curs 20\/21 l\u2019AMPA ofereix als seus socis una rebaixa en el preu de les sortides escolars.<\/p>\n<p>L\u2019import d\u2019aquesta rebaixa \u00e9s de 10\u20ac, que equival aproximadament a una sortida amb despla\u00e7ament amb autob\u00fas. S&#8217;aplicar\u00e0 a qualsevol dels nivells educatius (ESO, Batxillerat o Cicles Formatius).<\/p>\n<p>Per a poder gaudir d\u2019aquesta rebaixa, cal haver pagat la quota de l\u2019AMPA abans de fer el pagament de les sortides.<\/p>\n<p><span class=\"dashicons dashicons-email-alt\">\u00a0<\/span> Podeu contactar amb l&#8217;AMPA a trav\u00e9s de l&#8217;adre\u00e7a de correu <a href=\"mailto:ampa@institutcampalans.net\">ampa@institutcampalans.net<\/a><\/p>\n","protected":false},"excerpt":{"rendered":"<p>Qu\u00e8 \u00e9s l\u2019AMPA? L\u2019Associaci\u00f3 de Mares i Pares d\u2019Alumnes (AMPA) de l\u2019Institut Rafael Campalans \u00e9s una associaci\u00f3 volunt\u00e0ria de les fam\u00edlies amb l\u2019objectiu de promoure la participaci\u00f3 i col\u00b7laborar amb les activitats de l\u2019Institut. Quina finalitat t\u00e9? Vetllar per la qualitat de l\u2019educaci\u00f3 a l\u2019escola. Facilitar la relaci\u00f3 entre les fam\u00edlies, la direcci\u00f3 i el [&hellip;]<\/p>\n","protected":false},"author":5,"featured_media":0,"parent":0,"menu_order":40,"comment_status":"closed","ping_status":"closed","template":"","meta":{"_bbp_topic_count":0,"_bbp_reply_count":0,"_bbp_total_topic_count":0,"_bbp_total_reply_count":0,"_bbp_voice_count":0,"_bbp_anonymous_reply_count":0,"_bbp_topic_count_hidden":0,"_bbp_reply_count_hidden":0,"_bbp_forum_subforum_count":0,"site-sidebar-layout":"no-sidebar","site-content-layout":"","ast-site-content-layout":"default","site-content-style":"default","site-sidebar-style":"default","ast-global-header-display":"","ast-banner-title-visibility":"","ast-main-header-display":"","ast-hfb-above-header-display":"","ast-hfb-below-header-display":"","ast-hfb-mobile-header-display":"","site-post-title":"","ast-breadcrumbs-content":"","ast-featured-img":"","footer-sml-layout":"","theme-transparent-header-meta":"default","adv-header-id-meta":"","stick-header-meta":"","header-above-stick-meta":"","header-main-stick-meta":"","header-below-stick-meta":"","astra-migrate-meta-layouts":"set","ast-page-background-enabled":"default","ast-page-background-meta":{"desktop":{"background-color":"var(--ast-global-color-4)","background-image":"","background-repeat":"repeat","background-position":"center center","background-size":"auto","background-attachment":"scroll","background-type":"","background-media":"","overlay-type":"","overlay-color":"","overlay-opacity":"","overlay-gradient":""},"tablet":{"background-color":"","background-image":"","background-repeat":"repeat","background-position":"center center","background-size":"auto","background-attachment":"scroll","background-type":"","background-media":"","overlay-type":"","overlay-color":"","overlay-opacity":"","overlay-gradient":""},"mobile":{"background-color":"","background-image":"","background-repeat":"repeat","background-position":"center center","background-size":"auto","background-attachment":"scroll","background-type":"","background-media":"","overlay-type":"","overlay-color":"","overlay-opacity":"","overlay-gradient":""}},"ast-content-background-meta":{"desktop":{"background-color":"var(--ast-global-color-5)","background-image":"","background-repeat":"repeat","background-position":"center center","background-size":"auto","background-attachment":"scroll","background-type":"","background-media":"","overlay-type":"","overlay-color":"","overlay-opacity":"","overlay-gradient":""},"tablet":{"background-color":"var(--ast-global-color-5)","background-image":"","background-repeat":"repeat","background-position":"center center","background-size":"auto","background-attachment":"scroll","background-type":"","background-media":"","overlay-type":"","overlay-color":"","overlay-opacity":"","overlay-gradient":""},"mobile":{"background-color":"var(--ast-global-color-5)","background-image":"","background-repeat":"repeat","background-position":"center center","background-size":"auto","background-attachment":"scroll","background-type":"","background-media":"","overlay-type":"","overlay-color":"","overlay-opacity":"","overlay-gradient":""}},"footnotes":""},"class_list":["post-7253","page","type-page","status-publish","hentry"],"post_mailing_queue_ids":[],"_links":{"self":[{"href":"https:\/\/agora.xtec.cat\/iesrafaelcampalans\/wp-json\/wp\/v2\/pages\/7253","targetHints":{"allow":["GET"]}}],"collection":[{"href":"https:\/\/agora.xtec.cat\/iesrafaelcampalans\/wp-json\/wp\/v2\/pages"}],"about":[{"href":"https:\/\/agora.xtec.cat\/iesrafaelcampalans\/wp-json\/wp\/v2\/types\/page"}],"author":[{"embeddable":true,"href":"https:\/\/agora.xtec.cat\/iesrafaelcampalans\/wp-json\/wp\/v2\/users\/5"}],"replies":[{"embeddable":true,"href":"https:\/\/agora.xtec.cat\/iesrafaelcampalans\/wp-json\/wp\/v2\/comments?post=7253"}],"version-history":[{"count":6,"href":"https:\/\/agora.xtec.cat\/iesrafaelcampalans\/wp-json\/wp\/v2\/pages\/7253\/revisions"}],"predecessor-version":[{"id":9747,"href":"https:\/\/agora.xtec.cat\/iesrafaelcampalans\/wp-json\/wp\/v2\/pages\/7253\/revisions\/9747"}],"wp:attachment":[{"href":"https:\/\/agora.xtec.cat\/iesrafaelcampalans\/wp-json\/wp\/v2\/media?parent=7253"}],"curies":[{"name":"wp","href":"https:\/\/api.w.org\/{rel}","templated":true}]}}