{"id":7127,"date":"2023-06-08T12:42:48","date_gmt":"2023-06-08T10:42:48","guid":{"rendered":"https:\/\/agora.xtec.cat\/iesrafaelcampalans\/?page_id=7127"},"modified":"2025-07-15T13:08:27","modified_gmt":"2025-07-15T11:08:27","slug":"daw","status":"publish","type":"page","link":"https:\/\/agora.xtec.cat\/iesrafaelcampalans\/estudis\/cicles-formatius\/daw\/","title":{"rendered":"Desenvolupament d\u2019Aplicacions Web (CFPS ICC0)"},"content":{"rendered":"\n<p>Aquests estudis postobligatoris capaciten per desenvolupar, implantar i mantenir aplicacions web, amb independ\u00e8ncia del model emprat i utilitzant tecnologies espec\u00edfiques, garantint l&#8217;acc\u00e9s a les dades de forma segura i complint els criteris d&#8217;accessibilitat, usabilitat i qualitat exigides en els est\u00e0ndards establerts.<\/p>\n\n\n\n<p>Tenen una durada de 2.000 hores (1.485 lectives en un centre educatiu i 515 de pr\u00e0ctiques en un centre de treball) distribu\u00efdes en <strong>dos cursos&nbsp;<\/strong>acad\u00e8mics.<\/p>\n\n\n\n<div class=\"wp-block-getwid-tabs\" data-active-tab=\"0\"><ul class=\"wp-block-getwid-tabs__nav-links\"><\/ul>\n<div class=\"wp-block-getwid-tabs__nav-link\"><span class=\"wp-block-getwid-tabs__title-wrapper\"><a href=\"#\"><span class=\"wp-block-getwid-tabs__title\">Continguts<\/span><\/a><\/span><\/div><div class=\"wp-block-getwid-tabs__tab-content-wrapper\"><div class=\"wp-block-getwid-tabs__tab-content\">\n<h5 class=\"wp-block-heading\">1r curs (com\u00fa amb&nbsp;<a href=\"http:\/\/agora.xtec.cat\/iesrafaelcampalans\/estudis\/dam\/\">1r DAM<\/a>)<\/h5>\n\n\n\n<h5 class=\"wp-block-heading\">2n curs<\/h5>\n\n\n\n<ul class=\"wp-block-list\">\n<li>0612. Desenvolupament web en entorn client. (99 hores)<\/li>\n\n\n\n<li>0613. Desenvolupament web en entorn servidor. (99 hores)<\/li>\n\n\n\n<li>0614. Desplegament d\u2019aplicacions web. (66 hores)<\/li>\n\n\n\n<li>0615. Disseny d\u2019interf\u00edcies web. (66 hores)<\/li>\n\n\n\n<li><span style=\"font-weight: 400;\">1710. Itinerari personal per a l&#8217;ocupabilitat II (66 hores)<\/span><\/li>\n\n\n\n<li>0616. Projecte intermodular de desenvolupament d\u2019aplicacions web (198 hores)<\/li>\n\n\n\n<li><i><span style=\"font-weight: 400;\">Els m\u00f2duls de 1r de DAM <\/span><\/i><span style=\"font-weight: 400;\">C040. Game Design<\/span><i><span style=\"font-weight: 400;\"> i <\/span><\/i><span style=\"font-weight: 400;\">C041. Disseny 2D i 3D<\/span><i><span style=\"font-weight: 400;\"> es convaliden com a m\u00f2duls optatius de DAW<\/span><\/i><\/li>\n<\/ul>\n<\/div><\/div>\n\n\n\n<div class=\"wp-block-getwid-tabs__nav-link\"><span class=\"wp-block-getwid-tabs__title-wrapper\"><a href=\"#\"><span class=\"wp-block-getwid-tabs__title\">Marc horari<\/span><\/a><\/span><\/div><div class=\"wp-block-getwid-tabs__tab-content-wrapper\"><div class=\"wp-block-getwid-tabs__tab-content\">\n<h5 class=\"wp-block-heading\">2n curs<\/h5>\n\n\n\n<ul class=\"wp-block-list\">\n<li>De dimarts a dijous: de 15:00 a 21:00<\/li>\n\n\n\n<li>Divendres: de 15:00 a 19:10<\/li>\n<\/ul>\n<\/div><\/div>\n\n\n\n<div class=\"wp-block-getwid-tabs__nav-link\"><span class=\"wp-block-getwid-tabs__title-wrapper\"><a href=\"#\"><span class=\"wp-block-getwid-tabs__title\">Preu<\/span><\/a><\/span><\/div><div class=\"wp-block-getwid-tabs__tab-content-wrapper\"><div class=\"wp-block-getwid-tabs__tab-content\">\n<p>Els<strong>&nbsp;imports de la matr\u00edcula<\/strong>&nbsp;per als centres dependents del Departament d&#8217;Ensenyament s\u00f3n:<\/p>\n\n\n\n<ul class=\"wp-block-list\">\n<li>per m\u00f2dul professional: 65 euros<\/li>\n\n\n\n<li>per m\u00f2dul de formaci\u00f3 en centres de treball (FCT): 25 euros<\/li>\n\n\n\n<li>import m\u00e0xim a pagar per curs: 360 euros<\/li>\n<\/ul>\n\n\n\n<p><em>Consulteu els sup\u00f2sits d&#8217;exempcions i bonificacions generals i espec\u00edfiques a l&#8217;apartat de&nbsp;<strong><a title=\"V\u00e9s a 'Matr\u00edcula dels cicles formatius de grau superior impartits en els centres dependents del Departament d'Ensenyament'\" href=\"http:\/\/ensenyament.gencat.cat\/ca\/departament\/normativa\/taxes-preus-publics\/preu-public\/\" target=\"_blank\" rel=\"noopener noreferrer\">preus p\u00fablics<\/a><\/strong>.<\/em><\/p>\n\n\n\n<p><strong>Altres imports<\/strong> addicionals:<\/p>\n\n\n\n<ul class=\"wp-block-list\">\n<li>per asseguran\u00e7a escolar: 1,12 euros<\/li>\n\n\n\n<li>per material (fotoc\u00f2pies d\u2019ex\u00e0mens i exercicis, llic\u00e8ncies de programari, equipament d\u2019aula, concursos, premis, ordinadors de substituci\u00f3)\n<ul class=\"wp-block-list\">\n<li>1 o 2 m\u00f2duls: 25 euros<\/li>\n\n\n\n<li>3 o 4 m\u00f2duls: 45 euros<\/li>\n\n\n\n<li>M\u00e9s de 4 m\u00f2duls: 60 euros<\/li>\n<\/ul>\n<\/li>\n<\/ul>\n<\/div><\/div>\n\n\n\n<div class=\"wp-block-getwid-tabs__nav-link\"><span class=\"wp-block-getwid-tabs__title-wrapper\"><a href=\"#\"><span class=\"wp-block-getwid-tabs__title\">Sortides acad\u00e8miques<\/span><\/a><\/span><\/div><div class=\"wp-block-getwid-tabs__tab-content-wrapper\"><div class=\"wp-block-getwid-tabs__tab-content\">\n<p>Amb aquests estudis s&#8217;obt\u00e9 el t\u00edtol de t\u00e8cnic superior o t\u00e8cnica superior, que permet accedir a qualsevol estudi universitari oficial de grau. Les persones que s&#8217;han graduat en un cicle formatiu de grau superior poden obtenir la convalidaci\u00f3 de cr\u00e8dits universitaris ECTS.<\/p>\n\n\n\n<p>Per a m\u00e9s informaci\u00f3, consulteu el&nbsp;<a href=\"http:\/\/universitats.gencat.cat\/ca\/que_puc_fer\/estudiant_cicles\/\" target=\"_blank\" rel=\"noopener noreferrer\">Canal Universitats<\/a><\/p>\n<\/div><\/div>\n\n\n\n<div class=\"wp-block-getwid-tabs__nav-link\"><span class=\"wp-block-getwid-tabs__title-wrapper\"><a href=\"#\"><span class=\"wp-block-getwid-tabs__title\">Sortides professionals<\/span><\/a><\/span><\/div><div class=\"wp-block-getwid-tabs__tab-content-wrapper\"><div class=\"wp-block-getwid-tabs__tab-content\">\n<p>La superaci\u00f3 d&#8217;aquest cicle formatiu permet accedir al&nbsp;<strong>m\u00f3n laboral<\/strong>&nbsp;com a:<\/p>\n\n\n\n<ul class=\"wp-block-list\">\n<li>programador web full-stack (Front-end i Back-end)<\/li>\n\n\n\n<li>programador multim\u00e8dia<\/li>\n\n\n\n<li>desenvolupador d&#8217;aplicacions en entorns web<\/li>\n<\/ul>\n<\/div><\/div>\n<\/div>\n\n\n\n<p><\/p>\n","protected":false},"excerpt":{"rendered":"<p>Aquests estudis postobligatoris capaciten per desenvolupar, implantar i mantenir aplicacions web, amb independ\u00e8ncia del model emprat i utilitzant tecnologies espec\u00edfiques, garantint l&#8217;acc\u00e9s a les dades de forma segura i complint els criteris d&#8217;accessibilitat, usabilitat i qualitat exigides en els est\u00e0ndards establerts. Tenen una durada de 2.000 hores (1.485 lectives en un centre educatiu i 515 [&hellip;]<\/p>\n","protected":false},"author":5,"featured_media":0,"parent":7109,"menu_order":20,"comment_status":"closed","ping_status":"closed","template":"","meta":{"_bbp_topic_count":0,"_bbp_reply_count":0,"_bbp_total_topic_count":0,"_bbp_total_reply_count":0,"_bbp_voice_count":0,"_bbp_anonymous_reply_count":0,"_bbp_topic_count_hidden":0,"_bbp_reply_count_hidden":0,"_bbp_forum_subforum_count":0,"site-sidebar-layout":"default","site-content-layout":"","ast-site-content-layout":"default","site-content-style":"default","site-sidebar-style":"default","ast-global-header-display":"","ast-banner-title-visibility":"","ast-main-header-display":"","ast-hfb-above-header-display":"","ast-hfb-below-header-display":"","ast-hfb-mobile-header-display":"","site-post-title":"","ast-breadcrumbs-content":"","ast-featured-img":"","footer-sml-layout":"","theme-transparent-header-meta":"","adv-header-id-meta":"","stick-header-meta":"","header-above-stick-meta":"","header-main-stick-meta":"","header-below-stick-meta":"","astra-migrate-meta-layouts":"set","ast-page-background-enabled":"default","ast-page-background-meta":{"desktop":{"background-color":"var(--ast-global-color-4)","background-image":"","background-repeat":"repeat","background-position":"center center","background-size":"auto","background-attachment":"scroll","background-type":"","background-media":"","overlay-type":"","overlay-color":"","overlay-opacity":"","overlay-gradient":""},"tablet":{"background-color":"","background-image":"","background-repeat":"repeat","background-position":"center center","background-size":"auto","background-attachment":"scroll","background-type":"","background-media":"","overlay-type":"","overlay-color":"","overlay-opacity":"","overlay-gradient":""},"mobile":{"background-color":"","background-image":"","background-repeat":"repeat","background-position":"center center","background-size":"auto","background-attachment":"scroll","background-type":"","background-media":"","overlay-type":"","overlay-color":"","overlay-opacity":"","overlay-gradient":""}},"ast-content-background-meta":{"desktop":{"background-color":"var(--ast-global-color-5)","background-image":"","background-repeat":"repeat","background-position":"center center","background-size":"auto","background-attachment":"scroll","background-type":"","background-media":"","overlay-type":"","overlay-color":"","overlay-opacity":"","overlay-gradient":""},"tablet":{"background-color":"var(--ast-global-color-5)","background-image":"","background-repeat":"repeat","background-position":"center center","background-size":"auto","background-attachment":"scroll","background-type":"","background-media":"","overlay-type":"","overlay-color":"","overlay-opacity":"","overlay-gradient":""},"mobile":{"background-color":"var(--ast-global-color-5)","background-image":"","background-repeat":"repeat","background-position":"center center","background-size":"auto","background-attachment":"scroll","background-type":"","background-media":"","overlay-type":"","overlay-color":"","overlay-opacity":"","overlay-gradient":""}},"footnotes":""},"class_list":["post-7127","page","type-page","status-publish","hentry"],"post_mailing_queue_ids":[],"_links":{"self":[{"href":"https:\/\/agora.xtec.cat\/iesrafaelcampalans\/wp-json\/wp\/v2\/pages\/7127","targetHints":{"allow":["GET"]}}],"collection":[{"href":"https:\/\/agora.xtec.cat\/iesrafaelcampalans\/wp-json\/wp\/v2\/pages"}],"about":[{"href":"https:\/\/agora.xtec.cat\/iesrafaelcampalans\/wp-json\/wp\/v2\/types\/page"}],"author":[{"embeddable":true,"href":"https:\/\/agora.xtec.cat\/iesrafaelcampalans\/wp-json\/wp\/v2\/users\/5"}],"replies":[{"embeddable":true,"href":"https:\/\/agora.xtec.cat\/iesrafaelcampalans\/wp-json\/wp\/v2\/comments?post=7127"}],"version-history":[{"count":6,"href":"https:\/\/agora.xtec.cat\/iesrafaelcampalans\/wp-json\/wp\/v2\/pages\/7127\/revisions"}],"predecessor-version":[{"id":9667,"href":"https:\/\/agora.xtec.cat\/iesrafaelcampalans\/wp-json\/wp\/v2\/pages\/7127\/revisions\/9667"}],"up":[{"embeddable":true,"href":"https:\/\/agora.xtec.cat\/iesrafaelcampalans\/wp-json\/wp\/v2\/pages\/7109"}],"wp:attachment":[{"href":"https:\/\/agora.xtec.cat\/iesrafaelcampalans\/wp-json\/wp\/v2\/media?parent=7127"}],"curies":[{"name":"wp","href":"https:\/\/api.w.org\/{rel}","templated":true}]}}