{"id":6529,"date":"2023-03-06T09:56:19","date_gmt":"2023-03-06T08:56:19","guid":{"rendered":"https:\/\/agora.xtec.cat\/iesrafaelcampalans\/?page_id=6529"},"modified":"2026-02-02T12:52:14","modified_gmt":"2026-02-02T11:52:14","slug":"proves-geso","status":"publish","type":"page","link":"https:\/\/agora.xtec.cat\/iesrafaelcampalans\/secretaria\/proves-geso\/","title":{"rendered":"Proves GESO"},"content":{"rendered":"<h3 id=\"pageTitle\" class=\"ms-core-pageTitle\"><strong><span id=\"DeltaPlaceHolderPageTitleInTitleArea\">CONVOCAT\u00d2RIA<\/span><span id=\"DeltaPlaceHolderPageTitleInTitleArea\">\u00a0DE LES PROVES PER OBTENIR EL GRADUAT EN ESO<\/span><\/strong><\/h3>\n<p style=\"text-align: justify;\">\u200b\u200b\u200b\u200b\u200b\u200b\u200b\u200b\u200b\u200b\u200b\u200b\u200b\u200b\u200b\u200b\u200b\u200b\u200b\u200b\u200b\u200b\u200b\u200b\u200b\u200b\u200b\u200b\u200b\u200b\u200b\u200b\u200b\u200b\u200b\u200b\u200b\u200b\u200b\u200bL\u2019alumnat que no obt\u00e9 el t\u00edtol de graduat en educaci\u00f3 secund\u00e0ria obligat\u00f2ria (ESO) en finalitzar l\u2019etapa es pot presentar a les proves que el mes de mar\u00e7 de cada any organitzen els centres educatius.<\/p>\n<ul>\n<li><a href=\"https:\/\/documents.espai.educacio.gencat.cat\/FormularisModels\/CentresGestioAcademica\/A665.pdf\"><strong><em>Sol\u00b7licitud d\u2019inscripci\u00f3<\/em><\/strong><\/a><\/li>\n<\/ul>\n<p><strong>REQUISITS<\/strong><\/p>\n<p style=\"text-align: justify;\">Es poden presentar a la prova les persones que compleixen els requisits seg\u00fcents:<\/p>\n<ul>\n<li style=\"text-align: justify;\">Tenir 18 anys o complir-los dins l\u2019any natural de la prova.<\/li>\n<li style=\"text-align: justify;\">Tamb\u00e9 s\u2019hi poden presentar amb 17 anys o complir-los dins l\u2019any natural de la prova si es troben en alguna d\u2019aquestes situacions (cal presentar la documentaci\u00f3 que ho acrediti):<\/li>\n<\/ul>\n<ol>\n<li style=\"list-style-type: none;\">\n<ol>\n<li style=\"text-align: justify;\">Tenir un contracte laboral que els impedeixi d\u2019assistir al centre educatiu en r\u00e8gim ordinari.<\/li>\n<li style=\"text-align: justify;\">Trobar-se en proc\u00e9s d\u2019obtenir un perm\u00eds de treball<\/li>\n<li>Ser esportista d\u2019alt rendiment. En aquest cas caldr\u00e0 presentar una certificaci\u00f3 del Consell Catal\u00e0 de l&#8217;Esport que acrediti que aquests esportistes figuren en el programa de tecnificaci\u00f3 (ARC) de la federaci\u00f3 catalana corresponent.<\/li>\n<li>Que tingui un expedient d&#8217;homologaci\u00f3 obert d&#8217;estudis estrangers al t\u00edtol de GESO.<\/li>\n<\/ol>\n<\/li>\n<\/ol>\n<ul style=\"text-align: justify;\">\n<li>Haver finalitzat l\u2019ESO durant un dels 2 cursos anteriors al qual es presentin a les proves.<\/li>\n<\/ul>\n<p style=\"text-align: justify;\">En aplicaci\u00f3 d\u2019aquests requisits, queden exclosos de les proves els alumnes inscrits per repetir quart d\u2019ESO en el present curs 2025-2026.<\/p>\n<p><strong>CALENDARI<\/strong><\/p>\n<p>El dia de la prova, els alumnes han de portar l\u2019original del DNI, targeta de resid\u00e8ncia, passaport o qualsevol altre document identificatiu oficial en vigor. El temps m\u00ednim per fer-la \u00e9s de 60 minuts per a cada mat\u00e8ria. Es poden portar diccionaris i\/o calculadora.<\/p>\n<table width=\"100%\">\n<tbody>\n<tr>\n<td><strong>\u200bTasque\u200bs<\/strong><\/td>\n<td><strong>\u200bDates<\/strong><\/td>\n<\/tr>\n<tr>\n<td>Termini de presentaci\u00f3 de sol\u00b7licituds d\u2019inscripci\u00f3<\/td>\n<td>Entre el 2 i el 13 de febrer de 2026\u200b\u200b<\/td>\n<\/tr>\n<tr>\n<td>Publicaci\u00f3 al tauler d\u2019anuncis del centre del calendari de les proves i de les llistes d\u2019admesos i exclosos<\/td>\n<td>Fins al 2 de mar\u00e7 de 2026\u200b<\/td>\n<\/tr>\n<tr>\n<td>Termini de presentaci\u00f3 de reclamacions a les llistes d\u2019admesos i exclosos<\/td>\n<td>Del 3 al 5 de mar\u00e7 de 2026<\/td>\n<\/tr>\n<tr>\n<td>\u200bRealitzaci\u00f3 de les proves<\/td>\n<td>De l\u20191\u00a0al 14 de mar\u00e7<\/td>\n<\/tr>\n<\/tbody>\n<\/table>\n<h5><b>Qualificacions<\/b><\/h5>\n<p>La llista d\u2019aspirants presentats i de les qualificacions obtingudes es publicar\u00e0 al tauler d\u2019anuncis dels centres deu dies lectius despr\u00e9s de les proves. L\u2019alumnat que aprovi totes les mat\u00e8ries pendents obtindr\u00e0 el t\u00edtol de graduat en ESO.<\/p>\n<p>L\u2019alumnat, els seus pares, mares o tutors legals poden reclamar contra les qualificacions obtingudes en una o m\u00e9s mat\u00e8ries i contra les decisions que, com a resultat del proc\u00e9s d\u2019avaluaci\u00f3, s\u2019hagin adoptat. La reclamaci\u00f3 es pot cursar durant els tres dies h\u00e0bils seg\u00fcents a la data de publicaci\u00f3 de les actes al tauler d\u2019anuncis, davant la direcci\u00f3 del centre, la qual convocar\u00e0 una reuni\u00f3 extraordin\u00e0ria de la junta d\u2019avaluaci\u00f3. Aquesta pren, per majoria simple, la decisi\u00f3 que confirmar\u00e0 o modificar\u00e0 els resultats, en un termini de 48 hores.<\/p>\n<p><strong>NORMATIVA<\/strong><\/p>\n<p><a href=\"https:\/\/portaldogc.gencat.cat\/utilsEADOP\/PDF\/9213\/2040038.pdf\">Resoluci\u00f3 EDU\/2730\/2024, de 16 de juliol<\/a>, per la qual es regula la convocat\u00f2ria anual de la prova per a l&#8217;obtenci\u00f3 del t\u00edtol de graduat o graduada en educaci\u00f3 secund\u00e0ria obligat\u00f2ria per a l&#8217;alumnat que no l&#8217;hagi obtingut en finalitzar l&#8217;etapa esmentada.<br \/>\n<a href=\"https:\/\/portaldogc.gencat.cat\/utilsEADOP\/PDF\/8762\/1928585.pdf\">Decret 175\/2022, de 27 de setembre<\/a>, d&#8217;ordenaci\u00f3 dels ensenyaments de l&#8217;educaci\u00f3 b\u00e0sica.<\/p>\n","protected":false},"excerpt":{"rendered":"<p>CONVOCAT\u00d2RIA\u00a0DE LES PROVES PER OBTENIR EL GRADUAT EN ESO \u200b\u200b\u200b\u200b\u200b\u200b\u200b\u200b\u200b\u200b\u200b\u200b\u200b\u200b\u200b\u200b\u200b\u200b\u200b\u200b\u200b\u200b\u200b\u200b\u200b\u200b\u200b\u200b\u200b\u200b\u200b\u200b\u200b\u200b\u200b\u200b\u200b\u200b\u200b\u200bL\u2019alumnat que no obt\u00e9 el t\u00edtol de graduat en educaci\u00f3 secund\u00e0ria obligat\u00f2ria (ESO) en finalitzar l\u2019etapa es pot presentar a les proves que el mes de mar\u00e7 de cada any organitzen els centres educatius. Sol\u00b7licitud d\u2019inscripci\u00f3 REQUISITS Es poden presentar a la prova les persones que [&hellip;]<\/p>\n","protected":false},"author":5,"featured_media":0,"parent":6506,"menu_order":50,"comment_status":"closed","ping_status":"closed","template":"","meta":{"_bbp_topic_count":0,"_bbp_reply_count":0,"_bbp_total_topic_count":0,"_bbp_total_reply_count":0,"_bbp_voice_count":0,"_bbp_anonymous_reply_count":0,"_bbp_topic_count_hidden":0,"_bbp_reply_count_hidden":0,"_bbp_forum_subforum_count":0,"site-sidebar-layout":"default","site-content-layout":"","ast-site-content-layout":"default","site-content-style":"default","site-sidebar-style":"default","ast-global-header-display":"","ast-banner-title-visibility":"","ast-main-header-display":"","ast-hfb-above-header-display":"","ast-hfb-below-header-display":"","ast-hfb-mobile-header-display":"","site-post-title":"","ast-breadcrumbs-content":"","ast-featured-img":"","footer-sml-layout":"","theme-transparent-header-meta":"","adv-header-id-meta":"","stick-header-meta":"","header-above-stick-meta":"","header-main-stick-meta":"","header-below-stick-meta":"","astra-migrate-meta-layouts":"set","ast-page-background-enabled":"default","ast-page-background-meta":{"desktop":{"background-color":"var(--ast-global-color-4)","background-image":"","background-repeat":"repeat","background-position":"center center","background-size":"auto","background-attachment":"scroll","background-type":"","background-media":"","overlay-type":"","overlay-color":"","overlay-opacity":"","overlay-gradient":""},"tablet":{"background-color":"","background-image":"","background-repeat":"repeat","background-position":"center center","background-size":"auto","background-attachment":"scroll","background-type":"","background-media":"","overlay-type":"","overlay-color":"","overlay-opacity":"","overlay-gradient":""},"mobile":{"background-color":"","background-image":"","background-repeat":"repeat","background-position":"center center","background-size":"auto","background-attachment":"scroll","background-type":"","background-media":"","overlay-type":"","overlay-color":"","overlay-opacity":"","overlay-gradient":""}},"ast-content-background-meta":{"desktop":{"background-color":"var(--ast-global-color-5)","background-image":"","background-repeat":"repeat","background-position":"center center","background-size":"auto","background-attachment":"scroll","background-type":"","background-media":"","overlay-type":"","overlay-color":"","overlay-opacity":"","overlay-gradient":""},"tablet":{"background-color":"var(--ast-global-color-5)","background-image":"","background-repeat":"repeat","background-position":"center center","background-size":"auto","background-attachment":"scroll","background-type":"","background-media":"","overlay-type":"","overlay-color":"","overlay-opacity":"","overlay-gradient":""},"mobile":{"background-color":"var(--ast-global-color-5)","background-image":"","background-repeat":"repeat","background-position":"center center","background-size":"auto","background-attachment":"scroll","background-type":"","background-media":"","overlay-type":"","overlay-color":"","overlay-opacity":"","overlay-gradient":""}},"footnotes":""},"class_list":["post-6529","page","type-page","status-publish","hentry"],"post_mailing_queue_ids":[],"_links":{"self":[{"href":"https:\/\/agora.xtec.cat\/iesrafaelcampalans\/wp-json\/wp\/v2\/pages\/6529","targetHints":{"allow":["GET"]}}],"collection":[{"href":"https:\/\/agora.xtec.cat\/iesrafaelcampalans\/wp-json\/wp\/v2\/pages"}],"about":[{"href":"https:\/\/agora.xtec.cat\/iesrafaelcampalans\/wp-json\/wp\/v2\/types\/page"}],"author":[{"embeddable":true,"href":"https:\/\/agora.xtec.cat\/iesrafaelcampalans\/wp-json\/wp\/v2\/users\/5"}],"replies":[{"embeddable":true,"href":"https:\/\/agora.xtec.cat\/iesrafaelcampalans\/wp-json\/wp\/v2\/comments?post=6529"}],"version-history":[{"count":6,"href":"https:\/\/agora.xtec.cat\/iesrafaelcampalans\/wp-json\/wp\/v2\/pages\/6529\/revisions"}],"predecessor-version":[{"id":10101,"href":"https:\/\/agora.xtec.cat\/iesrafaelcampalans\/wp-json\/wp\/v2\/pages\/6529\/revisions\/10101"}],"up":[{"embeddable":true,"href":"https:\/\/agora.xtec.cat\/iesrafaelcampalans\/wp-json\/wp\/v2\/pages\/6506"}],"wp:attachment":[{"href":"https:\/\/agora.xtec.cat\/iesrafaelcampalans\/wp-json\/wp\/v2\/media?parent=6529"}],"curies":[{"name":"wp","href":"https:\/\/api.w.org\/{rel}","templated":true}]}}