{"id":3962,"date":"2020-01-31T11:43:32","date_gmt":"2020-01-31T10:43:32","guid":{"rendered":"http:\/\/agora.xtec.cat\/iesrafaelcampalans\/?page_id=3962"},"modified":"2026-03-26T18:21:49","modified_gmt":"2026-03-26T17:21:49","slug":"documentacio_centre","status":"publish","type":"page","link":"https:\/\/agora.xtec.cat\/iesrafaelcampalans\/linstitut\/documentacio_centre\/","title":{"rendered":"Documentaci\u00f3 de gesti\u00f3 de centre"},"content":{"rendered":"<h4><strong>Documents de gesti\u00f3<\/strong><\/h4>\n<table style=\"border-collapse: collapse; width: 100%; height: 288px;\">\n<tbody>\n<tr style=\"height: 32px;\">\n<td style=\"width: 50%; height: 32px; background-color: gray; text-color: silver;\"><strong>Documents estrat\u00e8gics<\/strong><\/td>\n<td style=\"width: 50%; height: 32px; background-color: gray; text-color: sikver;\"><strong>Documents ESO\/Batxillerat\/Cicles<\/strong><\/td>\n<\/tr>\n<tr style=\"height: 32px;\">\n<td style=\"width: 50%; height: 32px;\"><a href=\"https:\/\/drive.google.com\/file\/d\/1GEjTmRDazKUV6x_I8SQkd1fGLlbd-GZt\/view?usp=drive_link\">PEC<\/a><\/td>\n<td style=\"width: 50%; height: 32px;\"><a href=\"https:\/\/drive.google.com\/file\/d\/1jX9W9jN2Lb8woE7ILDrfEFY8GzhFknbP\/view?usp=sharing\">Manual de Servei (ensenyament-aprenentatge)<\/a><\/td>\n<\/tr>\n<tr style=\"height: 32px;\">\n<td style=\"width: 50%; height: 32px;\"><a href=\"https:\/\/drive.google.com\/file\/d\/1a2rcCGD0awaf930IjqKlj2lVfzNoP6SO\/view?usp=drive_link\">NOFC<\/a><\/td>\n<td style=\"width: 50%; height: 32px;\">Pla d&#8217;Organitzaci\u00f3 de Centre<\/td>\n<\/tr>\n<tr style=\"height: 32px;\">\n<td style=\"width: 50%; height: 32px;\">Pla digital &#8211; <a href=\"https:\/\/sites.google.com\/institutcampalans.net\/edc\">Estrat\u00e8gia Digital de Centre<\/a><\/td>\n<td style=\"width: 50%; height: 32px;\"><a href=\"https:\/\/drive.google.com\/file\/d\/1ul70Kp-AOyxAYCLgialtStQK-K4nWtd3\/view?usp=sharing\">Carta de Comprom\u00eds Educatiu<\/a><\/td>\n<\/tr>\n<tr style=\"height: 32px;\">\n<td style=\"width: 50%; height: 32px;\"><a href=\"https:\/\/drive.google.com\/drive\/u\/0\/folders\/1YiIwYE6IMM2ezxNq9jZ4S6QjeaJjvPUh\">Projecte de Direcci\u00f3 2022-2026<\/a><\/td>\n<td style=\"width: 50%; height: 32px;\">\u00a0<\/td>\n<\/tr>\n<tr style=\"height: 32px;\">\n<td style=\"width: 50%; height: 32px;\"><a href=\"https:\/\/drive.google.com\/file\/d\/1-BJ-dRKjlGDQOTxsJ6eayq1rMVQd74uy\/view?usp=drive_link\">Projecte Ling\u00fc\u00edstic de Centre<\/a><\/td>\n<td style=\"width: 50%; height: 32px;\">\u00a0<\/td>\n<\/tr>\n<tr style=\"height: 32px;\">\n<td style=\"width: 50%; height: 32px;\"><a href=\"https:\/\/drive.google.com\/file\/d\/1s-jO65mly8-aKMTurmmJlyGxnZbY4C-I\/view?usp=sharing\" target=\"_blank\" rel=\"noopener\">Guia d&#8217;acollida professorat Institut Rafael Campalans<\/a><\/td>\n<td style=\"width: 50%; height: 32px;\">\u00a0<\/td>\n<\/tr>\n<tr style=\"height: 32px;\">\n<td style=\"width: 50%; height: 32px;\"><a href=\"https:\/\/drive.google.com\/file\/d\/1tQOTeAL6LWog9J5_kcfHpv-WHuTHl1op\/view?usp=drive_link\">Pla d&#8217;Emerg\u00e8ncia<\/a><\/td>\n<td style=\"width: 50%; height: 32px;\"><a href=\"https:\/\/drive.google.com\/drive\/folders\/1cVXcVySrovSpAI9Mwo0nyLMnlz9CesgF?usp=drive_link\">Prevenci\u00f3 de Riscos Laborals<\/a><\/td>\n<\/tr>\n<tr style=\"height: 32px;\">\n<td style=\"width: 50%; height: 32px;\"><a href=\"https:\/\/drive.google.com\/file\/d\/1oGk4VrttmeOkNUuScKojDdh-OVGa5nkA\/view?usp=drive_link\">Guia d&#8217;acollida MUFPS<\/a><\/td>\n<td style=\"width: 50%; height: 32px;\">\u00a0<\/td>\n<\/tr>\n<\/tbody>\n<\/table>\n\n\n<p><\/p>\n","protected":false},"excerpt":{"rendered":"<p>Documents de gesti\u00f3 Documents estrat\u00e8gics Documents ESO\/Batxillerat\/Cicles PEC Manual de Servei (ensenyament-aprenentatge) NOFC Pla d&#8217;Organitzaci\u00f3 de Centre Pla digital &#8211; Estrat\u00e8gia Digital de Centre Carta de Comprom\u00eds Educatiu Projecte de Direcci\u00f3 2022-2026 \u00a0 Projecte Ling\u00fc\u00edstic de Centre \u00a0 Guia d&#8217;acollida professorat Institut Rafael Campalans \u00a0 Pla d&#8217;Emerg\u00e8ncia Prevenci\u00f3 de Riscos Laborals Guia d&#8217;acollida MUFPS \u00a0<\/p>\n","protected":false},"author":6,"featured_media":0,"parent":19,"menu_order":60,"comment_status":"closed","ping_status":"closed","template":"","meta":{"_bbp_topic_count":0,"_bbp_reply_count":0,"_bbp_total_topic_count":0,"_bbp_total_reply_count":0,"_bbp_voice_count":0,"_bbp_anonymous_reply_count":0,"_bbp_topic_count_hidden":0,"_bbp_reply_count_hidden":0,"_bbp_forum_subforum_count":0,"site-sidebar-layout":"default","site-content-layout":"","ast-site-content-layout":"default","site-content-style":"default","site-sidebar-style":"default","ast-global-header-display":"","ast-banner-title-visibility":"","ast-main-header-display":"","ast-hfb-above-header-display":"","ast-hfb-below-header-display":"","ast-hfb-mobile-header-display":"","site-post-title":"","ast-breadcrumbs-content":"","ast-featured-img":"","footer-sml-layout":"","theme-transparent-header-meta":"","adv-header-id-meta":"","stick-header-meta":"","header-above-stick-meta":"","header-main-stick-meta":"","header-below-stick-meta":"","astra-migrate-meta-layouts":"set","ast-page-background-enabled":"default","ast-page-background-meta":{"desktop":{"background-color":"var(--ast-global-color-4)","background-image":"","background-repeat":"repeat","background-position":"center center","background-size":"auto","background-attachment":"scroll","background-type":"","background-media":"","overlay-type":"","overlay-color":"","overlay-opacity":"","overlay-gradient":""},"tablet":{"background-color":"","background-image":"","background-repeat":"repeat","background-position":"center center","background-size":"auto","background-attachment":"scroll","background-type":"","background-media":"","overlay-type":"","overlay-color":"","overlay-opacity":"","overlay-gradient":""},"mobile":{"background-color":"","background-image":"","background-repeat":"repeat","background-position":"center center","background-size":"auto","background-attachment":"scroll","background-type":"","background-media":"","overlay-type":"","overlay-color":"","overlay-opacity":"","overlay-gradient":""}},"ast-content-background-meta":{"desktop":{"background-color":"var(--ast-global-color-5)","background-image":"","background-repeat":"repeat","background-position":"center center","background-size":"auto","background-attachment":"scroll","background-type":"","background-media":"","overlay-type":"","overlay-color":"","overlay-opacity":"","overlay-gradient":""},"tablet":{"background-color":"var(--ast-global-color-5)","background-image":"","background-repeat":"repeat","background-position":"center center","background-size":"auto","background-attachment":"scroll","background-type":"","background-media":"","overlay-type":"","overlay-color":"","overlay-opacity":"","overlay-gradient":""},"mobile":{"background-color":"var(--ast-global-color-5)","background-image":"","background-repeat":"repeat","background-position":"center center","background-size":"auto","background-attachment":"scroll","background-type":"","background-media":"","overlay-type":"","overlay-color":"","overlay-opacity":"","overlay-gradient":""}},"footnotes":""},"class_list":["post-3962","page","type-page","status-publish","hentry"],"post_mailing_queue_ids":[],"_links":{"self":[{"href":"https:\/\/agora.xtec.cat\/iesrafaelcampalans\/wp-json\/wp\/v2\/pages\/3962","targetHints":{"allow":["GET"]}}],"collection":[{"href":"https:\/\/agora.xtec.cat\/iesrafaelcampalans\/wp-json\/wp\/v2\/pages"}],"about":[{"href":"https:\/\/agora.xtec.cat\/iesrafaelcampalans\/wp-json\/wp\/v2\/types\/page"}],"author":[{"embeddable":true,"href":"https:\/\/agora.xtec.cat\/iesrafaelcampalans\/wp-json\/wp\/v2\/users\/6"}],"replies":[{"embeddable":true,"href":"https:\/\/agora.xtec.cat\/iesrafaelcampalans\/wp-json\/wp\/v2\/comments?post=3962"}],"version-history":[{"count":6,"href":"https:\/\/agora.xtec.cat\/iesrafaelcampalans\/wp-json\/wp\/v2\/pages\/3962\/revisions"}],"predecessor-version":[{"id":10318,"href":"https:\/\/agora.xtec.cat\/iesrafaelcampalans\/wp-json\/wp\/v2\/pages\/3962\/revisions\/10318"}],"up":[{"embeddable":true,"href":"https:\/\/agora.xtec.cat\/iesrafaelcampalans\/wp-json\/wp\/v2\/pages\/19"}],"wp:attachment":[{"href":"https:\/\/agora.xtec.cat\/iesrafaelcampalans\/wp-json\/wp\/v2\/media?parent=3962"}],"curies":[{"name":"wp","href":"https:\/\/api.w.org\/{rel}","templated":true}]}}