{"id":27,"date":"2014-09-17T16:24:03","date_gmt":"2014-09-17T14:24:03","guid":{"rendered":"http:\/\/agora.xtec.cat\/iesrafaelcampalans\/?page_id=27"},"modified":"2024-03-11T08:56:18","modified_gmt":"2024-03-11T07:56:18","slug":"historia","status":"publish","type":"page","link":"https:\/\/agora.xtec.cat\/iesrafaelcampalans\/linstitut\/historia\/","title":{"rendered":"Hist\u00f2ria"},"content":{"rendered":"<p style=\"text-align: justify;\">L\u2019activitat educativa d&#8217;aquest institut va comen\u00e7ar el dia 16 d&#8217;octubre de 1979, com a secci\u00f3 de Formaci\u00f3 Professional adscrita a l\u2019Institut Polit\u00e8cnic de FP de Girona, amb les branques de primer grau de FP de Fusteria i Administratiu i s&#8217;instal\u00b7l\u00e0 en unes depend\u00e8ncies que havien estat les escoles p\u00fabliques del poble.<\/p>\n<p style=\"text-align: justify;\">El curs 1981-82 es va incrementar l\u2019oferta docent del centre amb la implantaci\u00f3 del primer grau de la branca de Moda i Confecci\u00f3.<\/p>\n<p style=\"text-align: justify;\">Una mica m\u00e9s tard es van implantar els estudis de segon grau de Formaci\u00f3 Professional: el curs 1982-83 es va introduir l\u2019especialitat de Construcci\u00f3 Industrial en fusta i el curs seg\u00fcent, l\u2019especialitat d&#8217;Administratiu.<\/p>\n<figure id=\"attachment_516\" aria-describedby=\"caption-attachment-516\" style=\"width: 275px\" class=\"wp-caption alignleft\"><img loading=\"lazy\" decoding=\"async\" class=\"wp-image-516\" src=\"http:\/\/agora.xtec.cat\/iesrafaelcampalans\/wp-content\/uploads\/usu1643\/2014\/09\/campalans-754x1024.jpg\" alt=\"\" width=\"275\" height=\"373\" hspace=\"10\" vspace=\"10\" srcset=\"https:\/\/agora.xtec.cat\/iesrafaelcampalans\/wp-content\/uploads\/usu1643\/2014\/09\/campalans.jpg 754w, https:\/\/agora.xtec.cat\/iesrafaelcampalans\/wp-content\/uploads\/usu1643\/2014\/09\/campalans-221x300.jpg 221w\" sizes=\"auto, (max-width: 275px) 100vw, 275px\" \/><figcaption id=\"caption-attachment-516\" class=\"wp-caption-text\">Foto: Fundaci\u00f3 Rafael Campalans<\/figcaption><\/figure>\n<p style=\"text-align: justify;\">Va ser l\u2019any 1984 que es va crear l\u2019Institut de Formaci\u00f3 Professional d&#8217;Angl\u00e8s per transformaci\u00f3 del que fins aleshores havia estat una Secci\u00f3 de Formaci\u00f3 Professional. A partir de la Resoluci\u00f3 de 18 de maig de l\u2019any 1987, el centre va passar a anomenar-se Rafael Campalans.<\/p>\n<p style=\"text-align: justify;\">L\u2019octubre de 1989 es crea l\u2019Institut d&#8217;Ensenyament Secundari Rafael Campalans per transformaci\u00f3 de l\u2019Institut de Formaci\u00f3 Professional del mateix nom. Aix\u00ed, per voluntat del mateix centre, l\u2019institut es converteix en centre experimentador de la Reforma de l\u2019Ensenyament Secundari, i s\u2019avan\u00e7a nou anys a la implantaci\u00f3 generalitzada de la Reforma Educativa.<\/p>\n<p style=\"text-align: justify;\">Durant el curs 1989-90 s\u2019implanten en aquest institut els estudis de primer i segon Cicle d&#8217;Ensenyament Secundari (1r i 2n de CES), que m\u00e9s endavant reben el nom de 3r i 4t d&#8217;ESO. Aquests nous estudis van suprimint progressivament el primer i el segon grau de FP de les especialitats de Fusteria, Administratiu i Moda i Confecci\u00f3 que s\u2019hi estaven impartint.<\/p>\n<p style=\"text-align: justify;\">El curs 1990-91 s\u2019inicien els estudis de BR (batxillerat de la Reforma o experimental) i els m\u00f2duls de primer grau de les especialitats de Fusteria i Ebenisteria (m\u00f2dul de dos anys), Administratiu i Moda i Confecci\u00f3.<br \/>\nDurant el curs 1991-92 es va fer la primera fase de reforma i ampliaci\u00f3.<\/p>\n<p style=\"text-align: justify;\">El curs 1995-96 el Departament va suprimir el m\u00f2dul de Moda i Confecci\u00f3, i el curs 1996-97 el de Fusteria i Ebenisteria, amb el desacord del Consell Escolar.<\/p>\n<p style=\"text-align: justify;\">El curs 1995-96 s\u2019implanta el cicle formatiu de grau mitj\u00e0 de Gesti\u00f3 Administrativa i, per generalitzaci\u00f3 de l\u2019aplicaci\u00f3 de la Reforma Educativa, el primer cicle de l&#8217;ESO (etapa de 12-14 anys). Aquest \u00faltim fet represent\u00e0 l\u2019inici de la normalitzaci\u00f3 de l\u2019institut pel que fa a la relaci\u00f3 amb altres instituts no experimentadors i a l\u2019admissi\u00f3 d&#8217;alumnes de fora de la zona educativa d&#8217;Angl\u00e8s.<\/p>\n<p style=\"text-align: justify;\">El curs 1997-98 s\u2019implanta el cicle formatiu de grau superior d&#8217;Administraci\u00f3 i Finances, per\u00f2 desapareix el 2001-2002 i es concedeix el cicle formatiu de grau superior d&#8217;Administraci\u00f3 de Serveis Inform\u00e0tics.<\/p>\n<p style=\"text-align: justify;\">El curs 1998-99 es fa una primera fase d&#8217;obres de reforma, ampliaci\u00f3 i millora de l\u00b4institut. El setembre del 2000 s\u2019estrenen les actuals depend\u00e8ncies de l\u00b4institut, un cop acabada una segona fase d&#8217;obres de reforma, ampliaci\u00f3 i millora.<\/p>\n<p style=\"text-align: justify;\">El curs 2001-02 es comen\u00e7a a impartir el cicle formatiu de grau superior de Desenvolupament d&#8217;Aplicacions Inform\u00e0tiques.<\/p>\n<p style=\"text-align: justify;\">El curs 2005-06 es comen\u00e7a a impartir el cicle formatiu de grau mitj\u00e0 Explotaci\u00f3 de Sistemes Inform\u00e0tics.<\/p>\n","protected":false},"excerpt":{"rendered":"<p>L\u2019activitat educativa d&#8217;aquest institut va comen\u00e7ar el dia 16 d&#8217;octubre de 1979, com a secci\u00f3 de Formaci\u00f3 Professional adscrita a l\u2019Institut Polit\u00e8cnic de FP de Girona, amb les branques de primer grau de FP de Fusteria i Administratiu i s&#8217;instal\u00b7l\u00e0 en unes depend\u00e8ncies que havien estat les escoles p\u00fabliques del poble. El curs 1981-82 es [&hellip;]<\/p>\n","protected":false},"author":1,"featured_media":0,"parent":19,"menu_order":20,"comment_status":"closed","ping_status":"closed","template":"","meta":{"_bbp_topic_count":0,"_bbp_reply_count":0,"_bbp_total_topic_count":0,"_bbp_total_reply_count":0,"_bbp_voice_count":0,"_bbp_anonymous_reply_count":0,"_bbp_topic_count_hidden":0,"_bbp_reply_count_hidden":0,"_bbp_forum_subforum_count":0,"site-sidebar-layout":"default","site-content-layout":"","ast-site-content-layout":"","site-content-style":"default","site-sidebar-style":"default","ast-global-header-display":"","ast-banner-title-visibility":"","ast-main-header-display":"","ast-hfb-above-header-display":"","ast-hfb-below-header-display":"","ast-hfb-mobile-header-display":"","site-post-title":"","ast-breadcrumbs-content":"","ast-featured-img":"","footer-sml-layout":"","theme-transparent-header-meta":"","adv-header-id-meta":"","stick-header-meta":"","header-above-stick-meta":"","header-main-stick-meta":"","header-below-stick-meta":"","astra-migrate-meta-layouts":"default","ast-page-background-enabled":"default","ast-page-background-meta":{"desktop":{"background-color":"var(--ast-global-color-4)","background-image":"","background-repeat":"repeat","background-position":"center center","background-size":"auto","background-attachment":"scroll","background-type":"","background-media":"","overlay-type":"","overlay-color":"","overlay-opacity":"","overlay-gradient":""},"tablet":{"background-color":"","background-image":"","background-repeat":"repeat","background-position":"center center","background-size":"auto","background-attachment":"scroll","background-type":"","background-media":"","overlay-type":"","overlay-color":"","overlay-opacity":"","overlay-gradient":""},"mobile":{"background-color":"","background-image":"","background-repeat":"repeat","background-position":"center center","background-size":"auto","background-attachment":"scroll","background-type":"","background-media":"","overlay-type":"","overlay-color":"","overlay-opacity":"","overlay-gradient":""}},"ast-content-background-meta":{"desktop":{"background-color":"var(--ast-global-color-5)","background-image":"","background-repeat":"repeat","background-position":"center center","background-size":"auto","background-attachment":"scroll","background-type":"","background-media":"","overlay-type":"","overlay-color":"","overlay-opacity":"","overlay-gradient":""},"tablet":{"background-color":"var(--ast-global-color-5)","background-image":"","background-repeat":"repeat","background-position":"center center","background-size":"auto","background-attachment":"scroll","background-type":"","background-media":"","overlay-type":"","overlay-color":"","overlay-opacity":"","overlay-gradient":""},"mobile":{"background-color":"var(--ast-global-color-5)","background-image":"","background-repeat":"repeat","background-position":"center center","background-size":"auto","background-attachment":"scroll","background-type":"","background-media":"","overlay-type":"","overlay-color":"","overlay-opacity":"","overlay-gradient":""}},"footnotes":""},"class_list":["post-27","page","type-page","status-publish","hentry"],"post_mailing_queue_ids":[],"_links":{"self":[{"href":"https:\/\/agora.xtec.cat\/iesrafaelcampalans\/wp-json\/wp\/v2\/pages\/27","targetHints":{"allow":["GET"]}}],"collection":[{"href":"https:\/\/agora.xtec.cat\/iesrafaelcampalans\/wp-json\/wp\/v2\/pages"}],"about":[{"href":"https:\/\/agora.xtec.cat\/iesrafaelcampalans\/wp-json\/wp\/v2\/types\/page"}],"author":[{"embeddable":true,"href":"https:\/\/agora.xtec.cat\/iesrafaelcampalans\/wp-json\/wp\/v2\/users\/1"}],"replies":[{"embeddable":true,"href":"https:\/\/agora.xtec.cat\/iesrafaelcampalans\/wp-json\/wp\/v2\/comments?post=27"}],"version-history":[{"count":4,"href":"https:\/\/agora.xtec.cat\/iesrafaelcampalans\/wp-json\/wp\/v2\/pages\/27\/revisions"}],"predecessor-version":[{"id":6828,"href":"https:\/\/agora.xtec.cat\/iesrafaelcampalans\/wp-json\/wp\/v2\/pages\/27\/revisions\/6828"}],"up":[{"embeddable":true,"href":"https:\/\/agora.xtec.cat\/iesrafaelcampalans\/wp-json\/wp\/v2\/pages\/19"}],"wp:attachment":[{"href":"https:\/\/agora.xtec.cat\/iesrafaelcampalans\/wp-json\/wp\/v2\/media?parent=27"}],"curies":[{"name":"wp","href":"https:\/\/api.w.org\/{rel}","templated":true}]}}