{"id":4987,"date":"2022-05-18T10:23:57","date_gmt":"2022-05-18T08:23:57","guid":{"rendered":"https:\/\/agora.xtec.cat\/iesqm\/?page_id=4987"},"modified":"2025-08-31T15:17:32","modified_gmt":"2025-08-31T13:17:32","slug":"comunicacio-2","status":"publish","type":"page","link":"https:\/\/agora.xtec.cat\/iesqm\/secretaria\/comunicacio-2\/","title":{"rendered":"Comunicacions"},"content":{"rendered":"<p>COMUNICACI\u00d3 INTERNA<br \/>\nTots\/es els docents de l\u2019institut escola disposen d\u2019un compte de correu @iesantquinti.com que se\u2019ls facilitar\u00e0 en arribar al centre. Les comunicacions de l\u2019IE arribaran a trav\u00e9s d\u2019aquest correu. Cal mirar-lo di\u00e0riament.<br \/>\nTamb\u00e9 es rebran i s\u2019enviaran comunicacions a la resta de companys\/es a trav\u00e9s de l\u2019aplicaci\u00f3 Dinantia que cal descarregar-se al m\u00f2bil o utilitzar via web.<br \/>\nLes comunicacions amb l\u2019equip directiu es podran fer a trav\u00e9s de les seg\u00fcents comptes de correu electr\u00f2nic:<br \/>\nDIRECCI\u00d3: a8076479@xtec.cat<br \/>\nCAP D\u2019ESTUDIS PRI: capestudis@iesantquinti.com<br \/>\nCAP D\u2019ESTUDIS ESO: capestudiseso@iesantquinti.com<br \/>\nCOORDINACI\u00d3 PEDAG\u00d2GICA: coordinaciopedagogica@iesantquinti.com<br \/>\nSECRETARIA: secretaria@iesantquinti.com<\/p>\n<p>COMUNICACI\u00d3 AMB LES FAM\u00cdLIES<br \/>\nLa comunicaci\u00f3 amb les fam\u00edlies es pot establir via agenda, tel\u00e8fon, i per Dinantia.<\/p>\n<p>INFORMACI\u00d3 DOCENTS<\/p>\n<p>Cada docent\u00a0 i cada grup classe t\u00e9 un correu amb el domini @iesantquinti.com<\/p>\n<p>Els diferents correus electr\u00f2nics que utilitzi cada docent es poden redirigir al compte d\u2019\u00fas m\u00e9s habitual per facilitar-ne la gesti\u00f3.<\/p>\n<h3><strong>APP DE DINANTIA<\/strong><\/h3>\n<p><a href=\"https:\/\/agora.xtec.cat\/iesqm\/wp-content\/uploads\/usu894\/2022\/05\/dinantia-cifras.png\"><img loading=\"lazy\" decoding=\"async\" class=\"wp-image-4983 alignleft\" src=\"https:\/\/agora.xtec.cat\/iesqm\/wp-content\/uploads\/usu894\/2022\/05\/dinantia-cifras.png\" alt=\"\" width=\"180\" height=\"360\" srcset=\"https:\/\/agora.xtec.cat\/iesqm\/wp-content\/uploads\/usu894\/2022\/05\/dinantia-cifras.png 522w, https:\/\/agora.xtec.cat\/iesqm\/wp-content\/uploads\/usu894\/2022\/05\/dinantia-cifras-150x300.png 150w, https:\/\/agora.xtec.cat\/iesqm\/wp-content\/uploads\/usu894\/2022\/05\/dinantia-cifras-512x1024.png 512w\" sizes=\"auto, (max-width: 180px) 100vw, 180px\" \/><\/a><br \/>\nA partir el curs 2021-2022 treballem amb un programa de gesti\u00f3 integral de centre.<br \/>\nAquest programa disposa d\u2019una App (Android i Apple) associada, que \u00e9s imprescindible tenir instal\u00b7lada al tel\u00e8fon m\u00f2bil si es vol tenir acc\u00e9s f\u00e0cil i r\u00e0pid a tota la informaci\u00f3 del centre, horaris, comunicacions, enquestes i autoritzacions. Aquestes informacions, per\u00f2,<br \/>\ntamb\u00e9 estan disponibles a trav\u00e9s de la p\u00e0gina web del centre.<\/p>\n<p>A trav\u00e9s de Dinantia els docents hauran de:<\/p>\n<ul>\n<li style=\"font-weight: 400;\" aria-level=\"1\"><span style=\"font-weight: 400;\">Assist\u00e8ncia Alumnat<\/span><\/li>\n<li style=\"font-weight: 400;\" aria-level=\"1\"><span style=\"font-weight: 400;\">Consulta Orles<\/span><\/li>\n<li style=\"font-weight: 400;\" aria-level=\"1\"><span style=\"font-weight: 400;\">Assist\u00e8ncia Professorat<\/span><\/li>\n<li style=\"font-weight: 400;\" aria-level=\"1\"><span style=\"font-weight: 400;\">Registres d&#8217;entrevistes amb alumnes i fam\u00edlies.<\/span><\/li>\n<li style=\"font-weight: 400;\" aria-level=\"1\"><span style=\"font-weight: 400;\">Comunicaci\u00f3 amb la comunitat educativa<\/span><\/li>\n<li style=\"font-weight: 400;\" aria-level=\"1\"><span style=\"font-weight: 400;\">Gesti\u00f3 de les auditories internes i externes.<\/span><\/li>\n<li style=\"font-weight: 400;\" aria-level=\"1\"><span style=\"font-weight: 400;\">Consulta d&#8217;horaris i calendari<\/span><\/li>\n<li style=\"font-weight: 400;\" aria-level=\"1\"><span style=\"font-weight: 400;\">Incid\u00e8ncies Inform\u00e0tiques<\/span><\/li>\n<li style=\"font-weight: 400;\" aria-level=\"1\"><span style=\"font-weight: 400;\">Reserva d&#8217;espais i equipaments.<\/span><\/li>\n<li aria-level=\"1\">Pagaments<\/li>\n<\/ul>\n<h3>COMUNICACI\u00d3 EXTERNA<\/h3>\n<p>L\u2019Institut Escola Sant Quint\u00ed de Mediona est\u00e0 obert al m\u00f3n a trav\u00e9s de 3 plataformes digitals:<\/p>\n<p>P\u00c0GINA WEB<br \/>\n<a href=\"https:\/\/agora.xtec.cat\/iesqm\/\">https:\/\/agora.xtec.cat\/iesqm\/<\/a><br \/>\nINSTAGRAM<br \/>\n<a href=\"https:\/\/instagram.com\/iesantquinti?utm_medium=copy_link\">https:\/\/instagram.com\/iesantquinti?utm_medium=copy_link<\/a><\/p>\n","protected":false},"excerpt":{"rendered":"<p>COMUNICACI\u00d3 INTERNA Tots\/es els docents de l\u2019institut escola disposen d\u2019un compte de correu @iesantquinti.com que se\u2019ls facilitar\u00e0 en arribar al centre. Les comunicacions de l\u2019IE arribaran a trav\u00e9s d\u2019aquest correu. Cal mirar-lo di\u00e0riament. Tamb\u00e9 es rebran i s\u2019enviaran comunicacions a la resta de companys\/es a trav\u00e9s de l\u2019aplicaci\u00f3 Dinantia que cal descarregar-se al m\u00f2bil o [&hellip;]<\/p>\n","protected":false},"author":1,"featured_media":0,"parent":81,"menu_order":0,"comment_status":"closed","ping_status":"closed","template":"","meta":{"_bbp_topic_count":0,"_bbp_reply_count":0,"_bbp_total_topic_count":0,"_bbp_total_reply_count":0,"_bbp_voice_count":0,"_bbp_anonymous_reply_count":0,"_bbp_topic_count_hidden":0,"_bbp_reply_count_hidden":0,"_bbp_forum_subforum_count":0,"site-sidebar-layout":"default","site-content-layout":"","ast-site-content-layout":"default","site-content-style":"default","site-sidebar-style":"default","ast-global-header-display":"","ast-banner-title-visibility":"","ast-main-header-display":"","ast-hfb-above-header-display":"","ast-hfb-below-header-display":"","ast-hfb-mobile-header-display":"","site-post-title":"","ast-breadcrumbs-content":"","ast-featured-img":"","footer-sml-layout":"","theme-transparent-header-meta":"","adv-header-id-meta":"","stick-header-meta":"","header-above-stick-meta":"","header-main-stick-meta":"","header-below-stick-meta":"","astra-migrate-meta-layouts":"set","ast-page-background-enabled":"default","ast-page-background-meta":{"desktop":{"background-color":"var(--ast-global-color-4)","background-image":"","background-repeat":"repeat","background-position":"center center","background-size":"auto","background-attachment":"scroll","background-type":"","background-media":"","overlay-type":"","overlay-color":"","overlay-opacity":"","overlay-gradient":""},"tablet":{"background-color":"","background-image":"","background-repeat":"repeat","background-position":"center center","background-size":"auto","background-attachment":"scroll","background-type":"","background-media":"","overlay-type":"","overlay-color":"","overlay-opacity":"","overlay-gradient":""},"mobile":{"background-color":"","background-image":"","background-repeat":"repeat","background-position":"center center","background-size":"auto","background-attachment":"scroll","background-type":"","background-media":"","overlay-type":"","overlay-color":"","overlay-opacity":"","overlay-gradient":""}},"ast-content-background-meta":{"desktop":{"background-color":"var(--ast-global-color-5)","background-image":"","background-repeat":"repeat","background-position":"center center","background-size":"auto","background-attachment":"scroll","background-type":"","background-media":"","overlay-type":"","overlay-color":"","overlay-opacity":"","overlay-gradient":""},"tablet":{"background-color":"var(--ast-global-color-5)","background-image":"","background-repeat":"repeat","background-position":"center center","background-size":"auto","background-attachment":"scroll","background-type":"","background-media":"","overlay-type":"","overlay-color":"","overlay-opacity":"","overlay-gradient":""},"mobile":{"background-color":"var(--ast-global-color-5)","background-image":"","background-repeat":"repeat","background-position":"center center","background-size":"auto","background-attachment":"scroll","background-type":"","background-media":"","overlay-type":"","overlay-color":"","overlay-opacity":"","overlay-gradient":""}},"footnotes":""},"class_list":["post-4987","page","type-page","status-publish","hentry"],"post_mailing_queue_ids":[],"_links":{"self":[{"href":"https:\/\/agora.xtec.cat\/iesqm\/wp-json\/wp\/v2\/pages\/4987","targetHints":{"allow":["GET"]}}],"collection":[{"href":"https:\/\/agora.xtec.cat\/iesqm\/wp-json\/wp\/v2\/pages"}],"about":[{"href":"https:\/\/agora.xtec.cat\/iesqm\/wp-json\/wp\/v2\/types\/page"}],"author":[{"embeddable":true,"href":"https:\/\/agora.xtec.cat\/iesqm\/wp-json\/wp\/v2\/users\/1"}],"replies":[{"embeddable":true,"href":"https:\/\/agora.xtec.cat\/iesqm\/wp-json\/wp\/v2\/comments?post=4987"}],"version-history":[{"count":4,"href":"https:\/\/agora.xtec.cat\/iesqm\/wp-json\/wp\/v2\/pages\/4987\/revisions"}],"predecessor-version":[{"id":7507,"href":"https:\/\/agora.xtec.cat\/iesqm\/wp-json\/wp\/v2\/pages\/4987\/revisions\/7507"}],"up":[{"embeddable":true,"href":"https:\/\/agora.xtec.cat\/iesqm\/wp-json\/wp\/v2\/pages\/81"}],"wp:attachment":[{"href":"https:\/\/agora.xtec.cat\/iesqm\/wp-json\/wp\/v2\/media?parent=4987"}],"curies":[{"name":"wp","href":"https:\/\/api.w.org\/{rel}","templated":true}]}}