{"id":4525,"date":"2021-11-30T19:14:47","date_gmt":"2021-11-30T18:14:47","guid":{"rendered":"https:\/\/agora.xtec.cat\/iesqm\/?page_id=4525"},"modified":"2022-12-07T16:13:06","modified_gmt":"2022-12-07T15:13:06","slug":"aplicatius-de-gestio-edc","status":"publish","type":"page","link":"https:\/\/agora.xtec.cat\/iesqm\/linstitut\/estrategia-digital\/aplicatius-de-gestio-edc\/","title":{"rendered":"Cultura digital"},"content":{"rendered":"<p>&nbsp;<\/p>\n<p>&nbsp;<\/p>\n<p style=\"text-align: center;\"><a href=\"https:\/\/agora.xtec.cat\/iesqm\/linstitut\/estrategia-digital\/aplicatius-de-gestio-edc\/attachment\/img_edc_graph_07-768x547\/\" rel=\"attachment wp-att-5690\"><img loading=\"lazy\" decoding=\"async\" class=\"alignnone size-full wp-image-5690\" src=\"https:\/\/agora.xtec.cat\/iesqm\/wp-content\/uploads\/usu894\/2022\/12\/img_EDC_graph_07-768x547-1.png\" alt=\"\" width=\"768\" height=\"547\" srcset=\"https:\/\/agora.xtec.cat\/iesqm\/wp-content\/uploads\/usu894\/2022\/12\/img_EDC_graph_07-768x547-1.png 768w, https:\/\/agora.xtec.cat\/iesqm\/wp-content\/uploads\/usu894\/2022\/12\/img_EDC_graph_07-768x547-1-300x214.png 300w\" sizes=\"auto, (max-width: 768px) 100vw, 768px\" \/><\/a><\/p>\n<table style=\"border-collapse: collapse; width: 100%;\">\n<tbody>\n<tr>\n<td style=\"width: 33.3333%;\"><strong>DESCRIPCIONS DE SERVEIS<\/strong><\/td>\n<td style=\"width: 33.3333%;\"><\/td>\n<\/tr>\n<tr>\n<td style=\"width: 33.3333%;\">\n<h4><a href=\"https:\/\/agora.xtec.cat\/iesqm\/linstitut\/estrategia-digital\/aplicatius-de-gestio-edc\/competencies-digitals\/\"><strong>DESPLEGAMENT CURRICULAR DE LA CD DE L&#8217;ALUMNAT<\/strong><\/a><\/h4>\n<p>&nbsp;<\/p>\n<table>\n<tbody>\n<tr>\n<td><b>COMPET\u00c8NCIES DIGITALS del Perfil Clau de Sortida de l\u2019Educaci\u00f3 B\u00e0sica<\/b><\/td>\n<\/tr>\n<tr>\n<td><b>CD1. <\/b><span style=\"font-weight: 400;\">Realitza cerques avan\u00e7ades a internet atenent a criteris de validesa, qualitat, actualitat i fiabilitat, seleccionant-les de manera cr\u00edtica i arxivant-les per recuperar, referenciar i reutilitzar aquestes recerques amb respecte a la propietat intel\u00b7lectual.\u00a0<\/span><b>CD2. <\/b><span style=\"font-weight: 400;\">Gestiona i utilitza el seu propi entorn personal digital d&#8217;aprenentatge permanent per construir nou coneixement i crear continguts digitals, mitjan\u00e7ant estrat\u00e8gies de tractament de la informaci\u00f3 i l&#8217;\u00fas de diferents eines digitals, seleccionant i configurant la m\u00e9s adequada en funci\u00f3 de la tasca i de les seves necessitats en cada ocasi\u00f3.\u00a0<\/span><\/p>\n<p><b>CD3<\/b><span style=\"font-weight: 400;\">. Participa, col\u00b7labora i interactua mitjan\u00e7ant eines i \/ o plataformes virtuals per comunicar-se, treballar col\u00b7laborativament i compartir continguts, dades i informaci\u00f3, gestionant de manera responsable les seves accions, pres\u00e8ncia i visibilitat a la xarxa i exercint una ciutadania digital activa, c\u00edvica i reflexiva.\u00a0<\/span><\/p>\n<p><b>CD4.<\/b><span style=\"font-weight: 400;\"> identifica riscos i adopta mesures a l&#8217;usar les tecnologies digitals per protegir els dispositius, les dades personals, la salut i el medi ambient, i per prendre consci\u00e8ncia de la import\u00e0ncia i necessitat de fer un \u00fas cr\u00edtic, legal, segur, saludable i sostenible d&#8217;aquestes.\u00a0<\/span><\/p>\n<p><b>CD5. <\/b><span style=\"font-weight: 400;\">Desenvolupa aplicacions inform\u00e0tiques senzilles i solucions tecnol\u00f2giques creatives i sostenibles per a resoldre problemes concrets o respondre a reptes proposats, mostrant inter\u00e8s i curiositat per l&#8217;evoluci\u00f3 de les tecnologies digitals i pel seu desenvolupament sostenible i \u00fas \u00e8tic<\/span><\/td>\n<\/tr>\n<\/tbody>\n<\/table>\n<h3><\/h3>\n<\/td>\n<td style=\"width: 33.3333%;\"><a href=\"https:\/\/agora.xtec.cat\/iesqm\/wp-content\/uploads\/usu894\/2022\/05\/comunicacion.jpg\"><img loading=\"lazy\" decoding=\"async\" class=\"wp-image-5004 aligncenter\" src=\"https:\/\/agora.xtec.cat\/iesqm\/wp-content\/uploads\/usu894\/2022\/05\/comunicacion.jpg\" alt=\"\" width=\"228\" height=\"228\" srcset=\"https:\/\/agora.xtec.cat\/iesqm\/wp-content\/uploads\/usu894\/2022\/05\/comunicacion.jpg 1600w, https:\/\/agora.xtec.cat\/iesqm\/wp-content\/uploads\/usu894\/2022\/05\/comunicacion-300x300.jpg 300w, https:\/\/agora.xtec.cat\/iesqm\/wp-content\/uploads\/usu894\/2022\/05\/comunicacion-1024x1024.jpg 1024w, https:\/\/agora.xtec.cat\/iesqm\/wp-content\/uploads\/usu894\/2022\/05\/comunicacion-150x150.jpg 150w, https:\/\/agora.xtec.cat\/iesqm\/wp-content\/uploads\/usu894\/2022\/05\/comunicacion-768x768.jpg 768w, https:\/\/agora.xtec.cat\/iesqm\/wp-content\/uploads\/usu894\/2022\/05\/comunicacion-1536x1536.jpg 1536w\" sizes=\"auto, (max-width: 228px) 100vw, 228px\" \/><\/a><\/td>\n<\/tr>\n<tr>\n<td style=\"width: 33.3333%;\"><strong>ACORDS DE CLAUSTRE I CONSELL ESCOLAR<\/strong><\/td>\n<td style=\"width: 33.3333%;\"><\/td>\n<\/tr>\n<tr>\n<td style=\"width: 33.3333%;\"><strong>ACOLLIDA DIGITAL<\/strong><\/td>\n<td style=\"width: 33.3333%;\">ALUMNAT &#8211; DOCENTS &#8211; FAM\u00cdLIES<\/td>\n<\/tr>\n<tr>\n<td style=\"width: 33.3333%;\"><strong>PORTALS I XARXES SOCIALS<\/strong><\/td>\n<td style=\"width: 33.3333%;\"><\/td>\n<\/tr>\n<tr>\n<td style=\"width: 33.3333%;\">\n<h4><a href=\"https:\/\/agora.xtec.cat\/iesqm\/linstitut\/estrategia-digital\/aplicatius-de-gestio-edc\/comunicacio-2\/\"><strong>COMUNICACIONS DE LA COMUNITAT EDUCATIVA<\/strong><\/a><\/h4>\n<\/td>\n<td style=\"width: 33.3333%; text-align: center;\"><a href=\"https:\/\/agora.xtec.cat\/iesqm\/wp-content\/uploads\/usu894\/2022\/05\/baixa-2.jpg\"><img loading=\"lazy\" decoding=\"async\" class=\"alignnone size-full wp-image-4991\" src=\"https:\/\/agora.xtec.cat\/iesqm\/wp-content\/uploads\/usu894\/2022\/05\/baixa-2.jpg\" alt=\"\" width=\"273\" height=\"184\" \/><\/a><\/td>\n<\/tr>\n<tr>\n<td style=\"width: 33.3333%;\">\n<h4><strong>ACOMPANYAMENT FAM\u00cdLIES<\/strong><\/h4>\n<h5 style=\"text-align: center;\">Guia &#8220;Les tecnologies digitals a la inf\u00e0ncia, l&#8217;adolesc\u00e8ncia i la joventut&#8221;<\/h5>\n<p style=\"font-family: 'Helvetica Neue', Helvetica, Helvetica, Arial, sans-serif; font-size: 14px; text-align: center;\">\n<h5 style=\"text-align: center;\">Aquesta eina ofereix a fam\u00edlies i educadors claus i informaci\u00f3 fonamentada per orientar-los en la supervisi\u00f3 de l&#8217; \u00fas d&#8217;Internet i els dispositius electr\u00f2nics per part dels menors. Trobareu una descripci\u00f3 de les etapes evolutives de la inf\u00e0ncia i l&#8217;adolesc\u00e8ncia en relaci\u00f3 a l&#8217;\u00fas de la tecnologia, com acompanyar-los en el m\u00f3n digital i els riscos vinculats al seu \u00fas, inclosos aspectes relacionals, d&#8217;identitat digital, privacitat i seguretat que se&#8217; n deriven.<\/h5>\n<p style=\"font-family: 'Helvetica Neue', Helvetica, Helvetica, Arial, sans-serif; font-size: 14px; text-align: center;\">La pots descarregar en l&#8217;enlla\u00e7 seg\u00fcent<\/p>\n<h4 style=\"text-align: center;\"><a style=\"font-size: 14px; font-weight: normal; text-align: center;\" href=\"https:\/\/agora.xtec.cat\/iesqm\/linstitut\/estrategia-digital\/aplicatius-de-gestio-edc\/attachment\/lestecnologiesdigitalsinfanciaadolecenciajoventut\/\" rel=\"attachment wp-att-5375\">LesTecnologiesDigitalsInfanciaAdolecenciaJoventut-<\/a><\/h4>\n<\/td>\n<td style=\"width: 33.3333%; text-align: center;\"><a href=\"https:\/\/agora.xtec.cat\/iesqm\/wp-content\/uploads\/usu894\/2022\/10\/guia.jpg\"><img loading=\"lazy\" decoding=\"async\" class=\"alignnone size-medium wp-image-5374\" src=\"https:\/\/agora.xtec.cat\/iesqm\/wp-content\/uploads\/usu894\/2022\/10\/guia-230x300.jpg\" alt=\"\" width=\"230\" height=\"300\" srcset=\"https:\/\/agora.xtec.cat\/iesqm\/wp-content\/uploads\/usu894\/2022\/10\/guia-230x300.jpg 230w, https:\/\/agora.xtec.cat\/iesqm\/wp-content\/uploads\/usu894\/2022\/10\/guia.jpg 629w\" sizes=\"auto, (max-width: 230px) 100vw, 230px\" \/><\/a><\/td>\n<\/tr>\n<\/tbody>\n<\/table>\n<table style=\"border-collapse: collapse; width: 100%; height: 1297px;\">\n<tbody>\n<tr style=\"height: 84px;\">\n<td style=\"text-align: center; width: 99.7989%; height: 84px;\" colspan=\"3\">\n<h2 style=\"background-color: #ffffff;\"><a href=\"https:\/\/agora.xtec.cat\/iesqm\/linstitut\/estrategia-digital\/aplicatius-de-gestio-edc\/ciberseguretat\/\"><span style=\"color: #008000;\"><strong>CIBERSEGURETAT<\/strong><\/span><\/a><\/h2>\n<\/td>\n<\/tr>\n<tr style=\"height: 99px;\">\n<td style=\"text-align: center; width: 33.2663%; height: 99px;\">\n<h3><a href=\"https:\/\/agora.xtec.cat\/iesqm\/wp-admin\/post.php?post=5705&amp;action=edit\"><span style=\"color: #008000;\"><strong>XARXES<\/strong><\/span><\/a><\/h3>\n<\/td>\n<td style=\"text-align: center; width: 33.2663%; height: 99px;\">\n<h3><a href=\"https:\/\/agora.xtec.cat\/iesqm\/linstitut\/estrategia-digital\/aplicatius-de-gestio-edc\/propietat-intellectual\/\"><span style=\"color: #008000;\"><strong>PROPIETAT INTEL\u00b7LECTUAL<\/strong><\/span><\/a><\/h3>\n<\/td>\n<td style=\"text-align: center; width: 33.2663%; height: 99px;\">\n<h3><span style=\"color: #008000;\"><strong>\u00a0<\/strong><\/span><\/h3>\n<\/td>\n<\/tr>\n<tr style=\"height: 326px;\">\n<td style=\"text-align: center; height: 326px; width: 99.7989%;\" colspan=\"3\">\n<h2><a href=\"https:\/\/view.genial.ly\/5f508b32defb6a0d27319ad4\/vertical-infographic-1920infografia-eva-horitzontal\"><strong>RECURSOS<\/strong><\/a><a href=\"https:\/\/agora.xtec.cat\/iesqm\/wp-content\/uploads\/usu894\/2022\/05\/Captura-2.jpg\"><img loading=\"lazy\" decoding=\"async\" class=\"wp-image-5000 aligncenter\" src=\"https:\/\/agora.xtec.cat\/iesqm\/wp-content\/uploads\/usu894\/2022\/05\/Captura-2.jpg\" alt=\"\" width=\"421\" height=\"239\" srcset=\"https:\/\/agora.xtec.cat\/iesqm\/wp-content\/uploads\/usu894\/2022\/05\/Captura-2.jpg 1302w, https:\/\/agora.xtec.cat\/iesqm\/wp-content\/uploads\/usu894\/2022\/05\/Captura-2-300x170.jpg 300w, https:\/\/agora.xtec.cat\/iesqm\/wp-content\/uploads\/usu894\/2022\/05\/Captura-2-1024x581.jpg 1024w, https:\/\/agora.xtec.cat\/iesqm\/wp-content\/uploads\/usu894\/2022\/05\/Captura-2-768x436.jpg 768w\" sizes=\"auto, (max-width: 421px) 100vw, 421px\" \/><\/a><\/h2>\n<p>&nbsp;<\/td>\n<\/tr>\n<tr style=\"height: 116px;\">\n<td style=\"width: 99.7989%; text-align: center; height: 116px;\" colspan=\"3\"><a href=\"https:\/\/agora.xtec.cat\/iesqm\/wp-content\/uploads\/usu894\/2022\/06\/baixa.jpg\"><img loading=\"lazy\" decoding=\"async\" class=\"size-full wp-image-5127 aligncenter\" src=\"https:\/\/agora.xtec.cat\/iesqm\/wp-content\/uploads\/usu894\/2022\/06\/baixa.jpg\" alt=\"\" width=\"259\" height=\"194\" srcset=\"https:\/\/agora.xtec.cat\/iesqm\/wp-content\/uploads\/usu894\/2022\/06\/baixa.jpg 259w, https:\/\/agora.xtec.cat\/iesqm\/wp-content\/uploads\/usu894\/2022\/06\/baixa-200x150.jpg 200w\" sizes=\"auto, (max-width: 259px) 100vw, 259px\" \/><\/a>Manuel del Panell interactiu Promethean a l&#8217;Aula oberta d&#8217;Odissea: <a href=\"https:\/\/odissea.xtec.cat\/course\/view.php?id=121305\" target=\"_blank\" rel=\"noopener\" data-saferedirecturl=\"https:\/\/www.google.com\/url?q=https:\/\/odissea.xtec.cat\/course\/view.php?id%3D121305&amp;source=gmail&amp;ust=1654928663468000&amp;usg=AOvVaw0ZwRa6JzESNn72RrEqv4AW\">https:\/\/odissea.xtec.cat\/<wbr \/>course\/view.php?id=121305<\/a><br \/>\nPer entrar-hi nom\u00e9s cal posar la identificaci\u00f3 XTEC o GICAR.<\/td>\n<\/tr>\n<\/tbody>\n<\/table>\n<p>&nbsp;<\/p>\n","protected":false},"excerpt":{"rendered":"<p>&nbsp; &nbsp; DESCRIPCIONS DE SERVEIS DESPLEGAMENT CURRICULAR DE LA CD DE L&#8217;ALUMNAT &nbsp; COMPET\u00c8NCIES DIGITALS del Perfil Clau de Sortida de l\u2019Educaci\u00f3 B\u00e0sica CD1. Realitza cerques avan\u00e7ades a internet atenent a criteris de validesa, qualitat, actualitat i fiabilitat, seleccionant-les de manera cr\u00edtica i arxivant-les per recuperar, referenciar i reutilitzar aquestes recerques amb respecte a la [&hellip;]<\/p>\n","protected":false},"author":1,"featured_media":0,"parent":4519,"menu_order":1,"comment_status":"closed","ping_status":"closed","template":"","meta":{"_bbp_topic_count":0,"_bbp_reply_count":0,"_bbp_total_topic_count":0,"_bbp_total_reply_count":0,"_bbp_voice_count":0,"_bbp_anonymous_reply_count":0,"_bbp_topic_count_hidden":0,"_bbp_reply_count_hidden":0,"_bbp_forum_subforum_count":0,"site-sidebar-layout":"default","site-content-layout":"","ast-site-content-layout":"","site-content-style":"default","site-sidebar-style":"default","ast-global-header-display":"","ast-banner-title-visibility":"","ast-main-header-display":"","ast-hfb-above-header-display":"","ast-hfb-below-header-display":"","ast-hfb-mobile-header-display":"","site-post-title":"","ast-breadcrumbs-content":"","ast-featured-img":"","footer-sml-layout":"","theme-transparent-header-meta":"","adv-header-id-meta":"","stick-header-meta":"","header-above-stick-meta":"","header-main-stick-meta":"","header-below-stick-meta":"","astra-migrate-meta-layouts":"default","ast-page-background-enabled":"default","ast-page-background-meta":{"desktop":{"background-color":"var(--ast-global-color-4)","background-image":"","background-repeat":"repeat","background-position":"center center","background-size":"auto","background-attachment":"scroll","background-type":"","background-media":"","overlay-type":"","overlay-color":"","overlay-opacity":"","overlay-gradient":""},"tablet":{"background-color":"","background-image":"","background-repeat":"repeat","background-position":"center center","background-size":"auto","background-attachment":"scroll","background-type":"","background-media":"","overlay-type":"","overlay-color":"","overlay-opacity":"","overlay-gradient":""},"mobile":{"background-color":"","background-image":"","background-repeat":"repeat","background-position":"center center","background-size":"auto","background-attachment":"scroll","background-type":"","background-media":"","overlay-type":"","overlay-color":"","overlay-opacity":"","overlay-gradient":""}},"ast-content-background-meta":{"desktop":{"background-color":"var(--ast-global-color-5)","background-image":"","background-repeat":"repeat","background-position":"center center","background-size":"auto","background-attachment":"scroll","background-type":"","background-media":"","overlay-type":"","overlay-color":"","overlay-opacity":"","overlay-gradient":""},"tablet":{"background-color":"var(--ast-global-color-5)","background-image":"","background-repeat":"repeat","background-position":"center center","background-size":"auto","background-attachment":"scroll","background-type":"","background-media":"","overlay-type":"","overlay-color":"","overlay-opacity":"","overlay-gradient":""},"mobile":{"background-color":"var(--ast-global-color-5)","background-image":"","background-repeat":"repeat","background-position":"center center","background-size":"auto","background-attachment":"scroll","background-type":"","background-media":"","overlay-type":"","overlay-color":"","overlay-opacity":"","overlay-gradient":""}},"footnotes":""},"class_list":["post-4525","page","type-page","status-publish","hentry"],"post_mailing_queue_ids":[],"_links":{"self":[{"href":"https:\/\/agora.xtec.cat\/iesqm\/wp-json\/wp\/v2\/pages\/4525","targetHints":{"allow":["GET"]}}],"collection":[{"href":"https:\/\/agora.xtec.cat\/iesqm\/wp-json\/wp\/v2\/pages"}],"about":[{"href":"https:\/\/agora.xtec.cat\/iesqm\/wp-json\/wp\/v2\/types\/page"}],"author":[{"embeddable":true,"href":"https:\/\/agora.xtec.cat\/iesqm\/wp-json\/wp\/v2\/users\/1"}],"replies":[{"embeddable":true,"href":"https:\/\/agora.xtec.cat\/iesqm\/wp-json\/wp\/v2\/comments?post=4525"}],"version-history":[{"count":3,"href":"https:\/\/agora.xtec.cat\/iesqm\/wp-json\/wp\/v2\/pages\/4525\/revisions"}],"predecessor-version":[{"id":4930,"href":"https:\/\/agora.xtec.cat\/iesqm\/wp-json\/wp\/v2\/pages\/4525\/revisions\/4930"}],"up":[{"embeddable":true,"href":"https:\/\/agora.xtec.cat\/iesqm\/wp-json\/wp\/v2\/pages\/4519"}],"wp:attachment":[{"href":"https:\/\/agora.xtec.cat\/iesqm\/wp-json\/wp\/v2\/media?parent=4525"}],"curies":[{"name":"wp","href":"https:\/\/api.w.org\/{rel}","templated":true}]}}