{"id":4521,"date":"2021-11-30T18:47:29","date_gmt":"2021-11-30T17:47:29","guid":{"rendered":"https:\/\/agora.xtec.cat\/iesqm\/?page_id=4521"},"modified":"2024-03-04T12:16:54","modified_gmt":"2024-03-04T11:16:54","slug":"justificacio","status":"publish","type":"page","link":"https:\/\/agora.xtec.cat\/iesqm\/linstitut\/estrategia-digital\/justificacio\/","title":{"rendered":"Estrat\u00e8gia digital de centre"},"content":{"rendered":"<table style=\"border-collapse: collapse; width: 100%;\">\n<tbody>\n<tr>\n<td style=\"width: 16.6667%; text-align: center;\" colspan=\"4\"><a href=\"https:\/\/agora.xtec.cat\/iesqm\/linstitut\/estrategia-digital\/justificacio\/attachment\/edc\/\" rel=\"attachment wp-att-6579\"><img loading=\"lazy\" decoding=\"async\" class=\"aligncenter size-full wp-image-6579\" src=\"https:\/\/agora.xtec.cat\/iesqm\/wp-content\/uploads\/usu894\/2024\/03\/edc.jpg\" alt=\"\" width=\"617\" height=\"226\" srcset=\"https:\/\/agora.xtec.cat\/iesqm\/wp-content\/uploads\/usu894\/2024\/03\/edc.jpg 617w, https:\/\/agora.xtec.cat\/iesqm\/wp-content\/uploads\/usu894\/2024\/03\/edc-300x110.jpg 300w\" sizes=\"auto, (max-width: 617px) 100vw, 617px\" \/><\/a><\/p>\n<h3><a href=\"https:\/\/sites.google.com\/xtec.cat\/edc-ie-sant-quint-de-mediona\/p%C3%A0gina-principal\">Enlla\u00e7 al lloc web\u00a0<\/a><\/h3>\n<h3>Actualitzat mar\u00e7 2024<\/h3>\n<h3>__________________________________________<\/h3>\n<h3><\/h3>\n<\/td>\n<\/tr>\n<tr>\n<td style=\"width: 16.6667%; text-align: center;\">\n<h3><a href=\"https:\/\/agora.xtec.cat\/iesqm\/linstitut\/estrategia-digital\/justificacio\/diagnosi\/\">DIAGNOSI<\/a><\/h3>\n<\/td>\n<td style=\"width: 16.6667%; text-align: center;\">\n<h3><a href=\"https:\/\/agora.xtec.cat\/iesqm\/linstitut\/estrategia-digital\/justificacio\/objectius-edc-2\/\">OBJECTIUS<\/a><\/h3>\n<\/td>\n<td style=\"width: 16.6667%; text-align: center;\">\n<h3><a href=\"https:\/\/agora.xtec.cat\/iesqm\/linstitut\/estrategia-digital\/justificacio\/planificacio-i-seguiment\/\">PLANIFICACI\u00d3 I SEGUIMENT<\/a><\/h3>\n<\/td>\n<td style=\"width: 16.6667%; text-align: center;\">\n<h3><a href=\"https:\/\/agora.xtec.cat\/iesqm\/linstitut\/estrategia-digital\/justificacio\/avaluacio-i-millora\/\">AVALUACI\u00d3 I MILLORA<\/a><\/h3>\n<\/td>\n<\/tr>\n<\/tbody>\n<\/table>\n<p>&nbsp;<\/p>\n<p><img loading=\"lazy\" decoding=\"async\" class=\" wp-image-6230 aligncenter\" src=\"https:\/\/agora.xtec.cat\/iesqm\/wp-content\/uploads\/usu894\/2023\/05\/edc2-300x150-1.jpg\" alt=\"\" width=\"574\" height=\"287\" \/><\/p>\n<p>&nbsp;<\/p>\n","protected":false},"excerpt":{"rendered":"<p>Enlla\u00e7 al lloc web\u00a0 Actualitzat mar\u00e7 2024 __________________________________________ DIAGNOSI OBJECTIUS PLANIFICACI\u00d3 I SEGUIMENT AVALUACI\u00d3 I MILLORA &nbsp; &nbsp;<\/p>\n","protected":false},"author":1,"featured_media":0,"parent":4519,"menu_order":0,"comment_status":"closed","ping_status":"closed","template":"page-templates\/side-menu.php","meta":{"_bbp_topic_count":0,"_bbp_reply_count":0,"_bbp_total_topic_count":0,"_bbp_total_reply_count":0,"_bbp_voice_count":0,"_bbp_anonymous_reply_count":0,"_bbp_topic_count_hidden":0,"_bbp_reply_count_hidden":0,"_bbp_forum_subforum_count":0,"site-sidebar-layout":"default","site-content-layout":"","ast-site-content-layout":"","site-content-style":"default","site-sidebar-style":"default","ast-global-header-display":"","ast-banner-title-visibility":"","ast-main-header-display":"","ast-hfb-above-header-display":"","ast-hfb-below-header-display":"","ast-hfb-mobile-header-display":"","site-post-title":"","ast-breadcrumbs-content":"","ast-featured-img":"","footer-sml-layout":"","theme-transparent-header-meta":"","adv-header-id-meta":"","stick-header-meta":"","header-above-stick-meta":"","header-main-stick-meta":"","header-below-stick-meta":"","astra-migrate-meta-layouts":"default","ast-page-background-enabled":"default","ast-page-background-meta":{"desktop":{"background-color":"var(--ast-global-color-4)","background-image":"","background-repeat":"repeat","background-position":"center center","background-size":"auto","background-attachment":"scroll","background-type":"","background-media":"","overlay-type":"","overlay-color":"","overlay-opacity":"","overlay-gradient":""},"tablet":{"background-color":"","background-image":"","background-repeat":"repeat","background-position":"center center","background-size":"auto","background-attachment":"scroll","background-type":"","background-media":"","overlay-type":"","overlay-color":"","overlay-opacity":"","overlay-gradient":""},"mobile":{"background-color":"","background-image":"","background-repeat":"repeat","background-position":"center center","background-size":"auto","background-attachment":"scroll","background-type":"","background-media":"","overlay-type":"","overlay-color":"","overlay-opacity":"","overlay-gradient":""}},"ast-content-background-meta":{"desktop":{"background-color":"var(--ast-global-color-5)","background-image":"","background-repeat":"repeat","background-position":"center center","background-size":"auto","background-attachment":"scroll","background-type":"","background-media":"","overlay-type":"","overlay-color":"","overlay-opacity":"","overlay-gradient":""},"tablet":{"background-color":"var(--ast-global-color-5)","background-image":"","background-repeat":"repeat","background-position":"center center","background-size":"auto","background-attachment":"scroll","background-type":"","background-media":"","overlay-type":"","overlay-color":"","overlay-opacity":"","overlay-gradient":""},"mobile":{"background-color":"var(--ast-global-color-5)","background-image":"","background-repeat":"repeat","background-position":"center center","background-size":"auto","background-attachment":"scroll","background-type":"","background-media":"","overlay-type":"","overlay-color":"","overlay-opacity":"","overlay-gradient":""}},"footnotes":""},"class_list":["post-4521","page","type-page","status-publish","hentry"],"post_mailing_queue_ids":[],"_links":{"self":[{"href":"https:\/\/agora.xtec.cat\/iesqm\/wp-json\/wp\/v2\/pages\/4521","targetHints":{"allow":["GET"]}}],"collection":[{"href":"https:\/\/agora.xtec.cat\/iesqm\/wp-json\/wp\/v2\/pages"}],"about":[{"href":"https:\/\/agora.xtec.cat\/iesqm\/wp-json\/wp\/v2\/types\/page"}],"author":[{"embeddable":true,"href":"https:\/\/agora.xtec.cat\/iesqm\/wp-json\/wp\/v2\/users\/1"}],"replies":[{"embeddable":true,"href":"https:\/\/agora.xtec.cat\/iesqm\/wp-json\/wp\/v2\/comments?post=4521"}],"version-history":[{"count":3,"href":"https:\/\/agora.xtec.cat\/iesqm\/wp-json\/wp\/v2\/pages\/4521\/revisions"}],"predecessor-version":[{"id":6580,"href":"https:\/\/agora.xtec.cat\/iesqm\/wp-json\/wp\/v2\/pages\/4521\/revisions\/6580"}],"up":[{"embeddable":true,"href":"https:\/\/agora.xtec.cat\/iesqm\/wp-json\/wp\/v2\/pages\/4519"}],"wp:attachment":[{"href":"https:\/\/agora.xtec.cat\/iesqm\/wp-json\/wp\/v2\/media?parent=4521"}],"curies":[{"name":"wp","href":"https:\/\/api.w.org\/{rel}","templated":true}]}}