{"id":27,"date":"2014-09-17T16:24:03","date_gmt":"2014-09-17T14:24:03","guid":{"rendered":"http:\/\/agora.xtec.cat\/iesqm\/?page_id=27"},"modified":"2021-09-19T20:30:00","modified_gmt":"2021-09-19T18:30:00","slug":"mirant-enrere-i-endavant","status":"publish","type":"page","link":"https:\/\/agora.xtec.cat\/iesqm\/linstitut\/mirant-enrere-i-endavant\/","title":{"rendered":"Mirant enrere&#8230; i endavant"},"content":{"rendered":"<h2>Mirant enrere&#8230; d&#8217;on venim?<\/h2>\n<p>L&#8217;Institut Escola Sant Quint\u00ed prov\u00e9 de la uni\u00f3 de l&#8217;Escola d&#8217;Infantil i Prim\u00e0ria Grau Minguel i l&#8217;Institut Vall del Mediona. Ambd\u00f3s centre amb una hist\u00f2ria que des del setembre del 2019 s&#8217;uneix.<\/p>\n<p><iframe loading=\"lazy\" src=\"https:\/\/www.youtube.com\/embed\/3xDecxcXqvs\" width=\"560\" height=\"315\" frameborder=\"0\"><\/iframe><\/p>\n<section id=\"h.p_j_IZD7rD2wRH\" class=\"yaqOZd\">\n<div class=\"mYVXT\">\n<div class=\"LS81yb VICjCf\" tabindex=\"-1\">\n<div class=\"hJDwNd-AhqUyc-EehZO purZT-AhqUyc-II5mzb pSzOP-AhqUyc-qWD73c JNdkSc yYI8W \">\n<div class=\"JNdkSc-SmKAyb\">\n<div class=\"\">\n<div class=\"oKdM2c\">\n<div id=\"h.p_CBT_Oub32wRB\" class=\"hJDwNd-AhqUyc-EehZO jXK9ad D2fZ2 wHaque GNzUNc\">\n<div class=\"jXK9ad-SmKAyb\">\n<div class=\"tyJCtd mGzaTb baZpAe\">\n<div class=\"TyBUR\">\n<p>FELICITATS, AVUI CELEBREM EL 7\u00e8 ANIVERSARI !<\/p>\n<p><iframe loading=\"lazy\" src=\"https:\/\/www.youtube.com\/embed\/6ES8xu-P6Zw\" width=\"560\" height=\"315\" frameborder=\"0\"><\/iframe><\/p>\n<\/div>\n<\/div>\n<\/div>\n<\/div>\n<\/div>\n<\/div>\n<\/div>\n<\/div>\n<\/div>\n<\/div>\n<\/section>\n<section id=\"h.p_jJlLc_KBohCg\" class=\"yaqOZd\">\n<div class=\"yaqOZd IFuOkc\"><\/div>\n<div class=\"mYVXT\">\n<div class=\"LS81yb VICjCf\" tabindex=\"-1\">\n<div class=\"hJDwNd-AhqUyc-OwsYgb purZT-AhqUyc-II5mzb pSzOP-AhqUyc-qWD73c JNdkSc yYI8W \">\n<div class=\"JNdkSc-SmKAyb\">\n<div class=\"\">\n<div class=\"oKdM2c Kzv0Me\">\n<div id=\"h.p_QPpzsoF7ohCs\" class=\"hJDwNd-AhqUyc-OwsYgb jXK9ad D2fZ2 OjCsFc GNzUNc\">\n<div class=\"jXK9ad-SmKAyb\">\n<div class=\"tyJCtd mGzaTb baZpAe\">\n<div class=\"TyBUR\">\n<p>A punt de celebrar el 7\u00e8 aniversari del trasllat al nou recinte escolar recordem el lipdub de comiat.<\/p>\n<\/div>\n<\/div>\n<\/div>\n<\/div>\n<\/div>\n<\/div>\n<\/div>\n<\/div>\n<\/div>\n<\/div>\n<\/section>\n<section id=\"h.p_K5ZMLOU5BAg2\" class=\"yaqOZd\">\n<div class=\"mYVXT\">\n<div class=\"LS81yb VICjCf\" tabindex=\"-1\">\n<div class=\"hJDwNd-AhqUyc-uQSCkd purZT-AhqUyc-II5mzb pSzOP-AhqUyc-qWD73c JNdkSc\">\n<div class=\"JNdkSc-SmKAyb\">\n<div class=\"\">\n<div class=\"oKdM2c Kzv0Me\">\n<div id=\"h.p_1Z76E3a0BAgu\" class=\"hJDwNd-AhqUyc-uQSCkd jXK9ad D2fZ2 OjCsFc wHaque GNzUNc\">\n<div class=\"jXK9ad-SmKAyb\">\n<div class=\"tyJCtd mGzaTb baZpAe\">\n<div class=\"TyBUR\">\n<p>Resum previ de l&#8217;ensenyament a Sant Quint\u00ed abans de l&#8217;escola que coneixem com Antoni Grau Minguell<\/p>\n<\/div>\n<p id=\"h.p_MLEXH1pZBBZo\" class=\"zfr3Q\">El primer document que s&#8217;ha trobat que fa refer\u00e8ncia a una escola de la vila data de la segona meitat del segle XVII. Era un local on es podia anar a estudi , probablement una senzilla escola privada de les que anaven sortint en aquella \u00e8poca.<\/p>\n<p id=\"h.p_s7I3Q3u9BBZp\" class=\"zfr3Q\">Fins ben entrat el segle XIX no es troba m\u00e9s documentaci\u00f3 sobre escoles i mestres, aix\u00f2 no vol dir que no hi hagu\u00e9s ensenyament a la vila , per\u00f2 no s&#8217;ha trobat informaci\u00f3.<\/p>\n<p id=\"h.p_iIpLbt2yBBZp\" class=\"zfr3Q\">Durant el segle XIX i principis del XX , la vida escolar va venir marcada pels moviments de Mestres, els canvis pol\u00edtics i les condicions dels locals escolars.<\/p>\n<p id=\"h.p_iNksYpcFBBZq\" class=\"zfr3Q\">Durant el segle XIX , Sant Quint\u00ed va arribar a tenir 4 escoles p\u00fabliques , dues de nenes, 2 de nens i una de p\u00e0rvuls que no sempre estava oberta. L&#8217;Ajuntament era l&#8217;encarregat d buscar el local, mantenir-lo i fer-se c\u00e0rrec del sou dels mestres i del material.<\/p>\n<p id=\"h.p_sajtpBGPBBZr\" class=\"zfr3Q\">El primer mestre nomenat per l&#8217;Ajuntament del qual se&#8217;n t\u00e9 not\u00edcia \u00e9s Llu\u00eds Pons que l&#8217;any 1850 cobrava 3000 rals anuals ( 1 ral = \u00bc de pesseta ). En aquesta \u00e8poca els nens i nenes pagaven una quantitat diferent segons el nivell adquirit o les mat\u00e8ries que estudiaven.<\/p>\n<p id=\"h.p_jbmNtar5BBZr\" class=\"zfr3Q\">Les fam\u00edlies molt pobres no pagaven. La pobresa d&#8217;aquests alumnes era certificada pel rector del poble<\/p>\n<p id=\"h.p_KTt7tKSqBBZs\" class=\"zfr3Q\">Sembla que en aquesta \u00e8poca les nenes anaven amb la mestra Francisca Carb\u00f3 que feia servir casa seva per fer les classes.<\/p>\n<p id=\"h.p_SCtK8WsvBBZt\" class=\"zfr3Q\">No va ser fins l&#8217;any 1900 que amb la creaci\u00f3 del\u00a0<em>Ministerio de Educaci\u00f3n P\u00fablica i bellas artes<strong>\u00a0<\/strong><\/em>el sou dels<em><strong>\u00a0<\/strong><\/em>mestres va passar a dependre dels pressupostos de l&#8217;Estat. Les dones mestres cobraven una tercera part menys que els homes. L&#8217;horari escolar no sempre va ser el mateix per les nenes i els nens.<\/p>\n<p id=\"h.p_XsctHcPFBBZu\" class=\"zfr3Q\">El nomenament dels mestres corresponia tamb\u00e9 a l&#8217;Ajuntament , sota la supervisi\u00f3 de la Junta local d&#8217;Instrucci\u00f3 P\u00fablica, formada per l&#8217;alcalde , un regidor, el rector i dues persones ve\u00efnes de la vila ( solien ser el metge i el farmac\u00e8utic ), encarregats d&#8217;inspeccionar i vigilar les escoles p\u00fabliques i els mestres.<\/p>\n<p id=\"h.p_k8e1KwwWBBZu\" class=\"zfr3Q\">Tot i no ser obligatori , Sant Quint\u00ed tenia una escola de p\u00e0rvuls a la que hi assistien nens i nens fins els 6 anys. Aix\u00f2 era perqu\u00e8 hi havia moltes dones que treballaven a les ind\u00fastries t\u00e8xtils i papereres instal\u00b7lades al poble Aquesta escola va tenir diferents incid\u00e8ncies perqu\u00e8 moltes vegades es va tancar per falta de mestres.<\/p>\n<p id=\"h.p_2vAC6qJ0BBZv\" class=\"zfr3Q\">Mentre s\u2019anava reclamant l\u2019edifici el Cap\u00edtol, des de l\u2019any 1852 fins el 1965 les escoles es van instal\u00b7lar al carrer Joan Sard\u00e0, popularment , el carrer Nou.<\/p>\n<p id=\"h.p_g-H3qp65BBZv\" class=\"zfr3Q\">A m\u00e9s de les escoles p\u00fabliques a partir de l\u2019any 1882 hi va haver un col\u00b7legi de monges privat. Pertanyien a les Hermanas Terciarias Descalzas del Carmen de la Congregaci\u00f3n Tarraconense. L\u2019ensenyament nom\u00e9s era per nenes amb la finalitat de \u201cdar ense\u00f1anza y educaci\u00f3n puramente religiosa a las ni\u00f1as de la vila\u201d tot i que s\u2019impartien tamb\u00e9 les assignatures pr\u00f2pies de l\u2019\u00e8poca. El col\u00b7legi, anomenat Sant Josep va anar canviant de lloc. Les germanes tamb\u00e9 feien classes els diumenges a la tarda a les nenes que per diferents motius no podien assistir a classe amb regularitat. L\u2019escola va tancar el 1922.<\/p>\n<p id=\"h.p_J3GLnvNhBBZw\" class=\"zfr3Q\">Durant molt de temps s\u2019havia anat parlant de la necessitat de construir-ne unes escoles noves, fins i tot l\u2019any 1917, Teresa Santacana filla del alcalde, Maurici Santacana de Sant Quint\u00ed i marquesa de Tenerife pel seu casament amb el general Weyler ( qui havia ocupat aquesta vila durant la tercera guerra carlina) va enviar una carta a l\u2019alcalde preguntant qu\u00e8 costaria fer unes escoles noves , per\u00f2 malgrat aquest oferiment el projecte no va prosperar.<\/p>\n<p id=\"h.p_vulOfyKKBBZw\" class=\"zfr3Q\">Durant els anys 20 i 30 del nostre segle el cens escolar de l\u2019escola va augmentar considerablement. Es van aconseguir m\u00e9s aules per\u00f2 l\u2019edifici escolar estava en estat precari. L\u2019any 1935 es va engegar un projecte de construcci\u00f3 d\u2019un grup escolar , per\u00f2 l\u2019esclat de la guerra civil va fer que no es port\u00e9s a terme. Durant la guerra i la postguerra , l\u2019escola va continuar al mateix lloc.<\/p>\n<p id=\"h.p_DWAU30i3BBZx\" class=\"zfr3Q\">Durant els anys quaranta va obrir una escola particular la senyora Teresa Tort a la casa on vivia , a la carretera, avui Avinguda de Montserrat. L\u2019any 1934 havia arribat a la vila com a mestra de l\u2019escola p\u00fablica, per\u00f2 va esclatar la guerra i va marxar. Enviada a poblacions m\u00e9s llunyanes , va decidir tornar perqu\u00e8 ja estava casada i vivia a Sant Quint\u00ed.<\/p>\n<p id=\"h.p_DutqoggTBBZy\" class=\"zfr3Q\">L\u2019horari escolar que feia La \u201csenyoreta\u201d Teresa Tort era diferent per a nois i noies. Feia rep\u00e0s pels que ja no anaven a l\u2019escola, ensenyava labors a les noies i tamb\u00e9 comer\u00e7 ( els ex\u00e0mens es feien a Barcelona per obtindre el t\u00edtol. L\u2019escola va tancar a principis dels anys 60.<\/p>\n<p id=\"h.p_gJqq6FcMBBZz\" class=\"zfr3Q\"><strong>Escola p\u00fablica Antoni Grau Minguell<\/strong><\/p>\n<p id=\"h.p_U35C0f9NBBZ3\" class=\"zfr3Q\">Passats uns anys l\u2019Ajuntament va comprar un solar situat al carrer Sant Antoni i el 31 d\u2019octubre de 1965 es va inaugurar la nova escola, anomenant-la\u00a0<strong>Antoni Grau Minguell\u00a0<\/strong>com a reconeixement al que fou mestre de la vila durant 31 anys , molt apreciat pels alumnes i del qual encara es guarda un grat record , ( est\u00e0 enterrat a Sant Quint\u00ed ). A part de les mat\u00e8ries que es treballaven pr\u00f2pies de l\u2019\u00e8poca, el senyor Grau ensenyava comptabilitat i m\u00e0quina d\u2019escriure. Els ex\u00e0mens es feien a Barcelona. En aquestes classes assistien tamb\u00e9 les nenes. Era una manera d\u2019adquirir m\u00e9s coneixements a la mateixa poblaci\u00f3, doncs eren temps dif\u00edcils per estudiar les noies i nois de la majoria de les fam\u00edlies humils de la poblaci\u00f3 . Es considerava m\u00e9s \u00fatil anar a treballar a la f\u00e0brica.<\/p>\n<p id=\"h.p_k8MS-i5zBBZ4\" class=\"zfr3Q\">Car remarcar que en curs 1971- 72 es va iniciar la coeducaci\u00f3, els nenes i nenes passaven a compartir les aules.<\/p>\n<p id=\"h.p_eONnz9IKBBZ5\" class=\"zfr3Q\">Cap a l\u2019any 1973 , l\u2019escola va comen\u00e7ar el cam\u00ed de la seva catalanitzaci\u00f3 que es va fer a poc a poc , fins arribar a ser escola catalana. A questa tasca va ser reconeguda p\u00fablicament el curs 1979- 80. L\u2019escola dirigida per Camil Fortuny va guanyar el premi Baldiri Reixac, convocat per \u00d2mnium Catal\u00e0.<\/p>\n<p id=\"h.p_mj_cMwbpBBZ5\" class=\"zfr3Q\">Amb l\u2019arribada de la democr\u00e0cia , l\u2019ensenyament passa a ser una de les feines priorit\u00e0ries. Els primers Ajuntaments democr\u00e0tics de Sant Quint\u00ed van destinar una s\u00e8rie de recursos materials i econ\u00f2mics que van millorar la doc\u00e8ncia escolar.<\/p>\n<p id=\"h.p_EDPGIKmUBBZ6\" class=\"zfr3Q\">Es va contractar una professora de Pl\u00e0stica, una mestra que ajudava a l\u2019adaptaci\u00f3 dels nens i nenes al comen\u00e7ament de curs i tamb\u00e9 es va subvencionar un monitor d\u2019esports el curs 1983 \u2013 84 que va durar bastants anys fins que ja es va poder comptar amb un mestra especialista d\u2019esports. El curs 1984 \u2013 85 fou creada la pla\u00e7a d\u2019especialista d\u2019Educaci\u00f3 especial El curs 1986-87 amb la col\u00b7laboraci\u00f3 de l\u2019Ajuntament i l\u2019AMPA es va disposar d\u2019una mestra de M\u00fasica.<\/p>\n<p id=\"h.p_atk8146aBBZ7\" class=\"zfr3Q\">Aix\u00f2 va anar canviant a mesura que el Departament d\u2019ensenyament va anar agafant m\u00e9s compet\u00e8ncies i es va fer c\u00e0rrec dels especialistes.<\/p>\n<p id=\"h.p_NXa8s6RVBBZ-\" class=\"zfr3Q\">El curs 1988 \u2013 85 amb l\u2019arribada d\u2019un especialista d\u2019Angl\u00e8s es passa del franc\u00e8s a l\u2019angl\u00e8s. El curs 1998 \u2013 99 concedeixen un mestre d\u2019educaci\u00f3 F\u00edsica i un de M\u00fasica.<\/p>\n<p id=\"h.p_b4gpA-z3BBZ_\" class=\"zfr3Q\">L\u2019escola es va anar fent petita i es va comen\u00e7ar a parlar de construir un nou edifici amb m\u00e9s aules i altres depend\u00e8ncies.<\/p>\n<p id=\"h.p_5iAHAHwBBBZ_\" class=\"zfr3Q\">L\u2019any 1975, l\u2019Ajuntament va comprar un solar a l\u2019Avinguda de Catalunya i entre les cursos 1976-77 i 1978 -79 es van posar en funcionament 4 aules . L\u2019escola quedava ampliada per\u00f2 faltaven espais complementaris de serveis. Els tr\u00e0mits es van allargar, per\u00f2 el 10 de maig de 1992 fou inaugurat el nou edifici. Acompanyaven a l\u2019alcalde, Camil Fortuny, tot el consistori, l\u2019honorable conseller d\u2019ensenyament, el senyor Joseph Laporte, el delegat territorial d\u2019ensenyament, el senyor Josep Refusta i la vicepresidenta de la Diputaci\u00f3 de Barcelona, la senyora Marta Marta.<\/p>\n<\/div>\n<\/div>\n<\/div>\n<\/div>\n<\/div>\n<\/div>\n<\/div>\n<\/div>\n<\/div>\n<\/section>\n<h2>Mirant endavant&#8230;<\/h2>\n<p>Institut Escola des del curs 2019-2020.<\/p>\n","protected":false},"excerpt":{"rendered":"<p>Mirant enrere&#8230; d&#8217;on venim? L&#8217;Institut Escola Sant Quint\u00ed prov\u00e9 de la uni\u00f3 de l&#8217;Escola d&#8217;Infantil i Prim\u00e0ria Grau Minguel i l&#8217;Institut Vall del Mediona. Ambd\u00f3s centre amb una hist\u00f2ria que des del setembre del 2019 s&#8217;uneix. FELICITATS, AVUI CELEBREM EL 7\u00e8 ANIVERSARI ! A punt de celebrar el 7\u00e8 aniversari del trasllat al nou recinte [&hellip;]<\/p>\n","protected":false},"author":1,"featured_media":0,"parent":19,"menu_order":10,"comment_status":"closed","ping_status":"closed","template":"page-templates\/side-menu.php","meta":{"_bbp_topic_count":0,"_bbp_reply_count":0,"_bbp_total_topic_count":0,"_bbp_total_reply_count":0,"_bbp_voice_count":0,"_bbp_anonymous_reply_count":0,"_bbp_topic_count_hidden":0,"_bbp_reply_count_hidden":0,"_bbp_forum_subforum_count":0,"site-sidebar-layout":"default","site-content-layout":"","ast-site-content-layout":"","site-content-style":"default","site-sidebar-style":"default","ast-global-header-display":"","ast-banner-title-visibility":"","ast-main-header-display":"","ast-hfb-above-header-display":"","ast-hfb-below-header-display":"","ast-hfb-mobile-header-display":"","site-post-title":"","ast-breadcrumbs-content":"","ast-featured-img":"","footer-sml-layout":"","theme-transparent-header-meta":"","adv-header-id-meta":"","stick-header-meta":"","header-above-stick-meta":"","header-main-stick-meta":"","header-below-stick-meta":"","astra-migrate-meta-layouts":"default","ast-page-background-enabled":"default","ast-page-background-meta":{"desktop":{"background-color":"var(--ast-global-color-4)","background-image":"","background-repeat":"repeat","background-position":"center center","background-size":"auto","background-attachment":"scroll","background-type":"","background-media":"","overlay-type":"","overlay-color":"","overlay-opacity":"","overlay-gradient":""},"tablet":{"background-color":"","background-image":"","background-repeat":"repeat","background-position":"center center","background-size":"auto","background-attachment":"scroll","background-type":"","background-media":"","overlay-type":"","overlay-color":"","overlay-opacity":"","overlay-gradient":""},"mobile":{"background-color":"","background-image":"","background-repeat":"repeat","background-position":"center center","background-size":"auto","background-attachment":"scroll","background-type":"","background-media":"","overlay-type":"","overlay-color":"","overlay-opacity":"","overlay-gradient":""}},"ast-content-background-meta":{"desktop":{"background-color":"var(--ast-global-color-5)","background-image":"","background-repeat":"repeat","background-position":"center center","background-size":"auto","background-attachment":"scroll","background-type":"","background-media":"","overlay-type":"","overlay-color":"","overlay-opacity":"","overlay-gradient":""},"tablet":{"background-color":"var(--ast-global-color-5)","background-image":"","background-repeat":"repeat","background-position":"center center","background-size":"auto","background-attachment":"scroll","background-type":"","background-media":"","overlay-type":"","overlay-color":"","overlay-opacity":"","overlay-gradient":""},"mobile":{"background-color":"var(--ast-global-color-5)","background-image":"","background-repeat":"repeat","background-position":"center center","background-size":"auto","background-attachment":"scroll","background-type":"","background-media":"","overlay-type":"","overlay-color":"","overlay-opacity":"","overlay-gradient":""}},"footnotes":""},"class_list":["post-27","page","type-page","status-publish","hentry"],"post_mailing_queue_ids":[],"_links":{"self":[{"href":"https:\/\/agora.xtec.cat\/iesqm\/wp-json\/wp\/v2\/pages\/27","targetHints":{"allow":["GET"]}}],"collection":[{"href":"https:\/\/agora.xtec.cat\/iesqm\/wp-json\/wp\/v2\/pages"}],"about":[{"href":"https:\/\/agora.xtec.cat\/iesqm\/wp-json\/wp\/v2\/types\/page"}],"author":[{"embeddable":true,"href":"https:\/\/agora.xtec.cat\/iesqm\/wp-json\/wp\/v2\/users\/1"}],"replies":[{"embeddable":true,"href":"https:\/\/agora.xtec.cat\/iesqm\/wp-json\/wp\/v2\/comments?post=27"}],"version-history":[{"count":4,"href":"https:\/\/agora.xtec.cat\/iesqm\/wp-json\/wp\/v2\/pages\/27\/revisions"}],"predecessor-version":[{"id":4265,"href":"https:\/\/agora.xtec.cat\/iesqm\/wp-json\/wp\/v2\/pages\/27\/revisions\/4265"}],"up":[{"embeddable":true,"href":"https:\/\/agora.xtec.cat\/iesqm\/wp-json\/wp\/v2\/pages\/19"}],"wp:attachment":[{"href":"https:\/\/agora.xtec.cat\/iesqm\/wp-json\/wp\/v2\/media?parent=27"}],"curies":[{"name":"wp","href":"https:\/\/api.w.org\/{rel}","templated":true}]}}