{"id":21,"date":"2014-09-17T16:14:14","date_gmt":"2014-09-17T14:14:14","guid":{"rendered":"http:\/\/agora.xtec.cat\/iesqm\/?page_id=21"},"modified":"2025-07-18T11:49:13","modified_gmt":"2025-07-18T09:49:13","slug":"on-som","status":"publish","type":"page","link":"https:\/\/agora.xtec.cat\/iesqm\/linstitut\/on-som\/","title":{"rendered":"On som i dades de contacte"},"content":{"rendered":"<h3 style=\"color: #666666;\"><strong>Institut Escola Sant Quint\u00ed de Mediona<\/strong><\/h3>\n<p>Correu electr\u00f2nic: <span style=\"font-size: medium;\"><a href=\"mailto:a8076479@xtec.cat\" target=\"_blank\" rel=\"noopener noreferrer\">a8076479@xtec.cat<\/a><\/span><\/p>\n<p>Tel\u00e8fon: 93 899 84 54<\/p>\n<p>Passseig de les Deus, 17<\/p>\n<p>08777 Sant Quint\u00ed de Mediona<\/p>\n<div>\u00a0<\/div>\n<h4><iframe loading=\"lazy\" src=\"https:\/\/www.google.com\/maps\/embed?pb=!1m18!1m12!1m3!1d2989.8948128746883!2d1.6580749154281342!3d41.46319667925729!2m3!1f0!2f0!3f0!3m2!1i1024!2i768!4f13.1!3m3!1m2!1s0x12a46f993f88d015%3A0x886664bb8530a840!2sPasseig+de+les+Deus%2C+17%2C+08777+Sant+Quint%C3%AD+de+Mediona%2C+Barcelona!5e0!3m2!1sca!2ses!4v1564311367690!5m2!1sca!2ses\" width=\"600\" height=\"450\" frameborder=\"0\"><\/iframe><br \/><strong>Com arribar-hi:<\/strong><\/h4>\n<ul>\n<li style=\"list-style-type: none;\">\n<ul style=\"list-style-type: disc;\">\n<li>En\u00a0cotxe: carretera C-15, sortida Sant Quint\u00ed de Mediona (C-244).<\/li>\n<li>En autob\u00fas:\u00a0<a href=\"http:\/\/www.santquintimediona.cat\/text\/65\/Transport-Public.html\" target=\"_blank\" rel=\"noopener noreferrer\">http:\/\/www.santquintimediona.cat\/text\/65\/Transport-Public.html<\/a><\/li>\n<\/ul>\n<\/li>\n<\/ul>\n<h4><strong>Horari de secretaria:<\/strong><\/h4>\n<p>De dilluns a divendres de 9 a 13 i de 3 a 2\/4 de 5.<\/p>\n<p>Tel\u00e8fon: 93 899 84 54<\/p>\n<p>Gema Bay\u00f3 \u00a0\u00a0<a href=\"mailto:secretaria@iesantquinti.com\">administracio@iesantquinti.com<\/a><\/p>\n<h4><strong>Equip directiu<\/strong><\/h4>\n<table style=\"border-collapse: collapse; width: 46.5666%;\">\n<tbody>\n<tr>\n<td style=\"width: 44.2832%;\">Directora<\/td>\n<td style=\"width: 76.1925%;\">Gemma Isanta\u00a0<\/td>\n<td style=\"width: 50.2471%;\"><a href=\"mailto:a8076479@xtec.cat\">a8076479@xtec.cat<\/a><\/td>\n<\/tr>\n<tr>\n<td style=\"width: 44.2832%;\">Cap d&#8217;estudis<\/td>\n<td style=\"width: 76.1925%;\">Montse Feix\u00f3<\/td>\n<td style=\"width: 50.2471%;\"><a style=\"font-size: 16px;\" href=\"mailto:capestudis@iesantquinti.com\">capestudis@iesantquinti.com<\/a><\/td>\n<\/tr>\n<tr>\n<td style=\"width: 44.2832%;\">Secret\u00e0ria<\/td>\n<td style=\"width: 76.1925%;\">Mireia Monterde<\/td>\n<td style=\"width: 50.2471%;\"><a href=\"mailto:secretaria@iesantquinti.com\">secretaria@iesantquinti.com<\/a><\/td>\n<\/tr>\n<tr>\n<td style=\"width: 44.2832%;\">Coordinaci\u00f3 pedag\u00f2gica<\/td>\n<td style=\"width: 76.1925%;\">Alba Ros\u00e9s<\/td>\n<td style=\"width: 50.2471%;\"><a href=\"mailto:coordinaciopedagogica@iesantquinti.com\">coordinaciopedagogica@iesantquinti.com<\/a><\/td>\n<\/tr>\n<tr>\n<td style=\"width: 44.2832%;\">Cap d&#8217;estudis adjunt ESO<\/td>\n<td style=\"width: 76.1925%;\">Sergi Garcia<\/td>\n<td style=\"width: 50.2471%;\"><a style=\"color: #2795b6; font-size: 16px;\" href=\"mailto:capestudiseso@iesantquinti.com\">capestudiseso<span class=\"\">@iesantquinti.com<\/span><\/a><\/td>\n<\/tr>\n<tr>\n<td style=\"width: 44.2832%;\">Coordinadora\u00a0<\/td>\n<td style=\"width: 76.1925%;\">Rosa Maria Bruna<\/td>\n<td style=\"width: 50.2471%;\">\n<p><a href=\"mailto:rbruna@iesantquinti.com\">rbruna@iesantquinti.com<\/a><\/p>\n<\/td>\n<\/tr>\n<\/tbody>\n<\/table>\n<p>\u00a0<\/p>\n<p style=\"padding-left: 40px;\">\u00a0<\/p>\n\n\n<div class=\"wp-block-getwid-section alignfull alignfull getwid-section-content-custom-width\"><div class=\"wp-block-getwid-section__wrapper getwid-padding-left-medium getwid-padding-right-medium\"><div class=\"wp-block-getwid-section__inner-wrapper\" style=\"max-width:1140px\"><div class=\"wp-block-getwid-section__background-holder\"><div class=\"wp-block-getwid-section__background\"><\/div><div class=\"wp-block-getwid-section__foreground\"><\/div><\/div><div class=\"wp-block-getwid-section__content\"><div class=\"wp-block-getwid-section__inner-content\">\n<div class=\"wp-block-getwid-advanced-heading\" style=\"margin-bottom:0px;margin-top:0px\"><span class=\"wp-block-getwid-advanced-heading__content\" style=\"text-align:center\"><\/span><\/div>\n<\/div><\/div><\/div><\/div><\/div>\n","protected":false},"excerpt":{"rendered":"<p>Institut Escola Sant Quint\u00ed de Mediona Correu electr\u00f2nic: a8076479@xtec.cat Tel\u00e8fon: 93 899 84 54 Passseig de les Deus, 17 08777 Sant Quint\u00ed de Mediona \u00a0 Com arribar-hi: En\u00a0cotxe: carretera C-15, sortida Sant Quint\u00ed de Mediona (C-244). En autob\u00fas:\u00a0http:\/\/www.santquintimediona.cat\/text\/65\/Transport-Public.html Horari de secretaria: De dilluns a divendres de 9 a 13 i de 3 a 2\/4 de [&hellip;]<\/p>\n","protected":false},"author":1,"featured_media":0,"parent":19,"menu_order":20,"comment_status":"closed","ping_status":"closed","template":"page-templates\/side-menu.php","meta":{"_bbp_topic_count":0,"_bbp_reply_count":0,"_bbp_total_topic_count":0,"_bbp_total_reply_count":0,"_bbp_voice_count":0,"_bbp_anonymous_reply_count":0,"_bbp_topic_count_hidden":0,"_bbp_reply_count_hidden":0,"_bbp_forum_subforum_count":0,"site-sidebar-layout":"default","site-content-layout":"","ast-site-content-layout":"","site-content-style":"default","site-sidebar-style":"default","ast-global-header-display":"","ast-banner-title-visibility":"","ast-main-header-display":"","ast-hfb-above-header-display":"","ast-hfb-below-header-display":"","ast-hfb-mobile-header-display":"","site-post-title":"","ast-breadcrumbs-content":"","ast-featured-img":"","footer-sml-layout":"","theme-transparent-header-meta":"","adv-header-id-meta":"","stick-header-meta":"","header-above-stick-meta":"","header-main-stick-meta":"","header-below-stick-meta":"","astra-migrate-meta-layouts":"default","ast-page-background-enabled":"default","ast-page-background-meta":{"desktop":{"background-color":"var(--ast-global-color-4)","background-image":"","background-repeat":"repeat","background-position":"center center","background-size":"auto","background-attachment":"scroll","background-type":"","background-media":"","overlay-type":"","overlay-color":"","overlay-opacity":"","overlay-gradient":""},"tablet":{"background-color":"","background-image":"","background-repeat":"repeat","background-position":"center center","background-size":"auto","background-attachment":"scroll","background-type":"","background-media":"","overlay-type":"","overlay-color":"","overlay-opacity":"","overlay-gradient":""},"mobile":{"background-color":"","background-image":"","background-repeat":"repeat","background-position":"center center","background-size":"auto","background-attachment":"scroll","background-type":"","background-media":"","overlay-type":"","overlay-color":"","overlay-opacity":"","overlay-gradient":""}},"ast-content-background-meta":{"desktop":{"background-color":"var(--ast-global-color-5)","background-image":"","background-repeat":"repeat","background-position":"center center","background-size":"auto","background-attachment":"scroll","background-type":"","background-media":"","overlay-type":"","overlay-color":"","overlay-opacity":"","overlay-gradient":""},"tablet":{"background-color":"var(--ast-global-color-5)","background-image":"","background-repeat":"repeat","background-position":"center center","background-size":"auto","background-attachment":"scroll","background-type":"","background-media":"","overlay-type":"","overlay-color":"","overlay-opacity":"","overlay-gradient":""},"mobile":{"background-color":"var(--ast-global-color-5)","background-image":"","background-repeat":"repeat","background-position":"center center","background-size":"auto","background-attachment":"scroll","background-type":"","background-media":"","overlay-type":"","overlay-color":"","overlay-opacity":"","overlay-gradient":""}},"footnotes":""},"class_list":["post-21","page","type-page","status-publish","hentry"],"post_mailing_queue_ids":[],"_links":{"self":[{"href":"https:\/\/agora.xtec.cat\/iesqm\/wp-json\/wp\/v2\/pages\/21","targetHints":{"allow":["GET"]}}],"collection":[{"href":"https:\/\/agora.xtec.cat\/iesqm\/wp-json\/wp\/v2\/pages"}],"about":[{"href":"https:\/\/agora.xtec.cat\/iesqm\/wp-json\/wp\/v2\/types\/page"}],"author":[{"embeddable":true,"href":"https:\/\/agora.xtec.cat\/iesqm\/wp-json\/wp\/v2\/users\/1"}],"replies":[{"embeddable":true,"href":"https:\/\/agora.xtec.cat\/iesqm\/wp-json\/wp\/v2\/comments?post=21"}],"version-history":[{"count":5,"href":"https:\/\/agora.xtec.cat\/iesqm\/wp-json\/wp\/v2\/pages\/21\/revisions"}],"predecessor-version":[{"id":7307,"href":"https:\/\/agora.xtec.cat\/iesqm\/wp-json\/wp\/v2\/pages\/21\/revisions\/7307"}],"up":[{"embeddable":true,"href":"https:\/\/agora.xtec.cat\/iesqm\/wp-json\/wp\/v2\/pages\/19"}],"wp:attachment":[{"href":"https:\/\/agora.xtec.cat\/iesqm\/wp-json\/wp\/v2\/media?parent=21"}],"curies":[{"name":"wp","href":"https:\/\/api.w.org\/{rel}","templated":true}]}}