{"id":8055,"date":"2022-01-20T11:09:32","date_gmt":"2022-01-20T10:09:32","guid":{"rendered":"https:\/\/agora.xtec.cat\/iespviana\/?page_id=8055"},"modified":"2025-10-05T20:50:08","modified_gmt":"2025-10-05T18:50:08","slug":"tramitacio-titols","status":"publish","type":"page","link":"https:\/\/agora.xtec.cat\/iespviana\/administracio-i-serveis-2\/secretaria-nova\/tramitacio-titols\/","title":{"rendered":"TRAMITACI\u00d3 I RECOLLIDA DE T\u00cdTOLS"},"content":{"rendered":"\n<p class=\"has-medium-font-size\"><strong>INSTRUCCIONS PER A LA TRAMITACI\u00d3 I RECOLLIDA DE T\u00cdTOLS<\/strong><\/p>\n\n\n\n<ul class=\"wp-block-list\">\n<li>ESO&nbsp;(es generar\u00e0 d\u2019ofici pel centre)<\/li>\n\n\n\n<li>Batxillerat&nbsp;(a sol\u00b7licitud de l\u2019interessat)<\/li>\n\n\n\n<li>Actualitzaci\u00f3 o duplicat d\u2019un t\u00edtol ja expedit i lliurat a l\u2019alumne&nbsp;(a sol\u00b7licitud de l\u2019interessat)<\/li>\n\n\n\n<li>Actualitzaci\u00f3 de les dades de contacte (a sol\u00b7licitud de l&#8217;interessat)<\/li>\n\n\n\n<li>Reimpressi\u00f3 per p\u00e8rdua del resguard del t\u00edtol (a sol\u00b7licitud de l\u2019interessat)<\/li>\n<\/ul>\n\n\n\n<div style=\"height:100px\" aria-hidden=\"true\" class=\"wp-block-spacer\"><\/div>\n\n\n\n<p class=\"has-ast-global-color-0-color has-text-color has-link-color wp-elements-86c6340c6ab53b052d98e94590292ee0\"><mark style=\"background-color:rgba(0, 0, 0, 0);color:#f30122\" class=\"has-inline-color\"><strong>MOLT IMPORTANT<\/strong><\/mark><mark style=\"background-color:rgba(0, 0, 0, 0);color:#f70b23\" class=\"has-inline-color\"><strong>:<\/strong><\/mark><\/p>\n\n\n\n<p><mark style=\"background-color:rgba(0, 0, 0, 0);color:#f30122\" class=\"has-inline-color\">Quan entreu a l\u2019aplicaci\u00f3 per sol\u00b7licitar el t\u00edtol hi ha una pantalla de&nbsp;<strong>\u201cConsentiment\u201d<\/strong>&nbsp;per tal que el Departament d\u2019Educaci\u00f3 pugui verificar electr\u00f2nicament les vostres dades DNI, t\u00edtol de fam\u00edlia nombrosa o monoparental&nbsp; i grau de discapacitat, si escau.<\/mark><\/p>\n\n\n\n<ul class=\"wp-block-list\">\n<li><mark style=\"background-color:rgba(0, 0, 0, 0);color:#f30122\" class=\"has-inline-color\"><strong>Si marqueu que&nbsp;<u>us oposeu<\/u><\/strong>&nbsp;haureu de venir al centre amb el document acreditatiu que us demani el sistema per tal que la Secretaria del centre verifiqui les dades, i aix\u00ed poder continuar la&nbsp;vostra sol\u00b7licitud.<\/mark><\/li>\n\n\n\n<li><mark style=\"background-color:rgba(0, 0, 0, 0);color:#f30122\" class=\"has-inline-color\"><strong>En canvi, &nbsp;<u>si consentiu<\/u><\/strong>&nbsp;el sistema valida en l\u00ednia les dades i podreu continuar amb el proc\u00e9s de petici\u00f3 del t\u00edtol (si no es validen pot ser un error de connexi\u00f3, dades que no coincideixen&#8230;)<\/mark><\/li>\n<\/ul>\n\n\n\n<p><mark style=\"background-color:rgba(0, 0, 0, 0);color:#f30122\" class=\"has-inline-color\">&nbsp;Tamb\u00e9 informar-vos que quan realitzeu el&nbsp;<strong>pagament de la taxa<\/strong>,&nbsp;la sol\u00b7licitud queda \u201cpendent de pagament\u201d at\u00e8s que la verificaci\u00f3 de la&nbsp; conciliaci\u00f3 del pagament pot trigar entre 24 i 48 hores.<\/mark><\/p>\n\n\n\n<p><mark style=\"background-color:rgba(0, 0, 0, 0);color:#f30122\" class=\"has-inline-color\">Quan la sol\u00b7licitud passa a estat \u201cRegistrada\u201d \u00e9s el moment en qu\u00e8 podreu descarregar el vostre&nbsp;<strong>Resguard<\/strong>&nbsp;i&nbsp;<strong>passar per la Secretaria per tal de signar-lo i segellar-lo<\/strong>.<\/mark><\/p>\n\n\n\n<div style=\"height:100px\" aria-hidden=\"true\" class=\"wp-block-spacer\"><\/div>\n\n\n\n<p class=\"has-ast-global-color-0-background-color has-background\"><strong>T\u00cdTOL D\u2019ESO (d\u2019ofici pel centre)<\/strong><\/p>\n\n\n\n<p>1- A final de l\u2019etapa de l\u2019ESO&nbsp;<strong>el centre generar\u00e0 d\u2019ofici<\/strong>&nbsp;&nbsp;<strong>el<\/strong>&nbsp;<strong>resguard acreditatiu de la tramitaci\u00f3 del t\u00edtol de graduat en educaci\u00f3 secund\u00e0ria<\/strong><\/p>\n\n\n\n<p>Al final de cada curs, us informarem&nbsp; per tal de&nbsp; concretar les dates i l\u2019horari,&nbsp; per&nbsp;<strong>recollir el reguard del t\u00edtol<\/strong>&nbsp;<strong>d\u2019ESO<\/strong>&nbsp;a la Secretaria.<\/p>\n\n\n\n<p>2-<strong>&nbsp;Av\u00eds&nbsp;<\/strong>del centre quan puguis passar a recollir el nou t\u00edtol<\/p>\n\n\n\n<div style=\"height:100px\" aria-hidden=\"true\" class=\"wp-block-spacer\"><\/div>\n\n\n\n<p class=\"has-luminous-vivid-amber-background-color has-background\"><strong>T\u00cdTOL DE BATXILLERAT (a sol\u00b7licitud de l\u2019interessat)<\/strong><\/p>\n\n\n\n<p>At\u00e8s que aquests t\u00edtols corresponen a ensenyaments no obligatoris,&nbsp;<strong>la seva tramitaci\u00f3 no \u00e9s d\u2019ofici<\/strong>&nbsp;sin\u00f3 que&nbsp;<strong>ser\u00e0 el propi alumne qui haur\u00e0 de sol\u00b7licitar el seu t\u00edtol<\/strong>&nbsp;des del tr\u00e0mit espec\u00edfic:&nbsp;<\/p>\n\n\n\n<p>1-La <a href=\"https:\/\/web.gencat.cat\/ca\/tramits\/tramits-temes\/titols-academics-no-universitaris?category=742b7874-a82c-11e3-a972-000c29052e2c\" data-type=\"link\" data-id=\"https:\/\/web.gencat.cat\/ca\/tramits\/tramits-temes\/titols-academics-no-universitaris?category=742b7874-a82c-11e3-a972-000c29052e2c\" target=\"_blank\" rel=\"noreferrer noopener\">sol.licitud<\/a>&nbsp;s\u2019ha de fer en l\u00ednia. Necessites:<\/p>\n\n\n\n<ul class=\"wp-block-list\">\n<li>Ordinador, tauleta o tel\u00e8fon m\u00f2bil amb connexi\u00f3<\/li>\n\n\n\n<li>Eina d\u2019identificaci\u00f3 digital (<a href=\"https:\/\/web.gencat.cat\/ca\/tramits\/suport-tramitacio\/durant-la-tramitacio\/signatura-identificacio-digital\/idcat-mobil\/index.html\" target=\"_blank\" rel=\"noreferrer noopener\">idCAT M\u00f2bil<\/a>, certificat digital o Cl@ve)<\/li>\n<\/ul>\n\n\n\n<p><a href=\"https:\/\/web.gencat.cat\/web\/shared\/OVT\/Departaments\/ENS\/TramitOVT\/tramitacio-titols\/instruccions-aplicacio.pdf\" target=\"_blank\" rel=\"noreferrer noopener\">Guia de l\u2019aplicaci\u00f3<\/a>&nbsp;per sol\u00b7licitar l\u2019expedici\u00f3 d\u2019un t\u00edtol, un duplicat o una actualitzaci\u00f3<\/p>\n\n\n\n<p>2-<strong>Pots pagar la taxa&nbsp;<\/strong>per una d\u2019aquestes dues vies:<\/p>\n\n\n\n<ul class=\"wp-block-list\">\n<li>Caixers de Caixabank<\/li>\n\n\n\n<li><a href=\"https:\/\/www.caixabank.es\/particular\/pagos\/impuestosrecibosmatriculas_es.html\" target=\"_blank\" rel=\"noreferrer noopener\">Per internet<\/a>&nbsp;<\/li>\n<\/ul>\n\n\n\n<p>3-Un cop hagis pagat la taxa i s\u2019hagi conciliat el pagament, podr\u00e0s&nbsp;<strong>descarregar-te el resguard<\/strong>&nbsp;del teu t\u00edtol<\/p>\n\n\n\n<p>4-Haur\u00e0s&nbsp;<strong>d\u2019adre\u00e7ar-te a la secretaria<\/strong>&nbsp;del centre per tal que et&nbsp;<strong>signin i et segellin el resguard<\/strong>&nbsp;del t\u00edtol<\/p>\n\n\n\n<p>5-&nbsp;<strong>Av\u00eds&nbsp;<\/strong>del centre quan puguis passar a recollir el nou t\u00edtol<\/p>\n\n\n\n<p>Important:<\/p>\n\n\n\n<ul class=\"wp-block-list\">\n<li><strong>Si has finalitzat el batxillerat abans del curs 2016-2017<\/strong>, i vols sol\u00b7licitar el teu t\u00edtol per primera vegada, haur\u00e0s d&#8217;adre\u00e7ar-te pr\u00e8viament al centre on vas finalitzar l&#8217;ensenyament.<\/li>\n\n\n\n<li><strong>Si el teu document d&#8217;identitat \u00e9s diferent al que tenies quan vas finalitzar els estudis<\/strong>, haur\u00e0s d&#8217;adre\u00e7ar-te al teu centre per tal que des de secretaria incorporin el teu nou document d&#8217;identitat al sistema. D&#8217;aquesta manera, quan accedeixis al tr\u00e0mit identificant-te amb el teu document d&#8217;identitat actual, podr\u00e0s visualitzar tot el que vas cursar amb el document d&#8217;identitat anterior.<\/li>\n\n\n\n<li><strong>Quan el teu pagament s&#8217;hagi conciliat<\/strong>&nbsp;(triga entre 24 i 48 hores), la teva sol\u00b7licitud passar\u00e0 a l&#8217;estat &#8220;Registrada&#8221; i<strong>&nbsp;podr\u00e0s descarregar el teu resguard de t\u00edtol<\/strong>. RECORDA que haur\u00e0s de passar per la secretaria del teu centre per tal que te&#8217;l signin i te&#8217;l segellin.<\/li>\n<\/ul>\n\n\n\n<div style=\"height:100px\" aria-hidden=\"true\" class=\"wp-block-spacer\"><\/div>\n\n\n\n<p class=\"has-ast-global-color-0-background-color has-background\"><strong>ACTUALITZACI\u00d3 O DUPLICAT D\u2019UN T\u00cdTOL JA EXPEDIT I LLIURAT A L\u2019ALUMNE (a sol\u00b7licitud de l\u2019interessat)<\/strong><\/p>\n\n\n\n<p>1-<strong><a href=\"https:\/\/web.gencat.cat\/ca\/tramits\/tramits-temes\/titols-academics-no-universitaris?category=742b7874- a82c-11e3-a972-000c29052e2c\" target=\"_blank\" rel=\"noreferrer noopener\">La sol.licitud<\/a><\/strong>&nbsp;s\u2019ha de fer en l\u00ednia. Necessites<\/p>\n\n\n\n<ul class=\"wp-block-list\">\n<li>Ordinador, tauleta o tel\u00e8fon m\u00f2bil amb connexi\u00f3<\/li>\n\n\n\n<li>Eina d\u2019identificaci\u00f3 digital (<a href=\"https:\/\/web.gencat.cat\/ca\/tramits\/suport-tramitacio\/durant-la-tramitacio\/signatura-identificacio-digital\/idcat-mobil\/index.html\" target=\"_blank\" rel=\"noreferrer noopener\">idCAT M\u00f2bil<\/a>, certificat digital o Cl@ve)<\/li>\n<\/ul>\n\n\n\n<p><a href=\"https:\/\/web.gencat.cat\/web\/shared\/OVT\/Departaments\/ENS\/TramitOVT\/tramitacio-titols\/instruccions-aplicacio.pdf\" target=\"_blank\" rel=\"noreferrer noopener\">Guia de l\u2019aplicaci\u00f3<\/a>&nbsp;per sol\u00b7licitar l\u2019expedici\u00f3 d\u2019un t\u00edtol, un duplicat o una actualitzaci\u00f3<\/p>\n\n\n\n<p>2-<strong>Pots pagar la taxa&nbsp;<\/strong>per una d\u2019aquestes dues vies:<\/p>\n\n\n\n<ul class=\"wp-block-list\">\n<li>Caixers de Caixabank<\/li>\n\n\n\n<li><a href=\"https:\/\/www.caixabank.es\/particular\/pagos\/impuestosrecibosmatriculas_es.html\" target=\"_blank\" rel=\"noreferrer noopener\">Per internet<\/a>&nbsp;<\/li>\n<\/ul>\n\n\n\n<p>Si l&#8217;actualitzaci\u00f3 del t\u00edtol \u00e9s per reflectir una modificaci\u00f3 registral del sexe, no has de pagar cap taxa.<\/p>\n\n\n\n<p>3-Un cop hagis pagat la taxa i s\u2019hagi conciliat el pagament, podr\u00e0s&nbsp;<strong>descarregar-te el resguard<\/strong>&nbsp;del teu t\u00edtol<\/p>\n\n\n\n<p>4-Haur\u00e0s&nbsp;<strong>d\u2019adre\u00e7ar-te a la secretaria<\/strong>&nbsp;del centre per tal que et&nbsp;<strong>signin i et segellin el resguard<\/strong>&nbsp;del t\u00edtol<\/p>\n\n\n\n<p>5-&nbsp;<strong>Av\u00eds&nbsp;<\/strong>del centre quan puguis passar a recollir el nou t\u00edtol<\/p>\n\n\n\n<p>Important:<\/p>\n\n\n\n<ul class=\"wp-block-list\">\n<li><strong>Si has finalitzat el batxillerat abans del curs 2016-2017<\/strong>, i vols sol\u00b7licitar el teu t\u00edtol per primera vegada, haur\u00e0s d&#8217;adre\u00e7ar-te pr\u00e8viament al centre on vas finalitzar l&#8217;ensenyament.<\/li>\n\n\n\n<li><strong>Si el teu document d&#8217;identitat \u00e9s diferent al que tenies quan vas finalitzar els estudis<\/strong>, haur\u00e0s d&#8217;adre\u00e7ar-te al teu centre per tal que des de secretaria incorporin el teu nou document d&#8217;identitat al sistema. D&#8217;aquesta manera, quan accedeixis al tr\u00e0mit identificant-te amb el teu document d&#8217;identitat actual, podr\u00e0s visualitzar tot el que vas cursar amb el document d&#8217;identitat anterior.<\/li>\n\n\n\n<li><strong>Quan el teu pagament s&#8217;hagi conciliat<\/strong>&nbsp;(triga entre 24 i 48 hores), la teva sol\u00b7licitud passar\u00e0 a l&#8217;estat &#8220;Registrada&#8221; i&nbsp;<strong>podr\u00e0s descarregar el teu resguard de t\u00edtol<\/strong>. RECORDA que haur\u00e0s de passar per la secretaria del teu centre per tal que te&#8217;l signin i te&#8217;l segellin.<\/li>\n<\/ul>\n\n\n\n<p class=\"has-vivid-red-color has-white-background-color has-text-color has-background has-link-color wp-elements-73c1a3a31c66ff535096b53ccf6fcfc2\"><strong>Recorda<\/strong>: en el moment de recollir el nou t\u00edtol, has de lliurar a la secretaria del teu centre el t\u00edtol expedit inicialment per destruir-lo.<\/p>\n\n\n\n<div style=\"height:100px\" aria-hidden=\"true\" class=\"wp-block-spacer\"><\/div>\n\n\n\n<p class=\"has-luminous-vivid-amber-background-color has-background\"><strong>ACTUALITZACI\u00d3 DE LES DADES DE CONTACTE\u00a0 (a sol\u00b7licitud de l\u2019interessat)<\/strong><\/p>\n\n\n\n<p><strong>Dades de contacte<\/strong>: adre\u00e7a, poblaci\u00f3, adre\u00e7a electr\u00f2nica i tel\u00e8fon<\/p>\n\n\n\n<p>Si es vol informar d\u2019<strong>una actualitzaci\u00f3 de les dades de contacte<\/strong>&nbsp;ho haur\u00e0 de fer l\u2019alumne per internet&nbsp;al seg\u00fcent <a href=\"https:\/\/web.gencat.cat\/ca\/tramits\/tramits-temes\/titols-academics-no-universitaris?category=742b7874-a82c-11e3-a972-000c29052e2c\" target=\"_blank\" rel=\"noreferrer noopener\">enlla\u00e7<\/a>.<\/p>\n\n\n\n<p><strong>Per poder fer el tr\u00e0mit l\u2019alumne ha de tenir una eina d\u2019identificaci\u00f3 digital<\/strong>&nbsp;(<a href=\"https:\/\/web.gencat.cat\/ca\/tramits\/suport-tramitacio\/durant-la-tramitacio\/signatura-identificacio-digital\/idcat-mobil\/index.html\" target=\"_blank\" rel=\"noreferrer noopener\">idCAT M\u00f2bil<\/a>, certificat digital o Cl@ve)<\/p>\n\n\n\n<p><strong><u>A l\u2019aplicaci\u00f3 trobareu tres pestanyes<\/u><\/strong>:<\/p>\n\n\n\n<ul class=\"wp-block-list\">\n<li>Resum de les sol\u00b7licituds<\/li>\n\n\n\n<li>Sol\u00b7licituds<\/li>\n\n\n\n<li>Actualitzaci\u00f3 dades de contacte (aqu\u00ed es on heu de fer les modificacions)<\/li>\n<\/ul>\n\n\n\n<div style=\"height:100px\" aria-hidden=\"true\" class=\"wp-block-spacer\"><\/div>\n\n\n\n<p class=\"has-ast-global-color-0-background-color has-background\"><strong>REIMPRESSI\u00d3 PER P\u00c8RDUA DEL RESGUARD DEL T\u00cdTOL (a sol\u00b7licitud de l\u2019interessat)<\/strong><\/p>\n\n\n\n<p>S\u2019ha de fer per internet al web de tr\u00e0mits de la Generalitat \u2013 tramitaci\u00f3 de t\u00edtols acad\u00e8mics i professionals no universitaris i s\u2019ha d\u2019 accedir a trav\u00e9s de<strong>&nbsp;l\u2019<a href=\"https:\/\/web.gencat.cat\/ca\/tramits\/tramits-temes\/titols-academics-no-universitaris?category=742b7874-a82c-11e3-a972-000c29052e2c\" target=\"_blank\" rel=\"noreferrer noopener\">enlla\u00e7<\/a><\/strong><\/p>\n\n\n\n<p><strong><u>Per poder fer el tr\u00e0mit l\u2019alumne ha de disposar d\u2019una eina d&#8217;identificaci\u00f3 digital<\/u><\/strong>&nbsp;(<a href=\"https:\/\/web.gencat.cat\/ca\/tramits\/suport-tramitacio\/durant-la-tramitacio\/signatura-identificacio-digital\/idcat-mobil\/index.html\" target=\"_blank\" rel=\"noreferrer noopener\">idCAT M\u00f2bil<\/a>, certificat digital o Cl@ve)<\/p>\n\n\n\n<p>Una vegada reimpr\u00e8s &nbsp;haur\u00e0s&nbsp;<strong>d\u2019adre\u00e7ar-te a la secretaria<\/strong>&nbsp;del centre per tal que et&nbsp;<strong>signin i et segellin el resguard.<\/strong><\/p>\n\n\n\n<p><\/p>\n","protected":false},"excerpt":{"rendered":"<p>INSTRUCCIONS PER A LA TRAMITACI\u00d3 I RECOLLIDA DE T\u00cdTOLS MOLT IMPORTANT: Quan entreu a l\u2019aplicaci\u00f3 per sol\u00b7licitar el t\u00edtol hi [&hellip;]<\/p>\n","protected":false},"author":1,"featured_media":0,"parent":7880,"menu_order":40,"comment_status":"closed","ping_status":"closed","template":"","meta":{"_bbp_topic_count":0,"_bbp_reply_count":0,"_bbp_total_topic_count":0,"_bbp_total_reply_count":0,"_bbp_voice_count":0,"_bbp_anonymous_reply_count":0,"_bbp_topic_count_hidden":0,"_bbp_reply_count_hidden":0,"_bbp_forum_subforum_count":0,"site-sidebar-layout":"default","site-content-layout":"","ast-site-content-layout":"default","site-content-style":"default","site-sidebar-style":"default","ast-global-header-display":"","ast-banner-title-visibility":"","ast-main-header-display":"","ast-hfb-above-header-display":"","ast-hfb-below-header-display":"","ast-hfb-mobile-header-display":"","site-post-title":"","ast-breadcrumbs-content":"","ast-featured-img":"","footer-sml-layout":"","theme-transparent-header-meta":"","adv-header-id-meta":"","stick-header-meta":"","header-above-stick-meta":"","header-main-stick-meta":"","header-below-stick-meta":"","astra-migrate-meta-layouts":"set","ast-page-background-enabled":"default","ast-page-background-meta":{"desktop":{"background-color":"var(--ast-global-color-4)","background-image":"","background-repeat":"repeat","background-position":"center center","background-size":"auto","background-attachment":"scroll","background-type":"","background-media":"","overlay-type":"","overlay-color":"","overlay-opacity":"","overlay-gradient":""},"tablet":{"background-color":"","background-image":"","background-repeat":"repeat","background-position":"center center","background-size":"auto","background-attachment":"scroll","background-type":"","background-media":"","overlay-type":"","overlay-color":"","overlay-opacity":"","overlay-gradient":""},"mobile":{"background-color":"","background-image":"","background-repeat":"repeat","background-position":"center center","background-size":"auto","background-attachment":"scroll","background-type":"","background-media":"","overlay-type":"","overlay-color":"","overlay-opacity":"","overlay-gradient":""}},"ast-content-background-meta":{"desktop":{"background-color":"var(--ast-global-color-5)","background-image":"","background-repeat":"repeat","background-position":"center center","background-size":"auto","background-attachment":"scroll","background-type":"","background-media":"","overlay-type":"","overlay-color":"","overlay-opacity":"","overlay-gradient":""},"tablet":{"background-color":"var(--ast-global-color-5)","background-image":"","background-repeat":"repeat","background-position":"center center","background-size":"auto","background-attachment":"scroll","background-type":"","background-media":"","overlay-type":"","overlay-color":"","overlay-opacity":"","overlay-gradient":""},"mobile":{"background-color":"var(--ast-global-color-5)","background-image":"","background-repeat":"repeat","background-position":"center center","background-size":"auto","background-attachment":"scroll","background-type":"","background-media":"","overlay-type":"","overlay-color":"","overlay-opacity":"","overlay-gradient":""}},"footnotes":""},"class_list":["post-8055","page","type-page","status-publish","hentry"],"post_mailing_queue_ids":[],"_links":{"self":[{"href":"https:\/\/agora.xtec.cat\/iespviana\/wp-json\/wp\/v2\/pages\/8055","targetHints":{"allow":["GET"]}}],"collection":[{"href":"https:\/\/agora.xtec.cat\/iespviana\/wp-json\/wp\/v2\/pages"}],"about":[{"href":"https:\/\/agora.xtec.cat\/iespviana\/wp-json\/wp\/v2\/types\/page"}],"author":[{"embeddable":true,"href":"https:\/\/agora.xtec.cat\/iespviana\/wp-json\/wp\/v2\/users\/1"}],"replies":[{"embeddable":true,"href":"https:\/\/agora.xtec.cat\/iespviana\/wp-json\/wp\/v2\/comments?post=8055"}],"version-history":[{"count":5,"href":"https:\/\/agora.xtec.cat\/iespviana\/wp-json\/wp\/v2\/pages\/8055\/revisions"}],"predecessor-version":[{"id":13387,"href":"https:\/\/agora.xtec.cat\/iespviana\/wp-json\/wp\/v2\/pages\/8055\/revisions\/13387"}],"up":[{"embeddable":true,"href":"https:\/\/agora.xtec.cat\/iespviana\/wp-json\/wp\/v2\/pages\/7880"}],"wp:attachment":[{"href":"https:\/\/agora.xtec.cat\/iespviana\/wp-json\/wp\/v2\/media?parent=8055"}],"curies":[{"name":"wp","href":"https:\/\/api.w.org\/{rel}","templated":true}]}}