{"id":7906,"date":"2022-01-17T10:50:21","date_gmt":"2022-01-17T09:50:21","guid":{"rendered":"https:\/\/agora.xtec.cat\/iespviana\/?page_id=7906"},"modified":"2026-03-27T10:03:59","modified_gmt":"2026-03-27T09:03:59","slug":"beques-i-ajuts","status":"publish","type":"page","link":"https:\/\/agora.xtec.cat\/iespviana\/administracio-i-serveis-2\/secretaria-nova\/beques-i-ajuts\/","title":{"rendered":"BEQUES I AJUTS"},"content":{"rendered":"\n<figure class=\"wp-block-image size-full is-resized\"><a href=\"https:\/\/agora.xtec.cat\/iespviana\/wp-content\/uploads\/usu1199\/2021\/12\/beques-2.jpg\"><img loading=\"lazy\" decoding=\"async\" width=\"500\" height=\"350\" src=\"https:\/\/agora.xtec.cat\/iespviana\/wp-content\/uploads\/usu1199\/2021\/12\/beques-2.jpg\" alt=\"\" class=\"wp-image-7905\" style=\"width:369px;height:auto\" srcset=\"https:\/\/agora.xtec.cat\/iespviana\/wp-content\/uploads\/usu1199\/2021\/12\/beques-2.jpg 500w, https:\/\/agora.xtec.cat\/iespviana\/wp-content\/uploads\/usu1199\/2021\/12\/beques-2-300x210.jpg 300w\" sizes=\"auto, (max-width: 500px) 100vw, 500px\" \/><\/a><\/figure>\n\n\n\n<div style=\"height:100px\" aria-hidden=\"true\" class=\"wp-block-spacer\"><\/div>\n\n\n\n<p class=\"has-large-font-size\"><a href=\"https:\/\/web.gencat.cat\/ca\/ciutadania\/serveis\/educacio-formacio\/beques-estudis-no-universitaris#accordion-beb7d9af2d-item-94f622dcdf\" data-type=\"link\" data-id=\"https:\/\/web.gencat.cat\/ca\/ciutadania\/serveis\/educacio-formacio\/beques-estudis-no-universitaris#accordion-beb7d9af2d-item-94f622dcdf\" target=\"_blank\" rel=\"noreferrer noopener\">Beques Batxillerat curs 2026-27<\/a><\/p>\n\n\n\n<p>El Ministeri d&#8217;Educaci\u00f3 i Formaci\u00f3 Professional ha publicat aquesta novetat a la seva p\u00e0gina web:<\/p>\n\n\n\n<p class=\"has-text-align-center\"><strong><em>NOVEDAD IMPORTANTE<\/em><\/strong><\/p>\n\n\n\n<p class=\"has-text-align-center\"><em>A partir de este pr\u00f3ximo curso 2026\/27, si tu domicilio familiar se encuentra en&nbsp;<u>Catalu\u00f1a<\/u>, no podr\u00e1s solicitar la beca para esta convocatoria al haber sido transferidas a la Generalitat de Catalu\u00f1a las competencias en esta materia. Por lo tanto, deber\u00e1s solicitar la beca de la convocatoria que corresponda a esa Comunidad Aut\u00f3noma. <\/em><\/p>\n\n\n\n<p class=\"has-text-align-left\">Termini de presentaci\u00f3 de sol\u00b7licituds del 7 d&#8217;abril al 18 de maig de 2026<\/p>\n\n\n\n<p><a href=\"https:\/\/web.gencat.cat\/ca\/ciutadania\/serveis\/educacio-formacio\/beques-estudis-no-universitaris#accordion-beb7d9af2d-item-94f622dcdf\" data-type=\"link\" data-id=\"https:\/\/web.gencat.cat\/ca\/ciutadania\/serveis\/educacio-formacio\/beques-estudis-no-universitaris#accordion-beb7d9af2d-item-94f622dcdf\" target=\"_blank\" rel=\"noreferrer noopener\">Informaci\u00f3 i presentaci\u00f3 de sol\u00b7licituds<\/a><\/p>\n\n\n\n<p class=\"has-text-align-left\">IMPORTANT: Cal que presenteu a la secretaria c\u00f2pia del resguard de la sol\u00b7licitud.<\/p>\n\n\n\n<div style=\"height:100px\" aria-hidden=\"true\" class=\"wp-block-spacer\"><\/div>\n\n\n\n<p class=\"has-large-font-size\"><a href=\"https:\/\/www.becaseducacion.gob.es\/becas-y-ayudas.html\" target=\"_blank\" rel=\"noreferrer noopener\">Beques MEC 2025-26 per alumnat amb necessitat espec\u00edfica de suport educatiu<\/a><\/p>\n\n\n\n<p>El&nbsp;termini&nbsp;de&nbsp;presentaci\u00f3 de&nbsp;solicitud&nbsp;\u00e9s&nbsp;del 30 d&#8217;abril a&nbsp;l&#8217;11 de setembre de 2025.<\/p>\n\n\n\n<p>Enlla\u00e7 amb total la informaci\u00f3 i acc\u00e9s a la sol\u00b7licitud telem\u00e0tica&nbsp;<a href=\"https:\/\/www.becaseducacion.gob.es\/becas-y-ayudas.html\" target=\"_blank\" rel=\"noreferrer noopener\">https:\/\/www.becaseducacion.gob.es\/becas-y-ayudas.html<\/a><\/p>\n\n\n\n<p>NOTA IMPORTANT:&nbsp;UNA VEGADA REALITZADA LA SOL\u00b7LICITUD TELEM\u00c0TICA CAL QUE LES FAM\u00cdLIES PORTIN A LA SECRETARIA DEL CENTRE UNA C\u00d2PIA DE LA SOL\u00b7LICITUD JUNTAMENT&nbsp;AMB TOTA LA DOCUMENTACI\u00d3 ANNEXA.<\/p>\n\n\n\n<div style=\"height:100px\" aria-hidden=\"true\" class=\"wp-block-spacer\"><\/div>\n\n\n\n<p class=\"has-large-font-size\"><a href=\"https:\/\/www.edubcn.cat\/ca\/alumnat_i_familia\/ajuts_beques_i_subvencions\/ajuts_de_menjador_escolar\" target=\"_blank\" rel=\"noreferrer noopener\">Ajuts menjador<\/a><\/p>\n\n\n\n<p>Obert el termini de presentaci\u00f3 dels ajuts de menjador 2025-2026.<\/p>\n\n\n\n<p>Per\u00edode inicial: entre el 19 de maig i el 20 de juny de 2025, ambd\u00f3s inclosos.<\/p>\n\n\n\n<p><strong>Les fam\u00edlies tenen fins el 26 de juny per portar, si escau, la documentaci\u00f3 requerida.<\/strong><\/p>\n\n\n\n<p><strong>Enlla\u00e7 a tota la informaci\u00f3 del Consorci d&#8217;Educaci\u00f3 i acc\u00e9s a la sol\u00b7licitud telem\u00e0tica<\/strong>&nbsp;:&nbsp;&nbsp;<a href=\"https:\/\/www.edubcn.cat\/ca\/alumnat_i_familia\/ajuts_beques_i_subvencions\/ajuts_de_menjador_escolar\" target=\"_blank\" rel=\"noreferrer noopener\">https:\/\/www.edubcn.cat\/ca\/alumnat_i_familia\/ajuts_beques_i_subvencions\/ajuts_de_menjador_escolar<\/a><\/p>\n\n\n\n<p><strong>Enlla\u00e7 a alta a IdCat (signatura digital):<\/strong>&nbsp;<a href=\"https:\/\/idcatmobil.cat\/\" target=\"_blank\" rel=\"noreferrer noopener\">https:\/\/idcatmobil.cat\/<\/a><\/p>\n\n\n\n<p class=\"has-medium-font-size\">Enlla\u00e7 a la <a href=\"https:\/\/ajutsmenjador.ceb.gencat.cat\/\" target=\"_blank\" rel=\"noreferrer noopener\">sol\u00b7licitud telem\u00e0tica<\/a><\/p>\n\n\n\n<div style=\"height:100px\" aria-hidden=\"true\" class=\"wp-block-spacer\"><\/div>\n\n\n\n<p class=\"has-large-font-size\"><a href=\"https:\/\/www.plaesportescolarbcn.cat\/ca\/subvencions_302069\" target=\"_blank\" rel=\"noreferrer noopener\">Subvencions Pla Esport Escola<\/a><\/p>\n","protected":false},"excerpt":{"rendered":"<p>Beques Batxillerat curs 2026-27 El Ministeri d&#8217;Educaci\u00f3 i Formaci\u00f3 Professional ha publicat aquesta novetat a la seva p\u00e0gina web: NOVEDAD [&hellip;]<\/p>\n","protected":false},"author":1,"featured_media":0,"parent":7880,"menu_order":30,"comment_status":"closed","ping_status":"closed","template":"","meta":{"_bbp_topic_count":0,"_bbp_reply_count":0,"_bbp_total_topic_count":0,"_bbp_total_reply_count":0,"_bbp_voice_count":0,"_bbp_anonymous_reply_count":0,"_bbp_topic_count_hidden":0,"_bbp_reply_count_hidden":0,"_bbp_forum_subforum_count":0,"site-sidebar-layout":"default","site-content-layout":"","ast-site-content-layout":"default","site-content-style":"default","site-sidebar-style":"default","ast-global-header-display":"","ast-banner-title-visibility":"","ast-main-header-display":"","ast-hfb-above-header-display":"","ast-hfb-below-header-display":"","ast-hfb-mobile-header-display":"","site-post-title":"","ast-breadcrumbs-content":"","ast-featured-img":"","footer-sml-layout":"","theme-transparent-header-meta":"","adv-header-id-meta":"","stick-header-meta":"","header-above-stick-meta":"","header-main-stick-meta":"","header-below-stick-meta":"","astra-migrate-meta-layouts":"set","ast-page-background-enabled":"default","ast-page-background-meta":{"desktop":{"background-color":"var(--ast-global-color-4)","background-image":"","background-repeat":"repeat","background-position":"center center","background-size":"auto","background-attachment":"scroll","background-type":"","background-media":"","overlay-type":"","overlay-color":"","overlay-opacity":"","overlay-gradient":""},"tablet":{"background-color":"","background-image":"","background-repeat":"repeat","background-position":"center center","background-size":"auto","background-attachment":"scroll","background-type":"","background-media":"","overlay-type":"","overlay-color":"","overlay-opacity":"","overlay-gradient":""},"mobile":{"background-color":"","background-image":"","background-repeat":"repeat","background-position":"center center","background-size":"auto","background-attachment":"scroll","background-type":"","background-media":"","overlay-type":"","overlay-color":"","overlay-opacity":"","overlay-gradient":""}},"ast-content-background-meta":{"desktop":{"background-color":"var(--ast-global-color-5)","background-image":"","background-repeat":"repeat","background-position":"center center","background-size":"auto","background-attachment":"scroll","background-type":"","background-media":"","overlay-type":"","overlay-color":"","overlay-opacity":"","overlay-gradient":""},"tablet":{"background-color":"var(--ast-global-color-5)","background-image":"","background-repeat":"repeat","background-position":"center center","background-size":"auto","background-attachment":"scroll","background-type":"","background-media":"","overlay-type":"","overlay-color":"","overlay-opacity":"","overlay-gradient":""},"mobile":{"background-color":"var(--ast-global-color-5)","background-image":"","background-repeat":"repeat","background-position":"center center","background-size":"auto","background-attachment":"scroll","background-type":"","background-media":"","overlay-type":"","overlay-color":"","overlay-opacity":"","overlay-gradient":""}},"footnotes":""},"class_list":["post-7906","page","type-page","status-publish","hentry"],"post_mailing_queue_ids":[],"_links":{"self":[{"href":"https:\/\/agora.xtec.cat\/iespviana\/wp-json\/wp\/v2\/pages\/7906","targetHints":{"allow":["GET"]}}],"collection":[{"href":"https:\/\/agora.xtec.cat\/iespviana\/wp-json\/wp\/v2\/pages"}],"about":[{"href":"https:\/\/agora.xtec.cat\/iespviana\/wp-json\/wp\/v2\/types\/page"}],"author":[{"embeddable":true,"href":"https:\/\/agora.xtec.cat\/iespviana\/wp-json\/wp\/v2\/users\/1"}],"replies":[{"embeddable":true,"href":"https:\/\/agora.xtec.cat\/iespviana\/wp-json\/wp\/v2\/comments?post=7906"}],"version-history":[{"count":6,"href":"https:\/\/agora.xtec.cat\/iespviana\/wp-json\/wp\/v2\/pages\/7906\/revisions"}],"predecessor-version":[{"id":13878,"href":"https:\/\/agora.xtec.cat\/iespviana\/wp-json\/wp\/v2\/pages\/7906\/revisions\/13878"}],"up":[{"embeddable":true,"href":"https:\/\/agora.xtec.cat\/iespviana\/wp-json\/wp\/v2\/pages\/7880"}],"wp:attachment":[{"href":"https:\/\/agora.xtec.cat\/iespviana\/wp-json\/wp\/v2\/media?parent=7906"}],"curies":[{"name":"wp","href":"https:\/\/api.w.org\/{rel}","templated":true}]}}

<figure class="wp-block-image size-full is-resized"><a href="https://agora.xtec.cat/iespviana/wp-content/uploads/usu1199/2021/12/beques-2.jpg"><img loading="lazy" decoding="async" width="500" height="350" src="https://agora.xtec.cat/iespviana/wp-content/uploads/usu1199/2021/12/beques-2.jpg" alt="" class="wp-image-7905" style="width:369px;height:auto" srcset="https://agora.xtec.cat/iespviana/wp-content/uploads/usu1199/2021/12/beques-2.jpg 500w, https://agora.xtec.cat/iespviana/wp-content/uploads/usu1199/2021/12/beques-2-300x210.jpg 300w" sizes="auto, (max-width: 500px) 100vw, 500px" /></a></figure>



<div style="height:100px" aria-hidden="true" class="wp-block-spacer"></div>



<p class="has-large-font-size"><a href="https://web.gencat.cat/ca/ciutadania/serveis/educacio-formacio/beques-estudis-no-universitaris#accordion-beb7d9af2d-item-94f622dcdf" data-type="link" data-id="https://web.gencat.cat/ca/ciutadania/serveis/educacio-formacio/beques-estudis-no-universitaris#accordion-beb7d9af2d-item-94f622dcdf" target="_blank" rel="noreferrer noopener">Beques Batxillerat curs 2026-27</a></p>



<p>El Ministeri d&#8217;Educació i Formació Professional ha publicat aquesta novetat a la seva pàgina web:</p>



<p class="has-text-align-center"><strong><em>NOVEDAD IMPORTANTE</em></strong></p>



<p class="has-text-align-center"><em>A partir de este próximo curso 2026/27, si tu domicilio familiar se encuentra en&nbsp;<u>Cataluña</u>, no podrás solicitar la beca para esta convocatoria al haber sido transferidas a la Generalitat de Cataluña las competencias en esta materia. Por lo tanto, deberás solicitar la beca de la convocatoria que corresponda a esa Comunidad Autónoma. </em></p>



<p class="has-text-align-left">Termini de presentació de sol·licituds del 7 d&#8217;abril al 18 de maig de 2026</p>



<p><a href="https://web.gencat.cat/ca/ciutadania/serveis/educacio-formacio/beques-estudis-no-universitaris#accordion-beb7d9af2d-item-94f622dcdf" data-type="link" data-id="https://web.gencat.cat/ca/ciutadania/serveis/educacio-formacio/beques-estudis-no-universitaris#accordion-beb7d9af2d-item-94f622dcdf" target="_blank" rel="noreferrer noopener">Informació i presentació de sol·licituds</a></p>



<p class="has-text-align-left">IMPORTANT: Cal que presenteu a la secretaria còpia del resguard de la sol·licitud.</p>



<div style="height:100px" aria-hidden="true" class="wp-block-spacer"></div>



<p class="has-large-font-size"><a href="https://www.becaseducacion.gob.es/becas-y-ayudas.html" target="_blank" rel="noreferrer noopener">Beques MEC 2025-26 per alumnat amb necessitat específica de suport educatiu</a></p>



<p>El&nbsp;termini&nbsp;de&nbsp;presentació de&nbsp;solicitud&nbsp;és&nbsp;del 30 d&#8217;abril a&nbsp;l&#8217;11 de setembre de 2025.</p>



<p>Enllaç amb total la informació i accés a la sol·licitud telemàtica&nbsp;<a href="https://www.becaseducacion.gob.es/becas-y-ayudas.html" target="_blank" rel="noreferrer noopener">https://www.becaseducacion.gob.es/becas-y-ayudas.html</a></p>



<p>NOTA IMPORTANT:&nbsp;UNA VEGADA REALITZADA LA SOL·LICITUD TELEMÀTICA CAL QUE LES FAMÍLIES PORTIN A LA SECRETARIA DEL CENTRE UNA CÒPIA DE LA SOL·LICITUD JUNTAMENT&nbsp;AMB TOTA LA DOCUMENTACIÓ ANNEXA.</p>



<div style="height:100px" aria-hidden="true" class="wp-block-spacer"></div>



<p class="has-large-font-size"><a href="https://www.edubcn.cat/ca/alumnat_i_familia/ajuts_beques_i_subvencions/ajuts_de_menjador_escolar" target="_blank" rel="noreferrer noopener">Ajuts menjador</a></p>



<p>Obert el termini de presentació dels ajuts de menjador 2025-2026.</p>



<p>Període inicial: entre el 19 de maig i el 20 de juny de 2025, ambdós inclosos.</p>



<p><strong>Les famílies tenen fins el 26 de juny per portar, si escau, la documentació requerida.</strong></p>



<p><strong>Enllaç a tota la informació del Consorci d&#8217;Educació i accés a la sol·licitud telemàtica</strong>&nbsp;:&nbsp;&nbsp;<a href="https://www.edubcn.cat/ca/alumnat_i_familia/ajuts_beques_i_subvencions/ajuts_de_menjador_escolar" target="_blank" rel="noreferrer noopener">https://www.edubcn.cat/ca/alumnat_i_familia/ajuts_beques_i_subvencions/ajuts_de_menjador_escolar</a></p>



<p><strong>Enllaç a alta a IdCat (signatura digital):</strong>&nbsp;<a href="https://idcatmobil.cat/" target="_blank" rel="noreferrer noopener">https://idcatmobil.cat/</a></p>



<p class="has-medium-font-size">Enllaç a la <a href="https://ajutsmenjador.ceb.gencat.cat/" target="_blank" rel="noreferrer noopener">sol·licitud telemàtica</a></p>



<div style="height:100px" aria-hidden="true" class="wp-block-spacer"></div>



<p class="has-large-font-size"><a href="https://www.plaesportescolarbcn.cat/ca/subvencions_302069" target="_blank" rel="noreferrer noopener">Subvencions Pla Esport Escola</a></p>

<p>Beques Batxillerat curs 2026-27 El Ministeri d&#8217;Educació i Formació Professional ha publicat aquesta novetat a la seva pàgina web: NOVEDAD [&hellip;]</p>
