{"id":763,"date":"2015-01-21T00:08:20","date_gmt":"2015-01-20T23:08:20","guid":{"rendered":"http:\/\/agora.xtec.cat\/iespviana\/?page_id=763"},"modified":"2023-12-04T12:30:27","modified_gmt":"2023-12-04T11:30:27","slug":"eso","status":"publish","type":"page","link":"https:\/\/agora.xtec.cat\/iespviana\/estudis\/eso\/","title":{"rendered":"L&#8217;ESO AL PdV"},"content":{"rendered":"<div style=\"width: 100%;\">\n<div style=\"position: relative; padding-bottom: 23.10%; padding-top: 0; height: 0;\"><iframe loading=\"lazy\" style=\"position: absolute; top: 0; left: 0; width: 100%; height: 100%;\" src=\"https:\/\/view.genial.ly\/601f9e1011728e0d1928278e\" width=\"1199\" height=\"277\" frameborder=\"0\" scrolling=\"yes\" allowfullscreen=\"allowfullscreen\"><\/iframe><\/div>\n<\/div>\n<p><strong>Organitzaci\u00f3 curricular 1r &#8211; 3r ESO<br \/>\n<\/strong><\/p>\n<table style=\"width: 719px; height: 526px;\">\n<tbody>\n<tr style=\"height: 31px;\">\n<td style=\"text-align: center; width: 228px; height: 31px;\" colspan=\"2\"><strong>1r ESO<br \/>\n<\/strong><\/td>\n<td style=\"text-align: center; width: 222px; height: 31px;\" colspan=\"2\"><strong>2n ESO<\/strong><\/td>\n<td style=\"text-align: center; width: 259px; height: 31px;\" colspan=\"2\"><strong>3r ESO<br \/>\n<\/strong><\/td>\n<\/tr>\n<tr style=\"height: 31px;\">\n<td style=\"width: 150px; height: 31px;\"><strong>Mat\u00e8ries<\/strong><\/td>\n<td style=\"text-align: center; width: 76px; height: 31px;\"><strong>h\/set<\/strong><\/td>\n<td style=\"width: 149px; height: 31px;\"><strong>Mat\u00e8ries<\/strong><\/td>\n<td style=\"text-align: center; width: 71px; height: 31px;\"><strong>h\/set<\/strong><\/td>\n<td style=\"width: 203px; height: 31px;\"><strong>Mat\u00e8ries<\/strong><\/td>\n<td style=\"text-align: center; width: 54px; height: 31px;\"><strong>h\/set<\/strong><\/td>\n<\/tr>\n<tr style=\"height: 31px;\">\n<td style=\"width: 150px; height: 31px;\">Matem\u00e0tiques<\/td>\n<td style=\"text-align: center; width: 76px; height: 31px;\">3<\/td>\n<td style=\"width: 149px; height: 31px;\">Matem\u00e0tiques<\/td>\n<td style=\"text-align: center; width: 71px; height: 31px;\">3<\/td>\n<td style=\"width: 203px; height: 31px;\">Matem\u00e0tiques<\/td>\n<td style=\"text-align: center; width: 54px; height: 31px;\">4<\/td>\n<\/tr>\n<tr style=\"height: 31px;\">\n<td style=\"width: 150px; height: 31px;\">Catal\u00e0<\/td>\n<td style=\"text-align: center; width: 76px; height: 31px;\">3<\/td>\n<td style=\"width: 149px; height: 31px;\">Catal\u00e0<\/td>\n<td style=\"text-align: center; width: 71px; height: 31px;\">2<\/td>\n<td style=\"width: 203px; height: 31px;\">Catal\u00e0<\/td>\n<td style=\"text-align: center; width: 54px; height: 31px;\">3<\/td>\n<\/tr>\n<tr style=\"height: 31px;\">\n<td style=\"width: 150px; height: 31px;\">Castell\u00e0<\/td>\n<td style=\"text-align: center; width: 76px; height: 31px;\">3<\/td>\n<td style=\"width: 149px; height: 31px;\">Castell\u00e0<\/td>\n<td style=\"text-align: center; width: 71px; height: 31px;\">2<\/td>\n<td style=\"width: 203px; height: 31px;\">Castell\u00e0<\/td>\n<td style=\"text-align: center; width: 54px; height: 31px;\">3<\/td>\n<\/tr>\n<tr style=\"height: 31px;\">\n<td style=\"width: 150px; height: 31px;\">Ci\u00e8nceis Naturals<\/td>\n<td style=\"text-align: center; width: 76px; height: 31px;\">2 (B)<\/td>\n<td style=\"width: 149px; height: 31px;\">Ci\u00e8nceis Naturals<\/td>\n<td style=\"text-align: center; width: 71px; height: 31px;\">1+1 B<\/td>\n<td style=\"width: 203px; height: 31px;\">Biologia i Geologia<\/td>\n<td style=\"text-align: center; width: 54px; height: 31px;\">1+1 B<\/td>\n<\/tr>\n<tr style=\"height: 31px;\">\n<td style=\"width: 150px; height: 31px;\">Ci\u00e8ncies Socials<\/td>\n<td style=\"text-align: center; width: 76px; height: 31px;\">2<\/td>\n<td style=\"width: 149px; height: 31px;\">Ci\u00e8ncies Socials<\/td>\n<td style=\"text-align: center; width: 71px; height: 31px;\">3<\/td>\n<td style=\"width: 203px; height: 31px;\">Ci\u00e8ncies Socials<\/td>\n<td style=\"text-align: center; width: 54px; height: 31px;\">3<\/td>\n<\/tr>\n<tr style=\"height: 31px;\">\n<td style=\"width: 150px; height: 31px;\">Angl\u00e8s<\/td>\n<td style=\"text-align: center; width: 76px; height: 31px;\">3 (B)<\/td>\n<td style=\"width: 149px; height: 31px;\">Angl\u00e8s<\/td>\n<td style=\"text-align: center; width: 71px; height: 31px;\">3+1 B<\/td>\n<td style=\"width: 203px; height: 31px;\">Alternativa a la Religi\u00f3 \/ Religi\u00f3<\/td>\n<td style=\"text-align: center; width: 54px; height: 31px;\">1<\/td>\n<\/tr>\n<tr style=\"height: 31px;\">\n<td style=\"width: 150px; height: 31px;\">Tecnologies<\/td>\n<td style=\"text-align: center; width: 76px; height: 31px;\">1 (B)<\/td>\n<td style=\"width: 149px; height: 31px;\">Tecnologies<\/td>\n<td style=\"text-align: center; width: 71px; height: 31px;\">1 + 1 B<\/td>\n<td style=\"width: 203px; height: 31px;\">F\u00edsica i Qu\u00edmica<\/td>\n<td style=\"text-align: center; width: 54px; height: 31px;\">1+1 B<\/td>\n<\/tr>\n<tr style=\"height: 31px;\">\n<td style=\"width: 150px; height: 31px;\">M\u00fasica<\/td>\n<td style=\"text-align: center; width: 76px; height: 31px;\">2<\/td>\n<td style=\"width: 149px; height: 31px;\">Visual i Pl\u00e0stica<\/td>\n<td style=\"text-align: center; width: 71px; height: 31px;\">2<\/td>\n<td style=\"width: 203px; height: 31px;\"><\/td>\n<td style=\"text-align: center; width: 54px; height: 31px;\"><\/td>\n<\/tr>\n<tr style=\"height: 31px;\">\n<td style=\"width: 150px; height: 31px;\">Educaci\u00f3 F\u00edsica<\/td>\n<td style=\"text-align: center; width: 76px; height: 31px;\">2<\/td>\n<td style=\"width: 149px; height: 31px;\">Educaci\u00f3 F\u00edsica<\/td>\n<td style=\"text-align: center; width: 71px; height: 31px;\">2<\/td>\n<td style=\"width: 203px; height: 31px;\">Tecnologies<\/td>\n<td style=\"text-align: center; width: 54px; height: 31px;\">1+1 B<\/td>\n<\/tr>\n<tr style=\"height: 46px;\">\n<td style=\"width: 150px; height: 46px;\">Visual i Pl\u00e0stica<\/td>\n<td style=\"text-align: center; width: 76px; height: 46px;\">2<\/td>\n<td style=\"width: 149px; height: 46px;\">Alternativa a la Religi\u00f3 \/ Religi\u00f3<\/td>\n<td style=\"text-align: center; width: 71px; height: 46px;\">1<\/td>\n<td style=\"width: 203px; height: 46px;\">M\u00fasica<\/td>\n<td style=\"text-align: center; width: 54px; height: 46px;\">2<\/td>\n<\/tr>\n<tr style=\"height: 46px;\">\n<td style=\"width: 150px; height: 46px;\">Alternativa a la Religi\u00f3 \/ Religi\u00f3<\/td>\n<td style=\"text-align: center; width: 76px; height: 46px;\">1<\/td>\n<td style=\"width: 149px; height: 46px;\">Tutoria<\/td>\n<td style=\"text-align: center; width: 71px; height: 46px;\">1<\/td>\n<td style=\"width: 203px; height: 46px;\">Educaci\u00f3 F\u00edsica<\/td>\n<td style=\"text-align: center; width: 54px; height: 46px;\">2<\/td>\n<\/tr>\n<tr style=\"height: 31px;\">\n<td style=\"width: 150px; height: 31px;\">Tutoria<\/td>\n<td style=\"text-align: center; width: 76px; height: 31px;\">1<\/td>\n<td style=\"width: 149px; height: 31px;\">Treball Globalitzat<\/td>\n<td style=\"text-align: center; width: 71px; height: 31px;\">4<\/td>\n<td style=\"width: 203px; height: 31px;\">Optatives<\/td>\n<td style=\"text-align: center; width: 54px; height: 31px;\">2<\/td>\n<\/tr>\n<tr style=\"height: 31px;\">\n<td style=\"width: 150px; height: 31px;\">Treball Globalitzat<\/td>\n<td style=\"text-align: center; width: 76px; height: 31px;\">4<\/td>\n<td style=\"width: 149px; height: 31px;\">Optatives<\/td>\n<td style=\"text-align: center; width: 71px; height: 31px;\">2<\/td>\n<td style=\"width: 203px; height: 31px;\">Tutoria<\/td>\n<td style=\"text-align: center; width: 54px; height: 31px;\">1<\/td>\n<\/tr>\n<tr style=\"height: 31px;\">\n<td style=\"width: 150px; height: 31px;\">Opttives<\/td>\n<td style=\"text-align: center; width: 76px; height: 31px;\">2<\/td>\n<td style=\"width: 149px; height: 31px;\"><\/td>\n<td style=\"text-align: center; width: 71px; height: 31px;\"><\/td>\n<td style=\"width: 203px; height: 31px;\">Angl\u00e8s<\/td>\n<td style=\"text-align: center; width: 54px; height: 31px;\">2+1 B<\/td>\n<\/tr>\n<\/tbody>\n<\/table>\n<table>\n<tbody>\n<tr>\n<td>1r d&#8217;ESO<\/td>\n<td>\n<ul style=\"list-style-type: disc;\">\n<li>Hores A i hores B a Ci\u00e8ncies Naturals, Tecnologia i Angl\u00e8s<\/li>\n<li>Disminuci\u00f3 de ratio per increment d\u2019un grup<\/li>\n<\/ul>\n<\/td>\n<\/tr>\n<tr>\n<td>2n d&#8217;ESO<\/td>\n<td>\n<ul style=\"list-style-type: disc;\">\n<li>Hores A i hores B: Ci\u00e8ncies Naturals i Tecnologia<\/li>\n<li>Projecte d\u2019Angl\u00e8s: EI Viana<\/li>\n<\/ul>\n<\/td>\n<\/tr>\n<tr>\n<td>3r d&#8217;ESO<\/td>\n<td>\n<ul style=\"list-style-type: disc;\">\n<li>Hores A i hores B: Biologia i Geologia, F\u00edsica i Qu\u00edmica i Tecnologia.<\/li>\n<li>Grups flexibles Catal\u00e0, Castell\u00e0 i Matem\u00e0tiques<\/li>\n<li>Projecte d&#8217;Angl\u00e8s: EI Viana<\/li>\n<li>Treball de S\u00edntesi TS: &#8220;Emerg\u00e8ncia Clim\u00e0tica&#8221;<\/li>\n<\/ul>\n<\/td>\n<\/tr>\n<\/tbody>\n<\/table>\n<p>&nbsp;<\/p>\n<p><strong>Organitzaci\u00f3 curricular 4t ESO<\/strong><\/p>\n<table>\n<tbody>\n<tr style=\"height: 33px;\">\n<td style=\"text-align: center; height: 33px;\" colspan=\"4\"><strong>4t ESO<\/strong><\/td>\n<\/tr>\n<tr style=\"height: 33px;\">\n<td style=\"height: 33px;\"><strong>Mat\u00e8ries<\/strong><\/td>\n<td style=\"text-align: center; height: 33px;\"><strong>h\/set<\/strong><\/td>\n<td style=\"height: 33px;\"><strong>Mat\u00e8ries Optatives*<\/strong><\/td>\n<td style=\"height: 33px;\"><strong>h\/set<\/strong><\/td>\n<\/tr>\n<tr style=\"height: 33px;\">\n<td style=\"height: 33px;\">Matem\u00e0tiques<\/td>\n<td style=\"text-align: center; height: 33px;\">4<\/td>\n<td style=\"height: 33px;\">FiQ + Ci\u00e8ncies Aplicades<\/td>\n<td style=\"height: 33px;\">4<\/td>\n<\/tr>\n<tr style=\"height: 33px;\">\n<td style=\"height: 33px;\">Catal\u00e0<\/td>\n<td style=\"text-align: center; height: 33px;\">3<\/td>\n<td style=\"height: 33px;\">BG + Ci\u00e8ncies Aplicades<\/td>\n<td style=\"height: 33px;\">4<\/td>\n<\/tr>\n<tr style=\"height: 33px;\">\n<td style=\"height: 33px;\">Castell\u00e0<\/td>\n<td style=\"text-align: center; height: 33px;\">3<\/td>\n<td style=\"height: 33px;\">Economia + Emprenedoria<\/td>\n<td style=\"height: 33px;\">4<\/td>\n<\/tr>\n<tr style=\"height: 33px;\">\n<td style=\"height: 33px;\">Angl\u00e8s<\/td>\n<td style=\"text-align: center; height: 33px;\">1+ 1 B<\/td>\n<td style=\"height: 33px;\">Inform\u00e0tica + Visual i Pl\u00e0stica<\/td>\n<td style=\"height: 33px;\">2 + 2<\/td>\n<\/tr>\n<tr style=\"height: 33px;\">\n<td style=\"height: 33px;\">Ci\u00e8ncies Socials<\/td>\n<td style=\"text-align: center; height: 33px;\">3<\/td>\n<td style=\"height: 33px;\">F\u00edsica i Qu\u00edmica<\/td>\n<td style=\"height: 33px;\">3<\/td>\n<\/tr>\n<tr style=\"height: 33px;\">\n<td style=\"height: 33px;\">Educaci\u00f3 f\u00edsica<\/td>\n<td style=\"text-align: center; height: 33px;\">2<\/td>\n<td style=\"height: 33px;\">Biologia i Geologia<\/td>\n<td style=\"height: 33px;\">3<\/td>\n<\/tr>\n<tr style=\"height: 33px;\">\n<td style=\"height: 33px;\">Cultura i Valors \u00c8tics<\/td>\n<td style=\"text-align: center; height: 33px;\">1<\/td>\n<td style=\"height: 33px;\">LLat\u00ed<\/td>\n<td style=\"height: 33px;\">3<\/td>\n<\/tr>\n<tr style=\"height: 33px;\">\n<td style=\"height: 33px;\">Tutoria<\/td>\n<td style=\"text-align: center; height: 33px;\">1<\/td>\n<td style=\"height: 33px;\">Emprenedoria<\/td>\n<td style=\"height: 33px;\">3<\/td>\n<\/tr>\n<tr style=\"height: 33px;\">\n<td style=\"height: 33px;\">Optatives *<\/td>\n<td style=\"text-align: center; height: 33px;\">9<\/td>\n<td style=\"height: 33px;\">Tecnologia<\/td>\n<td style=\"height: 33px;\">3<\/td>\n<\/tr>\n<tr style=\"height: 33px;\">\n<td style=\"height: 33px;\">Alternativa a la Religi\u00f3 \/ Religi\u00f3<\/td>\n<td style=\"text-align: center; height: 33px;\">1<\/td>\n<td style=\"height: 33px;\">Filosofia<\/td>\n<td style=\"height: 33px;\">3<\/td>\n<\/tr>\n<tr style=\"height: 33px;\">\n<td style=\"height: 33px;\"><\/td>\n<td style=\"text-align: center; height: 33px;\"><\/td>\n<td style=\"height: 33px;\">Visual i Pl\u00e0stica<\/td>\n<td style=\"height: 33px;\">3<\/td>\n<\/tr>\n<tr style=\"height: 33px;\">\n<td style=\"height: 33px;\"><\/td>\n<td style=\"text-align: center; height: 33px;\"><\/td>\n<td style=\"height: 33px;\">Inform\u00e0tica<\/td>\n<td style=\"height: 33px;\">3<\/td>\n<\/tr>\n<\/tbody>\n<\/table>\n<table style=\"width: 719px;\">\n<tbody>\n<tr>\n<td style=\"width: 77px;\">\n<div class=\"page\" title=\"Page 2\">\n<div class=\"section\">\n<div class=\"layoutArea\">\n<div class=\"column\">\n<p>4t d&#8217;ESO<\/p>\n<\/div>\n<\/div>\n<\/div>\n<\/div>\n<\/td>\n<td style=\"width: 633px;\">\n<div class=\"page\" title=\"Page 2\">\n<div class=\"section\">\n<div class=\"layoutArea\">\n<div class=\"column\">\n<p>Projecte d\u2019Angl\u00e8s: EI Viana<br \/>\nOptatives: L&#8217;alumne\/a en tria 3 segons l&#8217;itinerari escollit<\/p>\n<p><strong>Projecte de Recerca en Equip PRE:<\/strong><\/p>\n<ul>\n<li>L\u2019objectiu del projecte de recerca \u00e9s desenvolupar les compet\u00e8ncies de treball cooperatiu, de \u00a0 \u00a0recerca i d\u2019autonomia personal.<\/li>\n<li>Es realitza en grups de treball de 4 o 5 alumnes.<\/li>\n<li>El projecte es \u201cdefensa\u201d davant d\u2019un tribunal de professors\/es, els quals, juntament amb el\u00a0tutor\/a del grup, el qualificaran. La nota \u00e9s individual i t\u00e9 en compte l\u2019aportaci\u00f3 personal al projecte.<\/li>\n<\/ul>\n<\/div>\n<\/div>\n<\/div>\n<\/div>\n<\/td>\n<\/tr>\n<\/tbody>\n<\/table>\n<div class=\"page\" title=\"Page 2\">\n<div class=\"section\">\n<div class=\"layoutArea\">\n<div class=\"column\">\n<h5><strong>Activitats fora del centre<\/strong><\/h5>\n<ul>\n<li>Programades pels diferents Departaments<\/li>\n<li>Formen part del curr\u00edculum escolar<\/li>\n<li>S\u00f3n obligat\u00f2ries<\/li>\n<li>La no assist\u00e8ncia ha d\u2019estar justificada<\/li>\n<li>Els alumnes sancionats han de venir al centre.<\/li>\n<\/ul>\n<div class=\"page\" title=\"Page 3\">\n<div class=\"section\">\n<div class=\"layoutArea\">\n<div class=\"column\">\n<h5>Recursos Pedag\u00f2gics per atendre l\u2019alumnat<\/h5>\n<\/div>\n<\/div>\n<\/div>\n<\/div>\n<\/div>\n<table>\n<tbody>\n<tr>\n<td>\n<div class=\"page\" title=\"Page 3\">\n<div class=\"section\">\n<div class=\"layoutArea\">\n<div class=\"column\">\n<h5 style=\"text-align: center;\"><strong>Serveis interns<\/strong><\/h5>\n<\/div>\n<\/div>\n<\/div>\n<\/div>\n<\/td>\n<td>\n<div class=\"section\">\n<div class=\"layoutArea\">\n<div class=\"column\">\n<h5 style=\"text-align: center;\">Serveis externs<\/h5>\n<\/div>\n<\/div>\n<\/div>\n<\/td>\n<\/tr>\n<tr>\n<td>\n<div class=\"page\" title=\"Page 3\">\n<div class=\"section\">\n<div class=\"layoutArea\">\n<div class=\"column\">\n<ul>\n<li>Pla individuals (PI)<\/li>\n<li>Disminuci\u00f3 de r\u00e0tio per increment d\u2019un\u00a0grup<\/li>\n<li>Grups flexibles Catal\u00e0, Castell\u00e0 i Matem\u00e0tiques<\/li>\n<li>Atenci\u00f3 Dep d\u2019Orientaci\u00f3<\/li>\n<li>Optatives estudi guiat<\/li>\n<li>Aula d\u2019acollida<\/li>\n<li>Programa \u00c8XIT i Programa \u00c8XIT d\u2019Angl\u00e8s<\/li>\n<\/ul>\n<\/div>\n<\/div>\n<\/div>\n<\/div>\n<\/td>\n<td>\n<div class=\"page\" title=\"Page 3\">\n<div class=\"section\">\n<div class=\"layoutArea\">\n<div class=\"column\">\n<ul>\n<li>EAP (Equip d\u2019orientaci\u00f3 psicopedag\u00f2gica)<\/li>\n<li>Serveis Socials del districte<\/li>\n<li>Punt JIP<\/li>\n<li>Consulta Oberta (Pla Salut i Escola)<\/li>\n<li>Espai jove Garcilaso<\/li>\n<li>Activitats extraescolars (AMPA)<\/li>\n<\/ul>\n<\/div>\n<\/div>\n<\/div>\n<\/div>\n<\/td>\n<\/tr>\n<\/tbody>\n<\/table>\n<\/div>\n<div class=\"page\" title=\"Page 3\">\n<div class=\"section\">\n<div class=\"layoutArea\">\n<div class=\"column\">\n<h5>Entorn digital de centre<\/h5>\n<ul>\n<li>Estrat\u00e8gia digital de Centre (EDIG)<\/li>\n<li>Aules dotades equipaments audiovisuals digitals.<\/li>\n<li>Dues aules d\u2019inform\u00e0tica<\/li>\n<li>Biblioteca &#8211; Mediateca<\/li>\n<li>Xarxa Wi-fi del Departament d&#8217;Educaci\u00f3 a tot el centre<\/li>\n<li>Correu amb domini propi <span class=\"\"><span class=\"\">@<\/span>iepegasoviana.cat<\/span><\/li>\n<li>EVA&#8217;s: Moodle i Google Classroom<\/li>\n<\/ul>\n<\/div>\n<\/div>\n<\/div>\n<\/div>\n<\/div>\n<\/div>\n","protected":false},"excerpt":{"rendered":"<p>Organitzaci\u00f3 curricular 1r &#8211; 3r ESO 1r ESO 2n ESO 3r ESO Mat\u00e8ries h\/set Mat\u00e8ries h\/set Mat\u00e8ries h\/set Matem\u00e0tiques 3 [&hellip;]<\/p>\n","protected":false},"author":1,"featured_media":0,"parent":195,"menu_order":10,"comment_status":"closed","ping_status":"closed","template":"page-templates\/side-menu.php","meta":{"_bbp_topic_count":0,"_bbp_reply_count":0,"_bbp_total_topic_count":0,"_bbp_total_reply_count":0,"_bbp_voice_count":0,"_bbp_anonymous_reply_count":0,"_bbp_topic_count_hidden":0,"_bbp_reply_count_hidden":0,"_bbp_forum_subforum_count":0,"site-sidebar-layout":"default","site-content-layout":"","ast-site-content-layout":"","site-content-style":"default","site-sidebar-style":"default","ast-global-header-display":"","ast-banner-title-visibility":"","ast-main-header-display":"","ast-hfb-above-header-display":"","ast-hfb-below-header-display":"","ast-hfb-mobile-header-display":"","site-post-title":"","ast-breadcrumbs-content":"","ast-featured-img":"","footer-sml-layout":"","theme-transparent-header-meta":"","adv-header-id-meta":"","stick-header-meta":"","header-above-stick-meta":"","header-main-stick-meta":"","header-below-stick-meta":"","astra-migrate-meta-layouts":"default","ast-page-background-enabled":"default","ast-page-background-meta":{"desktop":{"background-color":"var(--ast-global-color-4)","background-image":"","background-repeat":"repeat","background-position":"center center","background-size":"auto","background-attachment":"scroll","background-type":"","background-media":"","overlay-type":"","overlay-color":"","overlay-opacity":"","overlay-gradient":""},"tablet":{"background-color":"","background-image":"","background-repeat":"repeat","background-position":"center center","background-size":"auto","background-attachment":"scroll","background-type":"","background-media":"","overlay-type":"","overlay-color":"","overlay-opacity":"","overlay-gradient":""},"mobile":{"background-color":"","background-image":"","background-repeat":"repeat","background-position":"center center","background-size":"auto","background-attachment":"scroll","background-type":"","background-media":"","overlay-type":"","overlay-color":"","overlay-opacity":"","overlay-gradient":""}},"ast-content-background-meta":{"desktop":{"background-color":"var(--ast-global-color-5)","background-image":"","background-repeat":"repeat","background-position":"center center","background-size":"auto","background-attachment":"scroll","background-type":"","background-media":"","overlay-type":"","overlay-color":"","overlay-opacity":"","overlay-gradient":""},"tablet":{"background-color":"var(--ast-global-color-5)","background-image":"","background-repeat":"repeat","background-position":"center center","background-size":"auto","background-attachment":"scroll","background-type":"","background-media":"","overlay-type":"","overlay-color":"","overlay-opacity":"","overlay-gradient":""},"mobile":{"background-color":"var(--ast-global-color-5)","background-image":"","background-repeat":"repeat","background-position":"center center","background-size":"auto","background-attachment":"scroll","background-type":"","background-media":"","overlay-type":"","overlay-color":"","overlay-opacity":"","overlay-gradient":""}},"footnotes":""},"class_list":["post-763","page","type-page","status-publish","hentry"],"post_mailing_queue_ids":[],"_links":{"self":[{"href":"https:\/\/agora.xtec.cat\/iespviana\/wp-json\/wp\/v2\/pages\/763","targetHints":{"allow":["GET"]}}],"collection":[{"href":"https:\/\/agora.xtec.cat\/iespviana\/wp-json\/wp\/v2\/pages"}],"about":[{"href":"https:\/\/agora.xtec.cat\/iespviana\/wp-json\/wp\/v2\/types\/page"}],"author":[{"embeddable":true,"href":"https:\/\/agora.xtec.cat\/iespviana\/wp-json\/wp\/v2\/users\/1"}],"replies":[{"embeddable":true,"href":"https:\/\/agora.xtec.cat\/iespviana\/wp-json\/wp\/v2\/comments?post=763"}],"version-history":[{"count":6,"href":"https:\/\/agora.xtec.cat\/iespviana\/wp-json\/wp\/v2\/pages\/763\/revisions"}],"predecessor-version":[{"id":12052,"href":"https:\/\/agora.xtec.cat\/iespviana\/wp-json\/wp\/v2\/pages\/763\/revisions\/12052"}],"up":[{"embeddable":true,"href":"https:\/\/agora.xtec.cat\/iespviana\/wp-json\/wp\/v2\/pages\/195"}],"wp:attachment":[{"href":"https:\/\/agora.xtec.cat\/iespviana\/wp-json\/wp\/v2\/media?parent=763"}],"curies":[{"name":"wp","href":"https:\/\/api.w.org\/{rel}","templated":true}]}}