{"id":75,"date":"2014-09-18T10:21:02","date_gmt":"2014-09-18T10:21:02","guid":{"rendered":"http:\/\/agora.xtec.cat\/iespviana\/?page_id=75"},"modified":"2025-07-10T08:33:56","modified_gmt":"2025-07-10T06:33:56","slug":"activitats-extraescolars","status":"publish","type":"page","link":"https:\/\/agora.xtec.cat\/iespviana\/administracio-i-serveis-2\/activitats-extraescolars\/","title":{"rendered":"Activitats extraescolars"},"content":{"rendered":"\n<div class=\"wp-block-columns is-layout-flex wp-container-core-columns-is-layout-1 wp-block-columns-is-layout-flex\">\n<div class=\"wp-block-column is-layout-flow wp-block-column-is-layout-flow\" style=\"flex-basis:33.33%\">\n<p><strong>Contacte d&#8217;extraescolars:<\/strong><\/p>\n\n\n\n<p>Tel\u00e8fon: 93 360 29 24<\/p>\n\n\n\n<p>Email: <a href=\"mailto:coordinacio@setdaventura.com\" target=\"_blank\" rel=\"noopener noreferrer\">coordinacio@setdaventura.com<\/a><\/p>\n\n\n\n<p><span style=\"font-family: inherit; font-size: 1em;\">Contacte AFA Pr\u00edncep de Viana:<\/span><\/p>\n\n\n\n<p>Email: <a href=\"mailto:afa@iepegasoviana.cat\" target=\"_blank\" rel=\"noopener noreferrer\">afa<span class=\"\">@iepegasoviana.cat<\/span><\/a><\/p>\n\n\n\n<ul class=\"wp-block-list\">\n<li><a href=\"http:\/\/ampaiesprincepdeviana.blogspot.com\/\" target=\"_blank\" rel=\"noopener noreferrer\">Blog AFA<\/a><\/li>\n\n\n\n<li><a href=\"http:\/\/facebook%20ampaiesprincepdeviana.com\" target=\"_blank\" rel=\"noopener noreferrer\">Facebook<\/a><\/li>\n\n\n\n<li><a href=\"https:\/\/www.instagram.com\/afa_pdv\/\" target=\"_blank\" rel=\"noopener noreferrer\">Instagram <span class=\"\">@afa_pdv1<\/span><\/a><\/li>\n\n\n\n<li><a href=\"https:\/\/twitter.com\/vianaafa\" target=\"_blank\" rel=\"noopener noreferrer\">Twitter @VianaAfa<\/a><\/li>\n<\/ul>\n<\/div>\n\n\n\n<div class=\"wp-block-column is-layout-flow wp-block-column-is-layout-flow\" style=\"flex-basis:66.67%\">\n<p>Al centre es realitzen activitats extraescolars coordinades per <a href=\"https:\/\/7aventura.playoffinformatica.com\/preinscripcion\/\" target=\"_blank\" rel=\"noopener\"><strong>7d&#8217;aventura<\/strong><\/a> i amb la col\u00b7laboraci\u00f3 de l&#8217;AFA de l&#8217;institut.<\/p>\n\n\n\n<p>Consulteu les activitats, el preu i la gratu\u00eftat de matricula per aquelles fam\u00edlies s\u00f2cies de l&#8217;AFA\u00a0 al document  amb <a href=\"https:\/\/drive.google.com\/file\/d\/1KBn1PYOrlrN0sp_JJHBPBRxM9rFFgXrM\/view?usp=drive_link\" target=\"_blank\" rel=\"noopener\">l&#8217;oferta per al curs 2025-26<\/a> <\/p>\n\n\n\n<p>Us deixem l&#8217;enlla\u00e7 al <a href=\"https:\/\/drive.google.com\/file\/d\/1CKKs0bIYz84-0480eLnRlqLUu9ZPls41\/view?usp=drive_link\" target=\"_blank\" rel=\"noreferrer noopener\">full de matr\u00edcula a l&#8217;AFA<\/a> pel curs 2025-26<\/p>\n\n\n\n<figure class=\"wp-block-image aligncenter\"><img loading=\"lazy\" decoding=\"async\" width=\"150\" height=\"145\" src=\"https:\/\/agora.xtec.cat\/iespviana\/wp-content\/uploads\/usu1199\/2014\/09\/7dA.png\" alt=\"7dA\" class=\"wp-image-589\"\/><\/figure>\n<\/div>\n<\/div>\n","protected":false},"excerpt":{"rendered":"<p>Contacte d&#8217;extraescolars: Tel\u00e8fon: 93 360 29 24 Email: coordinacio@setdaventura.com Contacte AFA Pr\u00edncep de Viana: Email: afa@iepegasoviana.cat Al centre es realitzen [&hellip;]<\/p>\n","protected":false},"author":2,"featured_media":0,"parent":12180,"menu_order":60,"comment_status":"closed","ping_status":"closed","template":"","meta":{"_bbp_topic_count":0,"_bbp_reply_count":0,"_bbp_total_topic_count":0,"_bbp_total_reply_count":0,"_bbp_voice_count":0,"_bbp_anonymous_reply_count":0,"_bbp_topic_count_hidden":0,"_bbp_reply_count_hidden":0,"_bbp_forum_subforum_count":0,"site-sidebar-layout":"default","site-content-layout":"","ast-site-content-layout":"default","site-content-style":"default","site-sidebar-style":"default","ast-global-header-display":"","ast-banner-title-visibility":"","ast-main-header-display":"","ast-hfb-above-header-display":"","ast-hfb-below-header-display":"","ast-hfb-mobile-header-display":"","site-post-title":"","ast-breadcrumbs-content":"","ast-featured-img":"","footer-sml-layout":"","theme-transparent-header-meta":"","adv-header-id-meta":"","stick-header-meta":"","header-above-stick-meta":"","header-main-stick-meta":"","header-below-stick-meta":"","astra-migrate-meta-layouts":"set","ast-page-background-enabled":"default","ast-page-background-meta":{"desktop":{"background-color":"var(--ast-global-color-4)","background-image":"","background-repeat":"repeat","background-position":"center center","background-size":"auto","background-attachment":"scroll","background-type":"","background-media":"","overlay-type":"","overlay-color":"","overlay-opacity":"","overlay-gradient":""},"tablet":{"background-color":"","background-image":"","background-repeat":"repeat","background-position":"center center","background-size":"auto","background-attachment":"scroll","background-type":"","background-media":"","overlay-type":"","overlay-color":"","overlay-opacity":"","overlay-gradient":""},"mobile":{"background-color":"","background-image":"","background-repeat":"repeat","background-position":"center center","background-size":"auto","background-attachment":"scroll","background-type":"","background-media":"","overlay-type":"","overlay-color":"","overlay-opacity":"","overlay-gradient":""}},"ast-content-background-meta":{"desktop":{"background-color":"var(--ast-global-color-5)","background-image":"","background-repeat":"repeat","background-position":"center center","background-size":"auto","background-attachment":"scroll","background-type":"","background-media":"","overlay-type":"","overlay-color":"","overlay-opacity":"","overlay-gradient":""},"tablet":{"background-color":"var(--ast-global-color-5)","background-image":"","background-repeat":"repeat","background-position":"center center","background-size":"auto","background-attachment":"scroll","background-type":"","background-media":"","overlay-type":"","overlay-color":"","overlay-opacity":"","overlay-gradient":""},"mobile":{"background-color":"var(--ast-global-color-5)","background-image":"","background-repeat":"repeat","background-position":"center center","background-size":"auto","background-attachment":"scroll","background-type":"","background-media":"","overlay-type":"","overlay-color":"","overlay-opacity":"","overlay-gradient":""}},"footnotes":""},"class_list":["post-75","page","type-page","status-publish","hentry"],"post_mailing_queue_ids":[],"_links":{"self":[{"href":"https:\/\/agora.xtec.cat\/iespviana\/wp-json\/wp\/v2\/pages\/75","targetHints":{"allow":["GET"]}}],"collection":[{"href":"https:\/\/agora.xtec.cat\/iespviana\/wp-json\/wp\/v2\/pages"}],"about":[{"href":"https:\/\/agora.xtec.cat\/iespviana\/wp-json\/wp\/v2\/types\/page"}],"author":[{"embeddable":true,"href":"https:\/\/agora.xtec.cat\/iespviana\/wp-json\/wp\/v2\/users\/2"}],"replies":[{"embeddable":true,"href":"https:\/\/agora.xtec.cat\/iespviana\/wp-json\/wp\/v2\/comments?post=75"}],"version-history":[{"count":6,"href":"https:\/\/agora.xtec.cat\/iespviana\/wp-json\/wp\/v2\/pages\/75\/revisions"}],"predecessor-version":[{"id":13296,"href":"https:\/\/agora.xtec.cat\/iespviana\/wp-json\/wp\/v2\/pages\/75\/revisions\/13296"}],"up":[{"embeddable":true,"href":"https:\/\/agora.xtec.cat\/iespviana\/wp-json\/wp\/v2\/pages\/12180"}],"wp:attachment":[{"href":"https:\/\/agora.xtec.cat\/iespviana\/wp-json\/wp\/v2\/media?parent=75"}],"curies":[{"name":"wp","href":"https:\/\/api.w.org\/{rel}","templated":true}]}}