{"id":27,"date":"2014-09-17T16:24:03","date_gmt":"2014-09-17T16:24:03","guid":{"rendered":"http:\/\/agora.xtec.cat\/iespviana\/?page_id=27"},"modified":"2025-02-16T11:22:11","modified_gmt":"2025-02-16T10:22:11","slug":"historia","status":"publish","type":"page","link":"https:\/\/agora.xtec.cat\/iespviana\/coneix_institut\/historia\/","title":{"rendered":"Hist\u00f2ria"},"content":{"rendered":"\n<div class=\"wp-block-columns is-layout-flex wp-container-core-columns-is-layout-1 wp-block-columns-is-layout-flex\">\n<div class=\"wp-block-column is-layout-flow wp-block-column-is-layout-flow\" style=\"flex-basis:66.66%\">\n<p><p style=\"text-align: left;\">L&#8217;any 1977, despr\u00e9s de 10 anys de demandes populars i moviments ve\u00efnals a Sant Andreu i La Sagrera, el CEIP Pegaso va obrir les seves portes en una \u00e8poca en la que gaireb\u00e9 no hi havia escoles p\u00fabliques a la zona.<\/p><\/p>\n\n\n\n<p><p style=\"text-align: left;\">L&#8217;any 1989, com a resultat de la R<strong>eforma Educativa de 1985<\/strong>, i donant continu\u00eftat al projecte educatiu com a un servei a la comunitat, part de l&#8217;edifici va acollir una Secci\u00f3 d&#8217;institut depenent de l&#8217;Institut Alzina.<\/p><\/p>\n\n\n\n<p><p style=\"text-align: left;\">L&#8217;any 1993 aquesta secci\u00f3 va esdevenir un institut independent amb el nom d&#8217;Institut d&#8217;Educaci\u00f3 Secund\u00e0ria Pr\u00edncep de Viana. El nostre centre va impartir ensenyaments de BUP i COU fins que el nou sistema educatiu va ser totalment implantat l&#8217;any 1999.<\/p><\/p>\n\n\n\n<p><p style=\"text-align: left;\">Tal i com es fa constar en el nostre Projecte Educatiu de Centre (PEC), els nostres trets fonamentals s\u00f3n <strong>comprom\u00eds amb l&#8217;entorn, vocaci\u00f3 de servei p\u00fablic i atenci\u00f3 a la diversitat<\/strong>. Creiem en l&#8217;educaci\u00f3 com una eina per a la socialitzaci\u00f3 i igualtat d&#8217;oportunitats, aix\u00ed com una contribuci\u00f3 per al creixement personal.<\/p><\/p>\n<\/div>\n\n\n\n<div class=\"wp-block-column is-layout-flow wp-block-column-is-layout-flow\" style=\"flex-basis:33.33%\">\n<figure class=\"wp-block-image aligncenter size-full\"><a href=\"https:\/\/agora.xtec.cat\/iespviana\/wp-content\/uploads\/usu1199\/2014\/09\/maons.jpg\"><img loading=\"lazy\" decoding=\"async\" width=\"210\" height=\"384\" src=\"https:\/\/agora.xtec.cat\/iespviana\/wp-content\/uploads\/usu1199\/2014\/09\/maons.jpg\" alt=\"\" class=\"wp-image-390\" srcset=\"https:\/\/agora.xtec.cat\/iespviana\/wp-content\/uploads\/usu1199\/2014\/09\/maons.jpg 210w, https:\/\/agora.xtec.cat\/iespviana\/wp-content\/uploads\/usu1199\/2014\/09\/maons-164x300.jpg 164w\" sizes=\"auto, (max-width: 210px) 100vw, 210px\" \/><\/a><\/figure>\n<\/div>\n<\/div>\n","protected":false},"excerpt":{"rendered":"<p>L&#8217;any 1977, despr\u00e9s de 10 anys de demandes populars i moviments ve\u00efnals a Sant Andreu i La Sagrera, el CEIP [&hellip;]<\/p>\n","protected":false},"author":1,"featured_media":0,"parent":11942,"menu_order":2,"comment_status":"closed","ping_status":"closed","template":"","meta":{"_bbp_topic_count":0,"_bbp_reply_count":0,"_bbp_total_topic_count":0,"_bbp_total_reply_count":0,"_bbp_voice_count":0,"_bbp_anonymous_reply_count":0,"_bbp_topic_count_hidden":0,"_bbp_reply_count_hidden":0,"_bbp_forum_subforum_count":0,"site-sidebar-layout":"default","site-content-layout":"","ast-site-content-layout":"default","site-content-style":"default","site-sidebar-style":"default","ast-global-header-display":"","ast-banner-title-visibility":"","ast-main-header-display":"","ast-hfb-above-header-display":"","ast-hfb-below-header-display":"","ast-hfb-mobile-header-display":"","site-post-title":"","ast-breadcrumbs-content":"","ast-featured-img":"","footer-sml-layout":"","theme-transparent-header-meta":"","adv-header-id-meta":"","stick-header-meta":"","header-above-stick-meta":"","header-main-stick-meta":"","header-below-stick-meta":"","astra-migrate-meta-layouts":"set","ast-page-background-enabled":"default","ast-page-background-meta":{"desktop":{"background-color":"var(--ast-global-color-4)","background-image":"","background-repeat":"repeat","background-position":"center center","background-size":"auto","background-attachment":"scroll","background-type":"","background-media":"","overlay-type":"","overlay-color":"","overlay-opacity":"","overlay-gradient":""},"tablet":{"background-color":"","background-image":"","background-repeat":"repeat","background-position":"center center","background-size":"auto","background-attachment":"scroll","background-type":"","background-media":"","overlay-type":"","overlay-color":"","overlay-opacity":"","overlay-gradient":""},"mobile":{"background-color":"","background-image":"","background-repeat":"repeat","background-position":"center center","background-size":"auto","background-attachment":"scroll","background-type":"","background-media":"","overlay-type":"","overlay-color":"","overlay-opacity":"","overlay-gradient":""}},"ast-content-background-meta":{"desktop":{"background-color":"var(--ast-global-color-5)","background-image":"","background-repeat":"repeat","background-position":"center center","background-size":"auto","background-attachment":"scroll","background-type":"","background-media":"","overlay-type":"","overlay-color":"","overlay-opacity":"","overlay-gradient":""},"tablet":{"background-color":"var(--ast-global-color-5)","background-image":"","background-repeat":"repeat","background-position":"center center","background-size":"auto","background-attachment":"scroll","background-type":"","background-media":"","overlay-type":"","overlay-color":"","overlay-opacity":"","overlay-gradient":""},"mobile":{"background-color":"var(--ast-global-color-5)","background-image":"","background-repeat":"repeat","background-position":"center center","background-size":"auto","background-attachment":"scroll","background-type":"","background-media":"","overlay-type":"","overlay-color":"","overlay-opacity":"","overlay-gradient":""}},"footnotes":""},"class_list":["post-27","page","type-page","status-publish","hentry"],"post_mailing_queue_ids":[],"_links":{"self":[{"href":"https:\/\/agora.xtec.cat\/iespviana\/wp-json\/wp\/v2\/pages\/27","targetHints":{"allow":["GET"]}}],"collection":[{"href":"https:\/\/agora.xtec.cat\/iespviana\/wp-json\/wp\/v2\/pages"}],"about":[{"href":"https:\/\/agora.xtec.cat\/iespviana\/wp-json\/wp\/v2\/types\/page"}],"author":[{"embeddable":true,"href":"https:\/\/agora.xtec.cat\/iespviana\/wp-json\/wp\/v2\/users\/1"}],"replies":[{"embeddable":true,"href":"https:\/\/agora.xtec.cat\/iespviana\/wp-json\/wp\/v2\/comments?post=27"}],"version-history":[{"count":6,"href":"https:\/\/agora.xtec.cat\/iespviana\/wp-json\/wp\/v2\/pages\/27\/revisions"}],"predecessor-version":[{"id":12376,"href":"https:\/\/agora.xtec.cat\/iespviana\/wp-json\/wp\/v2\/pages\/27\/revisions\/12376"}],"up":[{"embeddable":true,"href":"https:\/\/agora.xtec.cat\/iespviana\/wp-json\/wp\/v2\/pages\/11942"}],"wp:attachment":[{"href":"https:\/\/agora.xtec.cat\/iespviana\/wp-json\/wp\/v2\/media?parent=27"}],"curies":[{"name":"wp","href":"https:\/\/api.w.org\/{rel}","templated":true}]}}

Història

<div class="wp-block-columns is-layout-flex wp-container-core-columns-is-layout-1 wp-block-columns-is-layout-flex">
<div class="wp-block-column is-layout-flow wp-block-column-is-layout-flow" style="flex-basis:66.66%">
<p><p style="text-align: left;">L&#8217;any 1977, després de 10 anys de demandes populars i moviments veïnals a Sant Andreu i La Sagrera, el CEIP Pegaso va obrir les seves portes en una època en la que gairebé no hi havia escoles públiques a la zona.</p></p>



<p><p style="text-align: left;">L&#8217;any 1989, com a resultat de la R<strong>eforma Educativa de 1985</strong>, i donant continuïtat al projecte educatiu com a un servei a la comunitat, part de l&#8217;edifici va acollir una Secció d&#8217;institut depenent de l&#8217;Institut Alzina.</p></p>



<p><p style="text-align: left;">L&#8217;any 1993 aquesta secció va esdevenir un institut independent amb el nom d&#8217;Institut d&#8217;Educació Secundària Príncep de Viana. El nostre centre va impartir ensenyaments de BUP i COU fins que el nou sistema educatiu va ser totalment implantat l&#8217;any 1999.</p></p>



<p><p style="text-align: left;">Tal i com es fa constar en el nostre Projecte Educatiu de Centre (PEC), els nostres trets fonamentals són <strong>compromís amb l&#8217;entorn, vocació de servei públic i atenció a la diversitat</strong>. Creiem en l&#8217;educació com una eina per a la socialització i igualtat d&#8217;oportunitats, així com una contribució per al creixement personal.</p></p>
</div>



<div class="wp-block-column is-layout-flow wp-block-column-is-layout-flow" style="flex-basis:33.33%">
<figure class="wp-block-image aligncenter size-full"><a href="https://agora.xtec.cat/iespviana/wp-content/uploads/usu1199/2014/09/maons.jpg"><img loading="lazy" decoding="async" width="210" height="384" src="https://agora.xtec.cat/iespviana/wp-content/uploads/usu1199/2014/09/maons.jpg" alt="" class="wp-image-390" srcset="https://agora.xtec.cat/iespviana/wp-content/uploads/usu1199/2014/09/maons.jpg 210w, https://agora.xtec.cat/iespviana/wp-content/uploads/usu1199/2014/09/maons-164x300.jpg 164w" sizes="auto, (max-width: 210px) 100vw, 210px" /></a></figure>
</div>
</div>

<p>L&#8217;any 1977, després de 10 anys de demandes populars i moviments veïnals a Sant Andreu i La Sagrera, el CEIP [&hellip;]</p>
