{"id":2193,"date":"2016-10-06T12:55:42","date_gmt":"2016-10-06T11:55:42","guid":{"rendered":"http:\/\/agora.xtec.cat\/iespviana\/?page_id=2193"},"modified":"2025-02-11T12:34:55","modified_gmt":"2025-02-11T11:34:55","slug":"calendari-i-horari-24-25","status":"publish","type":"page","link":"https:\/\/agora.xtec.cat\/iespviana\/linstitut\/calendari-i-horari-24-25\/","title":{"rendered":"Calendari escolar 2024-2025"},"content":{"rendered":"<table style=\"width: 95.1002%; height: 327px;\">\n<tbody>\n<tr>\n<td style=\"width: 49.9986%;\" colspan=\"2\">\n<h2><span style=\"color: #ff6600;\"><strong>Marc Horari<\/strong><\/span><\/h2>\n<p>Jornada compactada amb classes de 8:00 a 14:35 h<\/p>\n<p>Esbarjos de 10:00 a 10:20h i de 12:20 a 12:35 h.<\/td>\n<\/tr>\n<tr style=\"height: 66px;\">\n<td style=\"width: 140.165%; height: 327px;\" colspan=\"2\">\n<h3><span style=\"color: #ff6600;\"><strong>9 de setembre <\/strong><\/span><span style=\"color: #000000;\">: Acollida de l&#8217;alumnat d&#8217;ESO (hora segons nivell)<\/span><\/h3>\n<p>1r ESO &#8211; 9:30-11:30h\u00a0 \u00a0 \u00a0 \u00a0 \u00a0 \u00a0 \u00a0 \u00a0 \u00a0 \u00a0 \u00a0 \u00a0 \u00a0 \u00a0 \u00a0 \u00a0 \u00a0 \u00a0 \u00a0 \u00a0 \u00a0 \u00a0 \u00a0 \u00a0 \u00a0 \u00a0 \u00a0 3r ESO &#8211; 11:00-12h<\/p>\n<p>2n ESO &#8211; 10:15-11:15h\u00a0 \u00a0 \u00a0 \u00a0 \u00a0 \u00a0 \u00a0 \u00a0 \u00a0 \u00a0 \u00a0 \u00a0 \u00a0 \u00a0 \u00a0 \u00a0 \u00a0 \u00a0 \u00a0 \u00a0 \u00a0 \u00a0 \u00a0 \u00a0 \u00a0 \u00a0 4t ESO &#8211; 11:30-12:30h<\/p>\n<h3><span style=\"color: #ff6600;\"><strong>10 de setembre<\/strong>\u00a0<\/span><span style=\"color: #000000;\">: Inici de les classes d&#8217;ESO\u00a0<\/span><\/h3>\n<h3><span style=\"color: #ff6600;\"><strong>12 de setembre : <\/strong><\/span><span style=\"color: #000000;\">Acollida de l&#8217;alumnat Batxillerat a les 12:35h<\/span><\/h3>\n<h3><span style=\"color: #ff6600;\"><strong>13 de setembre<\/strong>\u00a0<\/span><span style=\"color: #000000;\">: Inici de les classes Batxillerat<\/span><\/h3>\n<\/td>\n<\/tr>\n<tr style=\"height: 84px;\">\n<td style=\"width: 140.165%; height: 205px;\" colspan=\"2\">\n<h2><span style=\"color: #ff6600;\"><strong>Calendari escolar<\/strong><\/span><\/h2>\n<p>Vacances de Nadal: del 21 de desembre de 2024 al 7 de gener de 2025, ambd\u00f3s inclosos.<\/p>\n<p>Vacances de Setmana Santa: Del 12 al\u00a0 21 d&#8217;abril de 2025, ambd\u00f3s inclosos.<\/p>\n<p>Final de les activitats lectives: 20 de juny 2025.<\/td>\n<\/tr>\n<tr style=\"height: 33px;\">\n<td style=\"width: 49.9986%; height: 410px;\">\n<h2><strong><span style=\"color: #ff6600;\">Festius de Barcelona ciutat:<\/span><\/strong><\/h2>\n<p>Dimecres 11 de setembre de 2024<\/p>\n<p>Dimarts 24 de setembre de 2024<\/p>\n<p>Divendres 1 de novembre de 2024<\/p>\n<p>Divendres 6 de desembre de 2024<\/p>\n<p>Dijous 1 de maig de 2025<\/p>\n<p>Dilluns, 9 de juny de 2025<\/td>\n<td style=\"width: 90.1666%; height: 410px;\">\n<h2><strong><span style=\"color: #ff6600;\">Festius de lliure disposici\u00f3:<\/span><\/strong><\/h2>\n<p>Dijous 31 d&#8217;octubre 2024<\/p>\n<p>Divendres 7 de febrer de 2025<\/p>\n<p>Dilluns 3 de mar\u00e7 de 2025<\/p>\n<p>Divendres 2 de maig 2025<\/td>\n<\/tr>\n<tr style=\"height: 285px;\">\n<td style=\"width: 49.9986%; height: 285px;\">\n<h2><strong><span style=\"color: #ff6600;\">Avaluacions ESO i <\/span><\/strong><strong><span style=\"color: #ff6600;\">1r Batx<\/span><\/strong><\/h2>\n<p>Informes avaluaci\u00f3 inicial: finals d&#8217;octubre<\/p>\n<p>Butllet\u00ed 1a avaluaci\u00f3: 20 de desembre<\/p>\n<p>Butllet\u00ed 2a avaluaci\u00f3: mar\u00e7<\/p>\n<p>Butllet\u00ed final: juny<\/p>\n<p>Butllet\u00ed avaluaci\u00f3 extraordin\u00e0ria (1r batx): juny<\/td>\n<td style=\"width: 90.1666%; height: 285px;\">\n<h2><strong><span style=\"color: #ff6600;\">Avaluacions 2n Batx<\/span><\/strong><\/h2>\n<p>Informes Preavaluaci\u00f3: finals d&#8217;octubre<\/p>\n<p>Butllet\u00ed 1a avaluaci\u00f3: desembre<\/p>\n<p>Butllet\u00ed 2a avaluaci\u00f3: mar\u00e7<\/p>\n<p>Butllet\u00ed final: maig<\/p>\n<p>Butllet\u00ed extraordin\u00e0ria: juny<\/td>\n<\/tr>\n<\/tbody>\n<\/table>\n","protected":false},"excerpt":{"rendered":"<p>Marc Horari Jornada compactada amb classes de 8:00 a 14:35 h Esbarjos de 10:00 a 10:20h i de 12:20 a [&hellip;]<\/p>\n","protected":false},"author":1,"featured_media":0,"parent":19,"menu_order":80,"comment_status":"closed","ping_status":"closed","template":"","meta":{"_bbp_topic_count":0,"_bbp_reply_count":0,"_bbp_total_topic_count":0,"_bbp_total_reply_count":0,"_bbp_voice_count":0,"_bbp_anonymous_reply_count":0,"_bbp_topic_count_hidden":0,"_bbp_reply_count_hidden":0,"_bbp_forum_subforum_count":0,"site-sidebar-layout":"default","site-content-layout":"","ast-site-content-layout":"default","site-content-style":"default","site-sidebar-style":"default","ast-global-header-display":"","ast-banner-title-visibility":"","ast-main-header-display":"","ast-hfb-above-header-display":"","ast-hfb-below-header-display":"","ast-hfb-mobile-header-display":"","site-post-title":"","ast-breadcrumbs-content":"","ast-featured-img":"","footer-sml-layout":"","theme-transparent-header-meta":"","adv-header-id-meta":"","stick-header-meta":"","header-above-stick-meta":"","header-main-stick-meta":"","header-below-stick-meta":"","astra-migrate-meta-layouts":"set","ast-page-background-enabled":"default","ast-page-background-meta":{"desktop":{"background-color":"var(--ast-global-color-4)","background-image":"","background-repeat":"repeat","background-position":"center center","background-size":"auto","background-attachment":"scroll","background-type":"","background-media":"","overlay-type":"","overlay-color":"","overlay-opacity":"","overlay-gradient":""},"tablet":{"background-color":"","background-image":"","background-repeat":"repeat","background-position":"center center","background-size":"auto","background-attachment":"scroll","background-type":"","background-media":"","overlay-type":"","overlay-color":"","overlay-opacity":"","overlay-gradient":""},"mobile":{"background-color":"","background-image":"","background-repeat":"repeat","background-position":"center center","background-size":"auto","background-attachment":"scroll","background-type":"","background-media":"","overlay-type":"","overlay-color":"","overlay-opacity":"","overlay-gradient":""}},"ast-content-background-meta":{"desktop":{"background-color":"var(--ast-global-color-5)","background-image":"","background-repeat":"repeat","background-position":"center center","background-size":"auto","background-attachment":"scroll","background-type":"","background-media":"","overlay-type":"","overlay-color":"","overlay-opacity":"","overlay-gradient":""},"tablet":{"background-color":"var(--ast-global-color-5)","background-image":"","background-repeat":"repeat","background-position":"center center","background-size":"auto","background-attachment":"scroll","background-type":"","background-media":"","overlay-type":"","overlay-color":"","overlay-opacity":"","overlay-gradient":""},"mobile":{"background-color":"var(--ast-global-color-5)","background-image":"","background-repeat":"repeat","background-position":"center center","background-size":"auto","background-attachment":"scroll","background-type":"","background-media":"","overlay-type":"","overlay-color":"","overlay-opacity":"","overlay-gradient":""}},"footnotes":""},"class_list":["post-2193","page","type-page","status-publish","hentry"],"post_mailing_queue_ids":[],"_links":{"self":[{"href":"https:\/\/agora.xtec.cat\/iespviana\/wp-json\/wp\/v2\/pages\/2193","targetHints":{"allow":["GET"]}}],"collection":[{"href":"https:\/\/agora.xtec.cat\/iespviana\/wp-json\/wp\/v2\/pages"}],"about":[{"href":"https:\/\/agora.xtec.cat\/iespviana\/wp-json\/wp\/v2\/types\/page"}],"author":[{"embeddable":true,"href":"https:\/\/agora.xtec.cat\/iespviana\/wp-json\/wp\/v2\/users\/1"}],"replies":[{"embeddable":true,"href":"https:\/\/agora.xtec.cat\/iespviana\/wp-json\/wp\/v2\/comments?post=2193"}],"version-history":[{"count":6,"href":"https:\/\/agora.xtec.cat\/iespviana\/wp-json\/wp\/v2\/pages\/2193\/revisions"}],"predecessor-version":[{"id":11894,"href":"https:\/\/agora.xtec.cat\/iespviana\/wp-json\/wp\/v2\/pages\/2193\/revisions\/11894"}],"up":[{"embeddable":true,"href":"https:\/\/agora.xtec.cat\/iespviana\/wp-json\/wp\/v2\/pages\/19"}],"wp:attachment":[{"href":"https:\/\/agora.xtec.cat\/iespviana\/wp-json\/wp\/v2\/media?parent=2193"}],"curies":[{"name":"wp","href":"https:\/\/api.w.org\/{rel}","templated":true}]}}

<table style="width: 95.1002%; height: 327px;">
<tbody>
<tr>
<td style="width: 49.9986%;" colspan="2">
<h2><span style="color: #ff6600;"><strong>Marc Horari</strong></span></h2>
<p>Jornada compactada amb classes de 8:00 a 14:35 h</p>
<p>Esbarjos de 10:00 a 10:20h i de 12:20 a 12:35 h.</td>
</tr>
<tr style="height: 66px;">
<td style="width: 140.165%; height: 327px;" colspan="2">
<h3><span style="color: #ff6600;"><strong>9 de setembre </strong></span><span style="color: #000000;">: Acollida de l&#8217;alumnat d&#8217;ESO (hora segons nivell)</span></h3>
<p>1r ESO &#8211; 9:30-11:30h                                                      3r ESO &#8211; 11:00-12h</p>
<p>2n ESO &#8211; 10:15-11:15h                                                    4t ESO &#8211; 11:30-12:30h</p>
<h3><span style="color: #ff6600;"><strong>10 de setembre</strong> </span><span style="color: #000000;">: Inici de les classes d&#8217;ESO </span></h3>
<h3><span style="color: #ff6600;"><strong>12 de setembre : </strong></span><span style="color: #000000;">Acollida de l&#8217;alumnat Batxillerat a les 12:35h</span></h3>
<h3><span style="color: #ff6600;"><strong>13 de setembre</strong> </span><span style="color: #000000;">: Inici de les classes Batxillerat</span></h3>
</td>
</tr>
<tr style="height: 84px;">
<td style="width: 140.165%; height: 205px;" colspan="2">
<h2><span style="color: #ff6600;"><strong>Calendari escolar</strong></span></h2>
<p>Vacances de Nadal: del 21 de desembre de 2024 al 7 de gener de 2025, ambdós inclosos.</p>
<p>Vacances de Setmana Santa: Del 12 al  21 d&#8217;abril de 2025, ambdós inclosos.</p>
<p>Final de les activitats lectives: 20 de juny 2025.</td>
</tr>
<tr style="height: 33px;">
<td style="width: 49.9986%; height: 410px;">
<h2><strong><span style="color: #ff6600;">Festius de Barcelona ciutat:</span></strong></h2>
<p>Dimecres 11 de setembre de 2024</p>
<p>Dimarts 24 de setembre de 2024</p>
<p>Divendres 1 de novembre de 2024</p>
<p>Divendres 6 de desembre de 2024</p>
<p>Dijous 1 de maig de 2025</p>
<p>Dilluns, 9 de juny de 2025</td>
<td style="width: 90.1666%; height: 410px;">
<h2><strong><span style="color: #ff6600;">Festius de lliure disposició:</span></strong></h2>
<p>Dijous 31 d&#8217;octubre 2024</p>
<p>Divendres 7 de febrer de 2025</p>
<p>Dilluns 3 de març de 2025</p>
<p>Divendres 2 de maig 2025</td>
</tr>
<tr style="height: 285px;">
<td style="width: 49.9986%; height: 285px;">
<h2><strong><span style="color: #ff6600;">Avaluacions ESO i </span></strong><strong><span style="color: #ff6600;">1r Batx</span></strong></h2>
<p>Informes avaluació inicial: finals d&#8217;octubre</p>
<p>Butlletí 1a avaluació: 20 de desembre</p>
<p>Butlletí 2a avaluació: març</p>
<p>Butlletí final: juny</p>
<p>Butlletí avaluació extraordinària (1r batx): juny</td>
<td style="width: 90.1666%; height: 285px;">
<h2><strong><span style="color: #ff6600;">Avaluacions 2n Batx</span></strong></h2>
<p>Informes Preavaluació: finals d&#8217;octubre</p>
<p>Butlletí 1a avaluació: desembre</p>
<p>Butlletí 2a avaluació: març</p>
<p>Butlletí final: maig</p>
<p>Butlletí extraordinària: juny</td>
</tr>
</tbody>
</table>
