{"id":13689,"date":"2026-01-23T13:35:39","date_gmt":"2026-01-23T12:35:39","guid":{"rendered":"https:\/\/agora.xtec.cat\/iespviana\/?page_id=13689"},"modified":"2026-03-25T13:01:16","modified_gmt":"2026-03-25T12:01:16","slug":"proves-geso","status":"publish","type":"page","link":"https:\/\/agora.xtec.cat\/iespviana\/proves-geso\/","title":{"rendered":"PROVES GESO"},"content":{"rendered":"\n<p>Consulta la informaci\u00f3 de les proves GESO a continuaci\u00f3.<\/p>\n\n\n\n<figure class=\"wp-block-image size-full\"><a href=\"https:\/\/agora.xtec.cat\/iespviana\/wp-content\/uploads\/usu1199\/2026\/01\/Calendari-proves-GESO.jpg\"><img loading=\"lazy\" decoding=\"async\" width=\"1000\" height=\"684\" src=\"https:\/\/agora.xtec.cat\/iespviana\/wp-content\/uploads\/usu1199\/2026\/01\/Calendari-proves-GESO.jpg\" alt=\"\" class=\"wp-image-13691\" srcset=\"https:\/\/agora.xtec.cat\/iespviana\/wp-content\/uploads\/usu1199\/2026\/01\/Calendari-proves-GESO.jpg 1000w, https:\/\/agora.xtec.cat\/iespviana\/wp-content\/uploads\/usu1199\/2026\/01\/Calendari-proves-GESO-300x205.jpg 300w, https:\/\/agora.xtec.cat\/iespviana\/wp-content\/uploads\/usu1199\/2026\/01\/Calendari-proves-GESO-768x525.jpg 768w\" sizes=\"auto, (max-width: 1000px) 100vw, 1000px\" \/><\/a><\/figure>\n\n\n\n<p class=\"has-medium-font-size\"><strong><a href=\"https:\/\/drive.google.com\/file\/d\/10GymdeG5ICJLj0ir7VOgNW65oWnAV8cF\/view?usp=sharing\" target=\"_blank\" rel=\"noreferrer noopener\">Continguts i criteris d&#8217;avaluaci\u00f3<\/a><\/strong><\/p>\n\n\n\n<p class=\"has-medium-font-size\"><a href=\"https:\/\/drive.google.com\/file\/d\/1fpCd_ahdWlRPWRbl9O6BPJplXlvjXFYS\/view?usp=sharing\" target=\"_blank\" rel=\"noreferrer noopener\"><strong>Llistat d&#8217;admesos i exclosos<\/strong><\/a><\/p>\n\n\n\n<p class=\"has-medium-font-size\"><strong><a href=\"https:\/\/drive.google.com\/file\/d\/1AWGzfCE0lAftlili7Jp7Q8GWoES3kRUg\/view?usp=sharing\" target=\"_blank\" rel=\"noreferrer noopener\">Calendari de les proves<\/a><\/strong><\/p>\n\n\n\n<p class=\"has-medium-font-size\"><a href=\"https:\/\/drive.google.com\/file\/d\/1fQ7ES4izToVq42LN1_EZ_7q2L10DaLko\/view?usp=sharing\" data-type=\"link\" data-id=\"https:\/\/drive.google.com\/file\/d\/1fQ7ES4izToVq42LN1_EZ_7q2L10DaLko\/view?usp=sharing\" target=\"_blank\" rel=\"noreferrer noopener\"><strong>Relaci\u00f3 d&#8217;aspirants i qualificacions obtingudes<\/strong><\/a><\/p>\n\n\n\n<p><strong>CAL QUE ELS ALUMNES PASSIN PER LA SECRETARIA A RECOLLIR EL BUTLLET\u00cd DE NOTES.<\/strong><\/p>\n\n\n\n<p><strong>ELS ALUMNES QUE HAN GRADUAT REBRAN UN CORREU ELECTR\u00d2NIC INDICANT QUAN PODEN PASSAR PER SECRETARIA A RECOLLIR EL RESGUARD DEL T\u00cdTOL.<\/strong><\/p>\n\n\n\n<p><\/p>\n","protected":false},"excerpt":{"rendered":"<p>Consulta la informaci\u00f3 de les proves GESO a continuaci\u00f3. Continguts i criteris d&#8217;avaluaci\u00f3 Llistat d&#8217;admesos i exclosos Calendari de les [&hellip;]<\/p>\n","protected":false},"author":1,"featured_media":0,"parent":0,"menu_order":0,"comment_status":"closed","ping_status":"close","template":"","meta":{"_bbp_topic_count":0,"_bbp_reply_count":0,"_bbp_total_topic_count":0,"_bbp_total_reply_count":0,"_bbp_voice_count":0,"_bbp_anonymous_reply_count":0,"_bbp_topic_count_hidden":0,"_bbp_reply_count_hidden":0,"_bbp_forum_subforum_count":0,"site-sidebar-layout":"default","site-content-layout":"","ast-site-content-layout":"default","site-content-style":"default","site-sidebar-style":"default","ast-global-header-display":"","ast-banner-title-visibility":"","ast-main-header-display":"","ast-hfb-above-header-display":"","ast-hfb-below-header-display":"","ast-hfb-mobile-header-display":"","site-post-title":"","ast-breadcrumbs-content":"","ast-featured-img":"","footer-sml-layout":"","theme-transparent-header-meta":"","adv-header-id-meta":"","stick-header-meta":"","header-above-stick-meta":"","header-main-stick-meta":"","header-below-stick-meta":"","astra-migrate-meta-layouts":"set","ast-page-background-enabled":"default","ast-page-background-meta":{"desktop":{"background-color":"var(--ast-global-color-4)","background-image":"","background-repeat":"repeat","background-position":"center center","background-size":"auto","background-attachment":"scroll","background-type":"","background-media":"","overlay-type":"","overlay-color":"","overlay-opacity":"","overlay-gradient":""},"tablet":{"background-color":"","background-image":"","background-repeat":"repeat","background-position":"center center","background-size":"auto","background-attachment":"scroll","background-type":"","background-media":"","overlay-type":"","overlay-color":"","overlay-opacity":"","overlay-gradient":""},"mobile":{"background-color":"","background-image":"","background-repeat":"repeat","background-position":"center center","background-size":"auto","background-attachment":"scroll","background-type":"","background-media":"","overlay-type":"","overlay-color":"","overlay-opacity":"","overlay-gradient":""}},"ast-content-background-meta":{"desktop":{"background-color":"var(--ast-global-color-5)","background-image":"","background-repeat":"repeat","background-position":"center center","background-size":"auto","background-attachment":"scroll","background-type":"","background-media":"","overlay-type":"","overlay-color":"","overlay-opacity":"","overlay-gradient":""},"tablet":{"background-color":"var(--ast-global-color-5)","background-image":"","background-repeat":"repeat","background-position":"center center","background-size":"auto","background-attachment":"scroll","background-type":"","background-media":"","overlay-type":"","overlay-color":"","overlay-opacity":"","overlay-gradient":""},"mobile":{"background-color":"var(--ast-global-color-5)","background-image":"","background-repeat":"repeat","background-position":"center center","background-size":"auto","background-attachment":"scroll","background-type":"","background-media":"","overlay-type":"","overlay-color":"","overlay-opacity":"","overlay-gradient":""}},"footnotes":""},"class_list":["post-13689","page","type-page","status-publish","hentry"],"post_mailing_queue_ids":[],"_links":{"self":[{"href":"https:\/\/agora.xtec.cat\/iespviana\/wp-json\/wp\/v2\/pages\/13689","targetHints":{"allow":["GET"]}}],"collection":[{"href":"https:\/\/agora.xtec.cat\/iespviana\/wp-json\/wp\/v2\/pages"}],"about":[{"href":"https:\/\/agora.xtec.cat\/iespviana\/wp-json\/wp\/v2\/types\/page"}],"author":[{"embeddable":true,"href":"https:\/\/agora.xtec.cat\/iespviana\/wp-json\/wp\/v2\/users\/1"}],"replies":[{"embeddable":true,"href":"https:\/\/agora.xtec.cat\/iespviana\/wp-json\/wp\/v2\/comments?post=13689"}],"version-history":[{"count":5,"href":"https:\/\/agora.xtec.cat\/iespviana\/wp-json\/wp\/v2\/pages\/13689\/revisions"}],"predecessor-version":[{"id":13873,"href":"https:\/\/agora.xtec.cat\/iespviana\/wp-json\/wp\/v2\/pages\/13689\/revisions\/13873"}],"wp:attachment":[{"href":"https:\/\/agora.xtec.cat\/iespviana\/wp-json\/wp\/v2\/media?parent=13689"}],"curies":[{"name":"wp","href":"https:\/\/api.w.org\/{rel}","templated":true}]}}