{"id":65,"date":"2014-09-18T10:12:22","date_gmt":"2014-09-18T09:12:22","guid":{"rendered":"http:\/\/agora.xtec.cat\/iespuigcargol-calonge\/?page_id=65"},"modified":"2016-03-09T09:50:35","modified_gmt":"2016-03-09T08:50:35","slug":"serveis-digitals","status":"publish","type":"page","link":"https:\/\/agora.xtec.cat\/iespuigcargol-calonge\/linstitut\/serveis-digitals\/","title":{"rendered":"Serveis digitals"},"content":{"rendered":"<h2 style=\"text-align: center;\">Serveis digitals:<\/h2>\n<p><strong>Connexi\u00f3 Interne<\/strong>t: fibra \u00f2ptica subministrada per La Xarxa Oberta de Catalunya.<\/p>\n<p><strong>Aules comuns:<\/strong> cada aula disposa d&#8217;un ordinador multim\u00e8dia\u00a0 i un projector. Les Aules d&#8217;ESO a m\u00e9s tenen una pissarra digital.<\/p>\n<p><strong>Biblioteca:<\/strong> la biblioteca consta de 8 ordinadors que est\u00e0 a disposici\u00f3 dels alumnes.<\/p>\n<p><strong>Professors:<\/strong> els professors tenen d&#8217;un equip port\u00e0til. Tamb\u00e9 hi ha equips de sobretaula a la sala de professor i als despatxos dels departaments did\u00e0ctics. a la seva disposici\u00f3.<\/p>\n<p><strong>Alumne:<\/strong> els alumnes tenen un ordinador port\u00e0til del tipus <em>NetBook<\/em> que adquireixen al entrar al centre i es propietat seva.<\/p>\n<p>El <strong>sistema operatiu<\/strong> dels ordinadors del centre\u00a0 es basa majorit\u00e0riament en<strong> LinKat.<\/strong><\/p>\n<p><strong>Servidors de Centre:<\/strong> Servidor de fitxers, servidor de v\u00eddeo i Servidor de comunicacions.<\/p>\n<p>Les plataformes que es fan servir s\u00f3n:<\/p>\n<ul style=\"list-style-type: square;\">\n<li>Acci\u00f3 did\u00e0ctica.\n<ul>\n<li>Moodle \u00c0gora del departament d&#8217;Ensenyament.<\/li>\n<\/ul>\n<\/li>\n<li>Per la gesti\u00f3 d&#8217;alumnat.\n<ul>\n<li>SAGA del departament d&#8217;Ensenyament.<\/li>\n<li>I-EDUCACI\u00d3 de l&#8217;empresa INFOSELF<\/li>\n<li>ATRI del Departament de la Generalitat.<\/li>\n<\/ul>\n<\/li>\n<li>Informaci\u00f3\n<ul>\n<li>\u00c0gora Nodes<\/li>\n<li>Blog de la Revista.<\/li>\n<li>Blog de l&#8217;escola verda.<\/li>\n<li>Blog de la biblioteca.<\/li>\n<\/ul>\n<\/li>\n<\/ul>\n<p><a href=\"http:\/\/agora.xtec.cat\/iespuigcargol-calonge\/categoria\/sd\/\">Llegir not\u00edcies associades.<\/a><\/p>\n<hr \/>\n<p style=\"text-align: justify;\">El centre disposa d&#8217;una <strong>comissi\u00f3 inform\u00e0tica<\/strong> la qual soluciona problemes t\u00e8cnics, configura programes i equips i ajuda a l&#8217;equip directiu en les l\u00ednies estrat\u00e8giques TIC\/TAC de centre.<\/p>\n<p>&nbsp;<\/p>\n","protected":false},"excerpt":{"rendered":"<p>Serveis digitals: Connexi\u00f3 Internet: fibra \u00f2ptica subministrada per La Xarxa Oberta de Catalunya. Aules comuns: cada aula disposa d&#8217;un ordinador multim\u00e8dia\u00a0 i un projector. Les Aules d&#8217;ESO a m\u00e9s tenen una pissarra digital. Biblioteca: la biblioteca consta de 8 ordinadors que est\u00e0 a disposici\u00f3 dels alumnes. Professors: els professors tenen d&#8217;un equip port\u00e0til. Tamb\u00e9 hi [&hellip;]<\/p>\n","protected":false},"author":1,"featured_media":0,"parent":19,"menu_order":7,"comment_status":"closed","ping_status":"closed","template":"page-templates\/side-menu.php","meta":{"_bbp_topic_count":0,"_bbp_reply_count":0,"_bbp_total_topic_count":0,"_bbp_total_reply_count":0,"_bbp_voice_count":0,"_bbp_anonymous_reply_count":0,"_bbp_topic_count_hidden":0,"_bbp_reply_count_hidden":0,"_bbp_forum_subforum_count":0,"site-sidebar-layout":"default","site-content-layout":"","ast-site-content-layout":"","site-content-style":"default","site-sidebar-style":"default","ast-global-header-display":"","ast-banner-title-visibility":"","ast-main-header-display":"","ast-hfb-above-header-display":"","ast-hfb-below-header-display":"","ast-hfb-mobile-header-display":"","site-post-title":"","ast-breadcrumbs-content":"","ast-featured-img":"","footer-sml-layout":"","theme-transparent-header-meta":"","adv-header-id-meta":"","stick-header-meta":"","header-above-stick-meta":"","header-main-stick-meta":"","header-below-stick-meta":"","astra-migrate-meta-layouts":"default","ast-page-background-enabled":"default","ast-page-background-meta":{"desktop":{"background-color":"var(--ast-global-color-4)","background-image":"","background-repeat":"repeat","background-position":"center center","background-size":"auto","background-attachment":"scroll","background-type":"","background-media":"","overlay-type":"","overlay-color":"","overlay-opacity":"","overlay-gradient":""},"tablet":{"background-color":"","background-image":"","background-repeat":"repeat","background-position":"center center","background-size":"auto","background-attachment":"scroll","background-type":"","background-media":"","overlay-type":"","overlay-color":"","overlay-opacity":"","overlay-gradient":""},"mobile":{"background-color":"","background-image":"","background-repeat":"repeat","background-position":"center center","background-size":"auto","background-attachment":"scroll","background-type":"","background-media":"","overlay-type":"","overlay-color":"","overlay-opacity":"","overlay-gradient":""}},"ast-content-background-meta":{"desktop":{"background-color":"var(--ast-global-color-5)","background-image":"","background-repeat":"repeat","background-position":"center center","background-size":"auto","background-attachment":"scroll","background-type":"","background-media":"","overlay-type":"","overlay-color":"","overlay-opacity":"","overlay-gradient":""},"tablet":{"background-color":"var(--ast-global-color-5)","background-image":"","background-repeat":"repeat","background-position":"center center","background-size":"auto","background-attachment":"scroll","background-type":"","background-media":"","overlay-type":"","overlay-color":"","overlay-opacity":"","overlay-gradient":""},"mobile":{"background-color":"var(--ast-global-color-5)","background-image":"","background-repeat":"repeat","background-position":"center center","background-size":"auto","background-attachment":"scroll","background-type":"","background-media":"","overlay-type":"","overlay-color":"","overlay-opacity":"","overlay-gradient":""}},"footnotes":""},"class_list":["post-65","page","type-page","status-publish","hentry"],"post_mailing_queue_ids":[],"_links":{"self":[{"href":"https:\/\/agora.xtec.cat\/iespuigcargol-calonge\/wp-json\/wp\/v2\/pages\/65","targetHints":{"allow":["GET"]}}],"collection":[{"href":"https:\/\/agora.xtec.cat\/iespuigcargol-calonge\/wp-json\/wp\/v2\/pages"}],"about":[{"href":"https:\/\/agora.xtec.cat\/iespuigcargol-calonge\/wp-json\/wp\/v2\/types\/page"}],"author":[{"embeddable":true,"href":"https:\/\/agora.xtec.cat\/iespuigcargol-calonge\/wp-json\/wp\/v2\/users\/1"}],"replies":[{"embeddable":true,"href":"https:\/\/agora.xtec.cat\/iespuigcargol-calonge\/wp-json\/wp\/v2\/comments?post=65"}],"version-history":[{"count":3,"href":"https:\/\/agora.xtec.cat\/iespuigcargol-calonge\/wp-json\/wp\/v2\/pages\/65\/revisions"}],"predecessor-version":[{"id":776,"href":"https:\/\/agora.xtec.cat\/iespuigcargol-calonge\/wp-json\/wp\/v2\/pages\/65\/revisions\/776"}],"up":[{"embeddable":true,"href":"https:\/\/agora.xtec.cat\/iespuigcargol-calonge\/wp-json\/wp\/v2\/pages\/19"}],"wp:attachment":[{"href":"https:\/\/agora.xtec.cat\/iespuigcargol-calonge\/wp-json\/wp\/v2\/media?parent=65"}],"curies":[{"name":"wp","href":"https:\/\/api.w.org\/{rel}","templated":true}]}}