{"id":3614,"date":"2023-02-01T13:25:42","date_gmt":"2023-02-01T12:25:42","guid":{"rendered":"https:\/\/agora.xtec.cat\/iespuigcargol-calonge\/?page_id=3614"},"modified":"2025-12-12T13:35:03","modified_gmt":"2025-12-12T12:35:03","slug":"treball-de-recerca","status":"publish","type":"page","link":"https:\/\/agora.xtec.cat\/iespuigcargol-calonge\/treball-de-recerca\/","title":{"rendered":"Treball de recerca"},"content":{"rendered":"<ul>\n<li><a href=\"https:\/\/educacio.gencat.cat\/web\/.content\/home\/departament\/publicacions\/guies-estudis\/btx-treball-recerca.pdf\" target=\"_blank\" rel=\"noopener\">Qu\u00e8 \u00e9s un TR? Com fer un TR?<\/a><a href=\"https:\/\/agora.xtec.cat\/iespuigcargol-calonge\/wp-content\/uploads\/usu480\/2023\/02\/Treballs-recerca.jpg\"><img loading=\"lazy\" decoding=\"async\" class=\" wp-image-3615 alignright\" src=\"https:\/\/agora.xtec.cat\/iespuigcargol-calonge\/wp-content\/uploads\/usu480\/2023\/02\/Treballs-recerca.jpg\" alt=\"\" width=\"502\" height=\"353\" srcset=\"https:\/\/agora.xtec.cat\/iespuigcargol-calonge\/wp-content\/uploads\/usu480\/2023\/02\/Treballs-recerca.jpg 805w, https:\/\/agora.xtec.cat\/iespuigcargol-calonge\/wp-content\/uploads\/usu480\/2023\/02\/Treballs-recerca-300x211.jpg 300w, https:\/\/agora.xtec.cat\/iespuigcargol-calonge\/wp-content\/uploads\/usu480\/2023\/02\/Treballs-recerca-768x540.jpg 768w\" sizes=\"auto, (max-width: 502px) 100vw, 502px\" \/><\/a><\/li>\n<li><a href=\"https:\/\/diposit.ub.edu\/server\/api\/core\/bitstreams\/8faefdad-11fc-40d7-9987-cfee8c54f25a\/content\" target=\"_blank\" rel=\"noopener\">Guia pr\u00e0ctica (ICE-Universitat de Barcelona)<\/a><\/li>\n<li><a href=\"https:\/\/docs.google.com\/document\/d\/1SA9_pOtJUJn3W9THopxx9wU5X2eY7Efc\/edit?usp=drive_link&amp;ouid=101673437455924764717&amp;rtpof=true&amp;sd=true\" target=\"_blank\" rel=\"noopener\">Quadernet de seguiment del treball de recerca\u00a0<\/a><\/li>\n<li><a href=\"https:\/\/docs.google.com\/document\/d\/1ozT50ceIzn9C5rs0Dm-PnehuSsW3xX966RDJGj-9FLY\/edit?usp=drive_link\" target=\"_blank\" rel=\"noopener\">R\u00fabrica avaluaci\u00f3 mem\u00f2ria escrita<\/a><\/li>\n<li><a href=\"https:\/\/docs.google.com\/document\/d\/14fJbhEMg8GB5o4duI4My3msrqhxywHcnPfGTDGbuzT0\/edit?usp=drive_link\" target=\"_blank\" rel=\"noopener\">R\u00fabrica avaluaci\u00f3 exposici\u00f3 oral<\/a><\/li>\n<li><a href=\"https:\/\/docs.google.com\/document\/d\/19q-04Y1qoVH76fSWCOqsLgvVkqKxb-HAUUXbauu_8xw\/edit?usp=drive_link\" target=\"_blank\" rel=\"noopener\">El TR a l&#8217;INS Puig Cargol<\/a><\/li>\n<\/ul>\n","protected":false},"excerpt":{"rendered":"<p>Qu\u00e8 \u00e9s un TR? Com fer un TR? Guia pr\u00e0ctica (ICE-Universitat de Barcelona) Quadernet de seguiment del treball de recerca\u00a0 R\u00fabrica avaluaci\u00f3 mem\u00f2ria escrita R\u00fabrica avaluaci\u00f3 exposici\u00f3 oral El TR a l&#8217;INS Puig Cargol<\/p>\n","protected":false},"author":1,"featured_media":0,"parent":0,"menu_order":0,"comment_status":"closed","ping_status":"closed","template":"","meta":{"_bbp_topic_count":0,"_bbp_reply_count":0,"_bbp_total_topic_count":0,"_bbp_total_reply_count":0,"_bbp_voice_count":0,"_bbp_anonymous_reply_count":0,"_bbp_topic_count_hidden":0,"_bbp_reply_count_hidden":0,"_bbp_forum_subforum_count":0,"site-sidebar-layout":"default","site-content-layout":"","ast-site-content-layout":"default","site-content-style":"default","site-sidebar-style":"default","ast-global-header-display":"","ast-banner-title-visibility":"","ast-main-header-display":"","ast-hfb-above-header-display":"","ast-hfb-below-header-display":"","ast-hfb-mobile-header-display":"","site-post-title":"","ast-breadcrumbs-content":"","ast-featured-img":"","footer-sml-layout":"","theme-transparent-header-meta":"default","adv-header-id-meta":"","stick-header-meta":"","header-above-stick-meta":"","header-main-stick-meta":"","header-below-stick-meta":"","astra-migrate-meta-layouts":"set","ast-page-background-enabled":"default","ast-page-background-meta":{"desktop":{"background-color":"var(--ast-global-color-4)","background-image":"","background-repeat":"repeat","background-position":"center center","background-size":"auto","background-attachment":"scroll","background-type":"","background-media":"","overlay-type":"","overlay-color":"","overlay-opacity":"","overlay-gradient":""},"tablet":{"background-color":"","background-image":"","background-repeat":"repeat","background-position":"center center","background-size":"auto","background-attachment":"scroll","background-type":"","background-media":"","overlay-type":"","overlay-color":"","overlay-opacity":"","overlay-gradient":""},"mobile":{"background-color":"","background-image":"","background-repeat":"repeat","background-position":"center center","background-size":"auto","background-attachment":"scroll","background-type":"","background-media":"","overlay-type":"","overlay-color":"","overlay-opacity":"","overlay-gradient":""}},"ast-content-background-meta":{"desktop":{"background-color":"var(--ast-global-color-5)","background-image":"","background-repeat":"repeat","background-position":"center center","background-size":"auto","background-attachment":"scroll","background-type":"","background-media":"","overlay-type":"","overlay-color":"","overlay-opacity":"","overlay-gradient":""},"tablet":{"background-color":"var(--ast-global-color-5)","background-image":"","background-repeat":"repeat","background-position":"center center","background-size":"auto","background-attachment":"scroll","background-type":"","background-media":"","overlay-type":"","overlay-color":"","overlay-opacity":"","overlay-gradient":""},"mobile":{"background-color":"var(--ast-global-color-5)","background-image":"","background-repeat":"repeat","background-position":"center center","background-size":"auto","background-attachment":"scroll","background-type":"","background-media":"","overlay-type":"","overlay-color":"","overlay-opacity":"","overlay-gradient":""}},"footnotes":""},"class_list":["post-3614","page","type-page","status-publish","hentry"],"post_mailing_queue_ids":[],"_links":{"self":[{"href":"https:\/\/agora.xtec.cat\/iespuigcargol-calonge\/wp-json\/wp\/v2\/pages\/3614","targetHints":{"allow":["GET"]}}],"collection":[{"href":"https:\/\/agora.xtec.cat\/iespuigcargol-calonge\/wp-json\/wp\/v2\/pages"}],"about":[{"href":"https:\/\/agora.xtec.cat\/iespuigcargol-calonge\/wp-json\/wp\/v2\/types\/page"}],"author":[{"embeddable":true,"href":"https:\/\/agora.xtec.cat\/iespuigcargol-calonge\/wp-json\/wp\/v2\/users\/1"}],"replies":[{"embeddable":true,"href":"https:\/\/agora.xtec.cat\/iespuigcargol-calonge\/wp-json\/wp\/v2\/comments?post=3614"}],"version-history":[{"count":6,"href":"https:\/\/agora.xtec.cat\/iespuigcargol-calonge\/wp-json\/wp\/v2\/pages\/3614\/revisions"}],"predecessor-version":[{"id":5266,"href":"https:\/\/agora.xtec.cat\/iespuigcargol-calonge\/wp-json\/wp\/v2\/pages\/3614\/revisions\/5266"}],"wp:attachment":[{"href":"https:\/\/agora.xtec.cat\/iespuigcargol-calonge\/wp-json\/wp\/v2\/media?parent=3614"}],"curies":[{"name":"wp","href":"https:\/\/api.w.org\/{rel}","templated":true}]}}