{"id":3585,"date":"2023-01-25T11:33:09","date_gmt":"2023-01-25T10:33:09","guid":{"rendered":"https:\/\/agora.xtec.cat\/iespuigcargol-calonge\/?page_id=3585"},"modified":"2025-12-05T11:38:53","modified_gmt":"2025-12-05T10:38:53","slug":"orientacio-academica-i-professional","status":"publish","type":"page","link":"https:\/\/agora.xtec.cat\/iespuigcargol-calonge\/orientacio-academica-i-professional\/","title":{"rendered":"Orientaci\u00f3 acad\u00e8mica i professional"},"content":{"rendered":"<ul>\n<li><a href=\"https:\/\/preparats.cat\/test-dorientacio\" target=\"_blank\" rel=\"noopener\">Test d&#8217;orientaci\u00f3 (preparats.cat)<\/a><a href=\"https:\/\/agora.xtec.cat\/iespuigcargol-calonge\/wp-content\/uploads\/usu480\/2023\/01\/orientacio-1.jpg\"><img loading=\"lazy\" decoding=\"async\" class=\" wp-image-3590 alignright\" src=\"https:\/\/agora.xtec.cat\/iespuigcargol-calonge\/wp-content\/uploads\/usu480\/2023\/01\/orientacio-1-1024x683.jpg\" alt=\"\" width=\"417\" height=\"278\" srcset=\"https:\/\/agora.xtec.cat\/iespuigcargol-calonge\/wp-content\/uploads\/usu480\/2023\/01\/orientacio-1-1024x683.jpg 1024w, https:\/\/agora.xtec.cat\/iespuigcargol-calonge\/wp-content\/uploads\/usu480\/2023\/01\/orientacio-1-300x200.jpg 300w, https:\/\/agora.xtec.cat\/iespuigcargol-calonge\/wp-content\/uploads\/usu480\/2023\/01\/orientacio-1-768x512.jpg 768w, https:\/\/agora.xtec.cat\/iespuigcargol-calonge\/wp-content\/uploads\/usu480\/2023\/01\/orientacio-1.jpg 1500w\" sizes=\"auto, (max-width: 417px) 100vw, 417px\" \/><\/a><\/li>\n<li><a href=\"https:\/\/preparats.cat\/\" target=\"_blank\" rel=\"noopener\">Preparats.cat (p\u00e0gina d&#8217;orientaci\u00f3 per a 1r i 2n BAT: TdR, la selectivitat, estudis superiors&#8230;).<\/a><\/li>\n<li><a href=\"http:\/\/queestudiar.gencat.cat\/ca\/index.html\" target=\"_blank\" rel=\"noopener\">Estudiar a Catalunya (p\u00e0gina d&#8217;orientaci\u00f3 del Departament d&#8217;educaci\u00f3)<\/a><\/li>\n<li><a href=\"https:\/\/triaeducativa.gencat.cat\/ca\/orientacio\/\" target=\"_blank\" rel=\"noopener\">Orientaci\u00f3 acad\u00e8mica i professionat (Departament d&#8217;educaci\u00f3)<\/a><\/li>\n<li><a href=\"https:\/\/educacio.gencat.cat\/ca\/serveis-tramits\/proves\/\" target=\"_blank\" rel=\"noopener\">Proves d&#8217;acc\u00e9s a cicles i proves lliures per a l&#8217;obtenci\u00f3 de t\u00edtols i certificats (Departament d&#8217;educaci\u00f3)<\/a><\/li>\n<\/ul>\n","protected":false},"excerpt":{"rendered":"<p>Test d&#8217;orientaci\u00f3 (preparats.cat) Preparats.cat (p\u00e0gina d&#8217;orientaci\u00f3 per a 1r i 2n BAT: TdR, la selectivitat, estudis superiors&#8230;). Estudiar a Catalunya (p\u00e0gina d&#8217;orientaci\u00f3 del Departament d&#8217;educaci\u00f3) Orientaci\u00f3 acad\u00e8mica i professionat (Departament d&#8217;educaci\u00f3) Proves d&#8217;acc\u00e9s a cicles i proves lliures per a l&#8217;obtenci\u00f3 de t\u00edtols i certificats (Departament d&#8217;educaci\u00f3)<\/p>\n","protected":false},"author":1,"featured_media":0,"parent":0,"menu_order":0,"comment_status":"closed","ping_status":"closed","template":"","meta":{"_bbp_topic_count":0,"_bbp_reply_count":0,"_bbp_total_topic_count":0,"_bbp_total_reply_count":0,"_bbp_voice_count":0,"_bbp_anonymous_reply_count":0,"_bbp_topic_count_hidden":0,"_bbp_reply_count_hidden":0,"_bbp_forum_subforum_count":0,"site-sidebar-layout":"default","site-content-layout":"","ast-site-content-layout":"default","site-content-style":"default","site-sidebar-style":"default","ast-global-header-display":"","ast-banner-title-visibility":"","ast-main-header-display":"","ast-hfb-above-header-display":"","ast-hfb-below-header-display":"","ast-hfb-mobile-header-display":"","site-post-title":"","ast-breadcrumbs-content":"","ast-featured-img":"","footer-sml-layout":"","theme-transparent-header-meta":"default","adv-header-id-meta":"","stick-header-meta":"","header-above-stick-meta":"","header-main-stick-meta":"","header-below-stick-meta":"","astra-migrate-meta-layouts":"set","ast-page-background-enabled":"default","ast-page-background-meta":{"desktop":{"background-color":"var(--ast-global-color-4)","background-image":"","background-repeat":"repeat","background-position":"center center","background-size":"auto","background-attachment":"scroll","background-type":"","background-media":"","overlay-type":"","overlay-color":"","overlay-opacity":"","overlay-gradient":""},"tablet":{"background-color":"","background-image":"","background-repeat":"repeat","background-position":"center center","background-size":"auto","background-attachment":"scroll","background-type":"","background-media":"","overlay-type":"","overlay-color":"","overlay-opacity":"","overlay-gradient":""},"mobile":{"background-color":"","background-image":"","background-repeat":"repeat","background-position":"center center","background-size":"auto","background-attachment":"scroll","background-type":"","background-media":"","overlay-type":"","overlay-color":"","overlay-opacity":"","overlay-gradient":""}},"ast-content-background-meta":{"desktop":{"background-color":"var(--ast-global-color-5)","background-image":"","background-repeat":"repeat","background-position":"center center","background-size":"auto","background-attachment":"scroll","background-type":"","background-media":"","overlay-type":"","overlay-color":"","overlay-opacity":"","overlay-gradient":""},"tablet":{"background-color":"var(--ast-global-color-5)","background-image":"","background-repeat":"repeat","background-position":"center center","background-size":"auto","background-attachment":"scroll","background-type":"","background-media":"","overlay-type":"","overlay-color":"","overlay-opacity":"","overlay-gradient":""},"mobile":{"background-color":"var(--ast-global-color-5)","background-image":"","background-repeat":"repeat","background-position":"center center","background-size":"auto","background-attachment":"scroll","background-type":"","background-media":"","overlay-type":"","overlay-color":"","overlay-opacity":"","overlay-gradient":""}},"footnotes":""},"class_list":["post-3585","page","type-page","status-publish","hentry"],"post_mailing_queue_ids":[],"_links":{"self":[{"href":"https:\/\/agora.xtec.cat\/iespuigcargol-calonge\/wp-json\/wp\/v2\/pages\/3585","targetHints":{"allow":["GET"]}}],"collection":[{"href":"https:\/\/agora.xtec.cat\/iespuigcargol-calonge\/wp-json\/wp\/v2\/pages"}],"about":[{"href":"https:\/\/agora.xtec.cat\/iespuigcargol-calonge\/wp-json\/wp\/v2\/types\/page"}],"author":[{"embeddable":true,"href":"https:\/\/agora.xtec.cat\/iespuigcargol-calonge\/wp-json\/wp\/v2\/users\/1"}],"replies":[{"embeddable":true,"href":"https:\/\/agora.xtec.cat\/iespuigcargol-calonge\/wp-json\/wp\/v2\/comments?post=3585"}],"version-history":[{"count":4,"href":"https:\/\/agora.xtec.cat\/iespuigcargol-calonge\/wp-json\/wp\/v2\/pages\/3585\/revisions"}],"predecessor-version":[{"id":5256,"href":"https:\/\/agora.xtec.cat\/iespuigcargol-calonge\/wp-json\/wp\/v2\/pages\/3585\/revisions\/5256"}],"wp:attachment":[{"href":"https:\/\/agora.xtec.cat\/iespuigcargol-calonge\/wp-json\/wp\/v2\/media?parent=3585"}],"curies":[{"name":"wp","href":"https:\/\/api.w.org\/{rel}","templated":true}]}}