{"id":317,"date":"2015-12-09T08:54:55","date_gmt":"2015-12-09T07:54:55","guid":{"rendered":"http:\/\/agora.xtec.cat\/iespuigcargol-calonge\/?page_id=317"},"modified":"2021-11-23T07:02:24","modified_gmt":"2021-11-23T06:02:24","slug":"ampa","status":"publish","type":"page","link":"https:\/\/agora.xtec.cat\/iespuigcargol-calonge\/ampa\/","title":{"rendered":"Fam\u00edlies i Ampa"},"content":{"rendered":"<p>&nbsp;<\/p>\n<p style=\"text-align: center;\"><a href=\"https:\/\/drive.google.com\/file\/d\/1EvJOPP6M9ChKTHc61301HMi-rju5m19r\/view?usp=sharing\" target=\"_blank\" rel=\"noopener\">LLIBRET INFORMATIU FAM\u00cdLIES CURS 21-22<\/a><\/p>\n<p>Per contactar amb l&#8217;AMPA (Associaci\u00f3 de Mares i Pares d&#8217;Alumnes):<\/p>\n<p style=\"text-align: center;\"><span style=\"color: #3366ff;\">M\u00f2bil i WhatsApps 626924759<\/span><\/p>\n<p style=\"text-align: center;\"><span style=\"color: #3366ff;\">Correu electr\u00f2nic: ampaiespuigcargol@gmail.com<\/span><\/p>\n<hr \/>\n<p style=\"text-align: center;\"><strong>DOCUMENTACI\u00d3 COVID-19 CURS 21-22<\/strong><\/p>\n<ul>\n<li><a href=\"https:\/\/drive.google.com\/file\/d\/10MXdwgt4NOZAgUgPjIdMr2Eli1dZYWdr\/view?usp=sharing\" target=\"_blank\" rel=\"noopener\">Autoritzaci\u00f3 per al procediment de gesti\u00f3 de casos i contactes de la covid-19 als centres educatius<\/a><\/li>\n<li><a href=\"https:\/\/drive.google.com\/file\/d\/1wOX5HBDnftpGk9JigBy2zVKApt78KU9q\/view?usp=sharing\" target=\"_blank\" rel=\"noopener\">Declaraci\u00f3 responsable menors de 18 anys<\/a><\/li>\n<li><a href=\"https:\/\/drive.google.com\/file\/d\/1OS0bJwPAX7efJzn6XOVACfj5aChRFIt3\/view?usp=sharing\" target=\"_blank\" rel=\"noopener\">Declaraci\u00f3 responsable majors de 18 anys\u00a0<\/a><\/li>\n<\/ul>\n<p>&#8212;&#8212;&#8212;&#8212;&#8212;&#8212;&#8212;&#8212;&#8212;&#8212;&#8212;&#8212;&#8212;&#8212;&#8212;&#8212;&#8212;&#8212;&#8212;&#8212;&#8212;&#8212;&#8212;&#8212;&#8212;&#8212;&#8212;&#8212;&#8212;&#8212;&#8212;&#8212;&#8212;&#8212;&#8212;&#8212;&#8212;&#8212;&#8212;&#8212;&#8212;&#8212;&#8212;-<\/p>\n<p style=\"text-align: center;\"><a href=\"https:\/\/agora.xtec.cat\/iespuigcargol-calonge\/wp-content\/uploads\/usu480\/2019\/04\/guia-avaluacio-06.pdf\">GUIA PER A FAM\u00cdLIES. LA NOVA AVALUACI\u00d3 A L&#8217;ESO. FAPAES<\/a><\/p>\n<p style=\"text-align: center;\">Aqu\u00ed us oferim la presentaci\u00f3 que es va fer del centre, el mar\u00e7 passat:<\/p>\n<p style=\"text-align: center;\">\u00a0<a href=\"http:\/\/agora.xtec.cat\/iespuigcargol-calonge\/wp-content\/uploads\/usu480\/2015\/12\/PRESENTACI\u00d3-JORNADA-PORTES-OBERTES-1r-ESO-17-18-MAR\u00c7-2017.odp.pdf\">Presentaci\u00f3 del centre (Jornada de Portes Obertes)<\/a><\/p>\n<p style=\"text-align: center;\">&#8212;&#8212;&#8212;&#8212;&#8212;&#8212;&#8212;&#8212;&#8212;&#8212;&#8212;&#8212;&#8212;&#8212;&#8212;&#8212;&#8212;&#8212;&#8212;&#8212;&#8212;&#8212;&#8212;&#8212;<\/p>\n<p style=\"text-align: left;\">Diferents materials i refer\u00e8ncies d&#8217;inter\u00e8s per a les fam\u00edlies:<\/p>\n<p style=\"text-align: center;\"><strong>Enganxats al m\u00f2bil: una addicci\u00f3? (I)<\/strong><\/p>\n<div class=\"ast-oembed-container \" style=\"height: 100%;\"><iframe loading=\"lazy\" title=\"ENGANXATS AL M\u00d2BIL: UNA ADDICCI\u00d3?\" width=\"500\" height=\"375\" src=\"https:\/\/www.youtube.com\/embed\/udEART6j488?feature=oembed\" frameborder=\"0\" allow=\"accelerometer; autoplay; clipboard-write; encrypted-media; gyroscope; picture-in-picture; web-share\" referrerpolicy=\"strict-origin-when-cross-origin\" allowfullscreen><\/iframe><\/div>\n<p style=\"text-align: center;\"><strong>Enganxats al m\u00f2bil: una addicci\u00f3? (Prevenir, detectar, actuar) (II)<\/strong><\/p>\n<div class=\"ast-oembed-container \" style=\"height: 100%;\"><iframe loading=\"lazy\" title=\"ENGANXATS AL M\u00d2BIL, UNA ADDICCI\u00d3? (Prevenir, detectar i actuar)\" width=\"500\" height=\"375\" src=\"https:\/\/www.youtube.com\/embed\/M3hU3rvJhUY?start=133&#038;feature=oembed\" frameborder=\"0\" allow=\"accelerometer; autoplay; clipboard-write; encrypted-media; gyroscope; picture-in-picture; web-share\" referrerpolicy=\"strict-origin-when-cross-origin\" allowfullscreen><\/iframe><\/div>\n<p><strong><span style=\"color: #003366;\">CURS ON-LINE PER A PARES I MARES: \u00a0\u201cEN FAMILIA. OTROS RIESGOS: TECNOLOG\u00cdAS, CONFLICTOS Y VIOLENCIA\u201d<\/span><\/strong><\/p>\n<p>Per accedir a aquest curs, dirigiu-vos a\u00a0<a href=\"http:\/\/www.aulavirtualfad.org\/enfamilia_IRPF4.htm\">http:\/\/www.aulavirtualfad.org\/enfamilia_IRPF4.htm<\/a><\/p>\n<p><span style=\"color: #003366;\"><strong>PROGRAMA SALUT I ESCOLA\u00a0<\/strong><\/span><\/p>\n<p>Per accedir al web del Programa Salut i Escola, cliqueu <a href=\"http:\/\/salutweb.gencat.cat\/ca\/ambits_tematics\/per_perfils\/centres_educatius\/programa_salut_escola\/\">aqu\u00ed<\/a><\/p>\n<p><span style=\"color: #003366;\"><strong>INFORMACI\u00d3 SOBRE L&#8217;ENTEROVIRUS<\/strong><\/span><\/p>\n<p>Cliqueu <a href=\"http:\/\/familiaiescola.gencat.cat\/ca\/detalls\/Noticies\/enterovirus-noticia\" target=\"_blank\" rel=\"noopener noreferrer\">aqu\u00ed<\/a> per accedir a la informaci\u00f3<\/p>\n<hr \/>\n<p><span style=\"color: #003366;\"><strong>CAMPANYA DE PREVENCI\u00d3 DE BEGUDES ALCOH\u00d2LIQUES ENTRE ELS JOVES<\/strong><\/span><br \/>\nLa Generalitat de Catalunya (Mossos d&#8217;Esquadra, Departament de Salut i Departament d&#8217;Ensenyament) posa en marxa la campanya de prevenci\u00f3 de consum de begudes alcoh\u00f2liques entre els joves i han elaborat una guia adre\u00e7ada a fam\u00edlies.<\/p>\n<p>Per accedir a la guia, <a href=\"http:\/\/agora.xtec.cat\/iespuigcargol-calonge\/wp-content\/uploads\/usu480\/2015\/12\/CONNECTA-AMB-ELS-TEUS-FILLS-QUAN-ALS-PARES-ENS-PREOCUPEN-LES-BEGUDES-ALCOH\u00d2LIQUES11.pdf\" target=\"_blank\" rel=\"noopener noreferrer\">CLIQUEU AQU\u00cd<\/a><\/p>\n<div>\n<div>\n<div>\n<p><strong><span style=\"color: #003366;\">COM T&#8217;IMPLIQUES EN L&#8217;EDUCACI\u00d3 DIGITAL DELS TEUS FILLS I FILLES?<\/span> <\/strong><\/p>\n<p><strong>Guia per a fam\u00edlies<\/strong><\/p>\n<div>\n<p>Els menors, com a usuaris de la xarxa, s\u00f3n especialment vulnerables a diferents perills relacionats amb internet (ciberassetjament, acc\u00e9s a contiguts il.legals, inadequats o nocius, ciberdelictes&#8230;). \u00c9s important ajudar-los a fer un bon \u00fas de la xarxa i com a fam\u00edlies, hem de con\u00e8ixer els potencials perills i com prevenir-los.<\/p>\n<p>Si voleu tenir m\u00e9s informaci\u00f3, <a href=\"https:\/\/drive.google.com\/file\/d\/0ByZfJzBWm08Vd2hrMjB2d19iaUU\/view?usp=sharing\" target=\"_blank\" rel=\"noopener noreferrer\">cliqueu aqu\u00ed.<\/a><\/p>\n<hr \/>\n<\/div>\n<\/div>\n<\/div>\n<\/div>\n<div>\n<div>\n<div>\n<p><strong><span style=\"color: #003366;\">FAM\u00cdLIA I ESCOLA, JUNTS X L&#8217;EDUCACI\u00d3<\/span><\/strong><\/p>\n<div>\n<div>\n<div dir=\"ltr\">\n<p>El departament d&#8217;ensenyament posa en funcionament el nou web\u00a0&#8220;Fam\u00edlia i Escola. Junts x l\u2019Educaci\u00f3&#8221; adre\u00e7at a les fam\u00edlies,\u00a0amb la finalitat de posar al seu abast informaci\u00f3, orientacions i recursos\u00a0per millorar la seva implicaci\u00f3 en el proc\u00e9s escolar i educatiu dels seus fills i filles.<\/p>\n<p>Visiteu-lo\u00a0<a href=\"http:\/\/familiaiescola.gencat.cat\/ca\/\">aqu\u00ed.<\/a><\/p>\n<\/div>\n<\/div>\n<\/div>\n<\/div>\n<\/div>\n<\/div>\n<p>________________________________________________<\/p>\n<p><strong><span style=\"color: #003366;\">&#8220;MARES I PARES QUE EDUQUEN ADOLESCENTS&#8230; O HO INTENTEN&#8221;\u00a0 PON\u00c8NCIA JAUME FUNES<\/span><\/strong><\/p>\n<p>El passat dilluns 9 de maig, a la Sala Fontova, va tenir lloc una sessi\u00f3 formativa amb fam\u00edlies titulada &#8220;MARES I PARES QUE EDUQUEN ADOLESCENTS&#8230; O HO INTENTEN&#8221;\u00a0 condu\u00efda pel psic\u00f2leg, educador i periodista Jaume Funes. Aquesta sessi\u00f3 va ser organitzada per l&#8217;\u00c0rea d&#8217;Ensenyament de l&#8217;Ajuntament de Calonge en col.laboraci\u00f3 de l&#8217;INS Puig Cargol.<\/p>\n<p>Podeu accedir <a href=\"http:\/\/franciscolopezysegarra.es\/wp-content\/uploads\/downloads\/2011\/03\/Ponencia_Jaume-Funes.pdf\">clicant aqu\u00ed <\/a>al material que va aconsellar per a pares i mares.<\/p>\n<p>Tamb\u00e9 podeu accedir, <a href=\"http:\/\/www.jaumefunes.com\/\">clicant aqu\u00ed<\/a>, al seu blog.<\/p>\n<p>&nbsp;<\/p>\n<p>&nbsp;<\/p>\n","protected":false},"excerpt":{"rendered":"<p>&nbsp; LLIBRET INFORMATIU FAM\u00cdLIES CURS 21-22 Per contactar amb l&#8217;AMPA (Associaci\u00f3 de Mares i Pares d&#8217;Alumnes): M\u00f2bil i WhatsApps 626924759 Correu electr\u00f2nic: ampaiespuigcargol@gmail.com DOCUMENTACI\u00d3 COVID-19 CURS 21-22 Autoritzaci\u00f3 per al procediment de gesti\u00f3 de casos i contactes de la covid-19 als centres educatius Declaraci\u00f3 responsable menors de 18 anys Declaraci\u00f3 responsable majors de 18 anys\u00a0 [&hellip;]<\/p>\n","protected":false},"author":1,"featured_media":0,"parent":0,"menu_order":0,"comment_status":"closed","ping_status":"closed","template":"","meta":{"_bbp_topic_count":0,"_bbp_reply_count":0,"_bbp_total_topic_count":0,"_bbp_total_reply_count":0,"_bbp_voice_count":0,"_bbp_anonymous_reply_count":0,"_bbp_topic_count_hidden":0,"_bbp_reply_count_hidden":0,"_bbp_forum_subforum_count":0,"site-sidebar-layout":"default","site-content-layout":"","ast-site-content-layout":"","site-content-style":"default","site-sidebar-style":"default","ast-global-header-display":"","ast-banner-title-visibility":"","ast-main-header-display":"","ast-hfb-above-header-display":"","ast-hfb-below-header-display":"","ast-hfb-mobile-header-display":"","site-post-title":"","ast-breadcrumbs-content":"","ast-featured-img":"","footer-sml-layout":"","theme-transparent-header-meta":"","adv-header-id-meta":"","stick-header-meta":"","header-above-stick-meta":"","header-main-stick-meta":"","header-below-stick-meta":"","astra-migrate-meta-layouts":"default","ast-page-background-enabled":"default","ast-page-background-meta":{"desktop":{"background-color":"var(--ast-global-color-4)","background-image":"","background-repeat":"repeat","background-position":"center center","background-size":"auto","background-attachment":"scroll","background-type":"","background-media":"","overlay-type":"","overlay-color":"","overlay-opacity":"","overlay-gradient":""},"tablet":{"background-color":"","background-image":"","background-repeat":"repeat","background-position":"center center","background-size":"auto","background-attachment":"scroll","background-type":"","background-media":"","overlay-type":"","overlay-color":"","overlay-opacity":"","overlay-gradient":""},"mobile":{"background-color":"","background-image":"","background-repeat":"repeat","background-position":"center center","background-size":"auto","background-attachment":"scroll","background-type":"","background-media":"","overlay-type":"","overlay-color":"","overlay-opacity":"","overlay-gradient":""}},"ast-content-background-meta":{"desktop":{"background-color":"var(--ast-global-color-5)","background-image":"","background-repeat":"repeat","background-position":"center center","background-size":"auto","background-attachment":"scroll","background-type":"","background-media":"","overlay-type":"","overlay-color":"","overlay-opacity":"","overlay-gradient":""},"tablet":{"background-color":"var(--ast-global-color-5)","background-image":"","background-repeat":"repeat","background-position":"center center","background-size":"auto","background-attachment":"scroll","background-type":"","background-media":"","overlay-type":"","overlay-color":"","overlay-opacity":"","overlay-gradient":""},"mobile":{"background-color":"var(--ast-global-color-5)","background-image":"","background-repeat":"repeat","background-position":"center center","background-size":"auto","background-attachment":"scroll","background-type":"","background-media":"","overlay-type":"","overlay-color":"","overlay-opacity":"","overlay-gradient":""}},"footnotes":""},"class_list":["post-317","page","type-page","status-publish","hentry"],"post_mailing_queue_ids":[],"_links":{"self":[{"href":"https:\/\/agora.xtec.cat\/iespuigcargol-calonge\/wp-json\/wp\/v2\/pages\/317","targetHints":{"allow":["GET"]}}],"collection":[{"href":"https:\/\/agora.xtec.cat\/iespuigcargol-calonge\/wp-json\/wp\/v2\/pages"}],"about":[{"href":"https:\/\/agora.xtec.cat\/iespuigcargol-calonge\/wp-json\/wp\/v2\/types\/page"}],"author":[{"embeddable":true,"href":"https:\/\/agora.xtec.cat\/iespuigcargol-calonge\/wp-json\/wp\/v2\/users\/1"}],"replies":[{"embeddable":true,"href":"https:\/\/agora.xtec.cat\/iespuigcargol-calonge\/wp-json\/wp\/v2\/comments?post=317"}],"version-history":[{"count":7,"href":"https:\/\/agora.xtec.cat\/iespuigcargol-calonge\/wp-json\/wp\/v2\/pages\/317\/revisions"}],"predecessor-version":[{"id":2714,"href":"https:\/\/agora.xtec.cat\/iespuigcargol-calonge\/wp-json\/wp\/v2\/pages\/317\/revisions\/2714"}],"wp:attachment":[{"href":"https:\/\/agora.xtec.cat\/iespuigcargol-calonge\/wp-json\/wp\/v2\/media?parent=317"}],"curies":[{"name":"wp","href":"https:\/\/api.w.org\/{rel}","templated":true}]}}