{"id":19,"date":"2014-09-17T14:56:56","date_gmt":"2014-09-17T14:56:56","guid":{"rendered":"http:\/\/agora.xtec.cat\/iespuigcargol-calonge\/?page_id=19"},"modified":"2016-02-11T17:39:49","modified_gmt":"2016-02-11T16:39:49","slug":"linstitut","status":"publish","type":"page","link":"https:\/\/agora.xtec.cat\/iespuigcargol-calonge\/linstitut\/","title":{"rendered":"L&#8217;institut"},"content":{"rendered":"<p style=\"text-align: justify;\"><strong>L<\/strong>a identitat de l&#8217;Institut Puig Cargol com a centre educatiu s&#8217;ha anat forjant des de la seva creaci\u00f3 a finals dels anys 70 com una secci\u00f3 de l\u2019IFP Sant Feliu de Sant Feliu de Gu\u00edxols, amb el primer grau de les especialitats Mar\u00edtima pesquera, Administrativa i Electricitat. Des del curs 1992-1993 el centre acull el segon cicle de l\u2019ESO en fase experimental. A partir d\u2019aquest moment l\u2019Institut Puig Cargol esdev\u00e9 un centre aut\u00f2nom, oferint en l&#8217;actualitat ESO i Batxillerat.<\/p>\n<p style=\"text-align: justify;\"><a href=\"http:\/\/agora.xtec.cat\/iespuigcargol-calonge\/wp-content\/uploads\/usu480\/2014\/09\/institut.jpg\"><img loading=\"lazy\" decoding=\"async\" class=\"aligncenter wp-image-585 size-full\" src=\"http:\/\/agora.xtec.cat\/iespuigcargol-calonge\/wp-content\/uploads\/usu480\/2014\/09\/institut.jpg\" alt=\"institut\" width=\"640\" height=\"480\" srcset=\"https:\/\/agora.xtec.cat\/iespuigcargol-calonge\/wp-content\/uploads\/usu480\/2014\/09\/institut.jpg 640w, https:\/\/agora.xtec.cat\/iespuigcargol-calonge\/wp-content\/uploads\/usu480\/2014\/09\/institut-300x225.jpg 300w, https:\/\/agora.xtec.cat\/iespuigcargol-calonge\/wp-content\/uploads\/usu480\/2014\/09\/institut-200x150.jpg 200w\" sizes=\"auto, (max-width: 640px) 100vw, 640px\" \/><\/a><\/p>\n<p style=\"text-align: justify;\">L\u2019Institut Puig Cargol \u00e9s un centre p\u00fablic de titularitat del Departament d&#8217;Ensenyament de la Generalitat de Catalunya. \u00c9s l\u2019\u00fanic institut del municipi i acull la gran majoria dels alumnes de les tres escoles de prim\u00e0ria del municipi (CEIP Pere Rossell\u00f3, CEIP Llevant\u00ed de Mar i CEIP La S\u00ednia). \u00c9s, per tant, un equipament important per a la vida del municipi.<\/p>\n<p style=\"text-align: justify;\">\u00a0\u00a0\u00a0\u00a0<a href=\"http:\/\/agora.xtec.cat\/iespuigcargol-calonge\/wp-content\/uploads\/usu480\/2014\/09\/mar\u00e72010-041.jpg\"><img loading=\"lazy\" decoding=\"async\" class=\"aligncenter wp-image-600 size-full\" src=\"http:\/\/agora.xtec.cat\/iespuigcargol-calonge\/wp-content\/uploads\/usu480\/2014\/09\/mar\u00e72010-041.jpg\" alt=\"mar\u00e72010 041\" width=\"816\" height=\"612\" srcset=\"https:\/\/agora.xtec.cat\/iespuigcargol-calonge\/wp-content\/uploads\/usu480\/2014\/09\/mar\u00e72010-041.jpg 816w, https:\/\/agora.xtec.cat\/iespuigcargol-calonge\/wp-content\/uploads\/usu480\/2014\/09\/mar\u00e72010-041-300x225.jpg 300w, https:\/\/agora.xtec.cat\/iespuigcargol-calonge\/wp-content\/uploads\/usu480\/2014\/09\/mar\u00e72010-041-200x150.jpg 200w\" sizes=\"auto, (max-width: 816px) 100vw, 816px\" \/><\/a><\/p>\n<p style=\"text-align: justify;\">L&#8217;Institut \u00e9s un espai de relaci\u00f3 entre joves dels dos nuclis de la poblaci\u00f3. Com a \u00fanic centre educatiu d&#8217;ensenyament secundari del municipi potenciem la nostra relaci\u00f3 amb el context cultural i social de Calonge-Sant Antoni. Partint del nostre context sociocultural i respectant el dret a l&#8217;educaci\u00f3, la comunitat educativa de l\u2019Institut Puig Cargol aposta per una educaci\u00f3 integral de l&#8217;alumnat que li permeti integrar-se, amb efic\u00e0cia i de la manera m\u00e9s completa possible, en la societat.<\/p>\n","protected":false},"excerpt":{"rendered":"<p>La identitat de l&#8217;Institut Puig Cargol com a centre educatiu s&#8217;ha anat forjant des de la seva creaci\u00f3 a finals dels anys 70 com una secci\u00f3 de l\u2019IFP Sant Feliu de Sant Feliu de Gu\u00edxols, amb el primer grau de les especialitats Mar\u00edtima pesquera, Administrativa i Electricitat. Des del curs 1992-1993 el centre acull el [&hellip;]<\/p>\n","protected":false},"author":1,"featured_media":0,"parent":0,"menu_order":0,"comment_status":"closed","ping_status":"closed","template":"page-templates\/side-menu.php","meta":{"_bbp_topic_count":0,"_bbp_reply_count":0,"_bbp_total_topic_count":0,"_bbp_total_reply_count":0,"_bbp_voice_count":0,"_bbp_anonymous_reply_count":0,"_bbp_topic_count_hidden":0,"_bbp_reply_count_hidden":0,"_bbp_forum_subforum_count":0,"site-sidebar-layout":"default","site-content-layout":"","ast-site-content-layout":"","site-content-style":"default","site-sidebar-style":"default","ast-global-header-display":"","ast-banner-title-visibility":"","ast-main-header-display":"","ast-hfb-above-header-display":"","ast-hfb-below-header-display":"","ast-hfb-mobile-header-display":"","site-post-title":"","ast-breadcrumbs-content":"","ast-featured-img":"","footer-sml-layout":"","theme-transparent-header-meta":"","adv-header-id-meta":"","stick-header-meta":"","header-above-stick-meta":"","header-main-stick-meta":"","header-below-stick-meta":"","astra-migrate-meta-layouts":"default","ast-page-background-enabled":"default","ast-page-background-meta":{"desktop":{"background-color":"var(--ast-global-color-4)","background-image":"","background-repeat":"repeat","background-position":"center center","background-size":"auto","background-attachment":"scroll","background-type":"","background-media":"","overlay-type":"","overlay-color":"","overlay-opacity":"","overlay-gradient":""},"tablet":{"background-color":"","background-image":"","background-repeat":"repeat","background-position":"center center","background-size":"auto","background-attachment":"scroll","background-type":"","background-media":"","overlay-type":"","overlay-color":"","overlay-opacity":"","overlay-gradient":""},"mobile":{"background-color":"","background-image":"","background-repeat":"repeat","background-position":"center center","background-size":"auto","background-attachment":"scroll","background-type":"","background-media":"","overlay-type":"","overlay-color":"","overlay-opacity":"","overlay-gradient":""}},"ast-content-background-meta":{"desktop":{"background-color":"var(--ast-global-color-5)","background-image":"","background-repeat":"repeat","background-position":"center center","background-size":"auto","background-attachment":"scroll","background-type":"","background-media":"","overlay-type":"","overlay-color":"","overlay-opacity":"","overlay-gradient":""},"tablet":{"background-color":"var(--ast-global-color-5)","background-image":"","background-repeat":"repeat","background-position":"center center","background-size":"auto","background-attachment":"scroll","background-type":"","background-media":"","overlay-type":"","overlay-color":"","overlay-opacity":"","overlay-gradient":""},"mobile":{"background-color":"var(--ast-global-color-5)","background-image":"","background-repeat":"repeat","background-position":"center center","background-size":"auto","background-attachment":"scroll","background-type":"","background-media":"","overlay-type":"","overlay-color":"","overlay-opacity":"","overlay-gradient":""}},"footnotes":""},"class_list":["post-19","page","type-page","status-publish","hentry"],"post_mailing_queue_ids":[],"_links":{"self":[{"href":"https:\/\/agora.xtec.cat\/iespuigcargol-calonge\/wp-json\/wp\/v2\/pages\/19","targetHints":{"allow":["GET"]}}],"collection":[{"href":"https:\/\/agora.xtec.cat\/iespuigcargol-calonge\/wp-json\/wp\/v2\/pages"}],"about":[{"href":"https:\/\/agora.xtec.cat\/iespuigcargol-calonge\/wp-json\/wp\/v2\/types\/page"}],"author":[{"embeddable":true,"href":"https:\/\/agora.xtec.cat\/iespuigcargol-calonge\/wp-json\/wp\/v2\/users\/1"}],"replies":[{"embeddable":true,"href":"https:\/\/agora.xtec.cat\/iespuigcargol-calonge\/wp-json\/wp\/v2\/comments?post=19"}],"version-history":[{"count":4,"href":"https:\/\/agora.xtec.cat\/iespuigcargol-calonge\/wp-json\/wp\/v2\/pages\/19\/revisions"}],"predecessor-version":[{"id":606,"href":"https:\/\/agora.xtec.cat\/iespuigcargol-calonge\/wp-json\/wp\/v2\/pages\/19\/revisions\/606"}],"wp:attachment":[{"href":"https:\/\/agora.xtec.cat\/iespuigcargol-calonge\/wp-json\/wp\/v2\/media?parent=19"}],"curies":[{"name":"wp","href":"https:\/\/api.w.org\/{rel}","templated":true}]}}