{"id":447,"date":"2016-06-17T11:34:37","date_gmt":"2016-06-17T10:34:37","guid":{"rendered":"http:\/\/agora.xtec.cat\/iespriorat\/?page_id=447"},"modified":"2022-10-03T09:01:44","modified_gmt":"2022-10-03T07:01:44","slug":"del-centre","status":"publish","type":"page","link":"https:\/\/agora.xtec.cat\/iespriorat\/serveis\/documents\/del-centre\/","title":{"rendered":"Del centre"},"content":{"rendered":"<table style=\"width: 100%;\">\n<tbody>\n<tr>\n<td style=\"width: 589px;\"><strong><span style=\"color: #0e4f5e; font-size: large;\">Gesti\u00f3 del centre<\/span><\/strong><\/td>\n<td style=\"width: 352px;\"><span style=\"color: #0e4f5e; font-size: large;\"><strong>Gesti\u00f3 educativ<\/strong><strong>a<\/strong><\/span><\/td>\n<\/tr>\n<tr>\n<td style=\"text-align: left; width: 589px;\"><a href=\"https:\/\/drive.google.com\/open?id=1JU79gBDqX3K-xDMwmK8v-mRngf-kUIxD\">Pla TAC<\/a><\/td>\n<td style=\"width: 352px;\"><a href=\"https:\/\/docs.google.com\/file\/d\/14ppDmjuMFrvkYiejtCCpGGiDPyvPGyTW\/edit?usp=docslist_api&amp;filetype=msword\" target=\"_blank\" rel=\"noopener noreferrer\">Projecte educatiu del Centre<\/a><\/td>\n<\/tr>\n<tr>\n<td style=\"width: 589px;\"><a href=\"https:\/\/drive.google.com\/file\/d\/0B146q4IMrdwRdnYxR0ltellhUm8\/edit?usp=sharing\" target=\"_blank\" rel=\"noopener noreferrer\"> Carta de comprom\u00eds educatiu <\/a><\/td>\n<td style=\"width: 352px;\"><a href=\"https:\/\/drive.google.com\/file\/d\/0B146q4IMrdwRenJZa3dXYzRVbmM\/view?usp=sharing\" target=\"_blank\" rel=\"noopener noreferrer\">Projecte curricular ESO<\/a><\/td>\n<\/tr>\n<tr>\n<td style=\"width: 589px;\"><a href=\"https:\/\/drive.google.com\/file\/d\/1hB9cf7Ozs1sTc4AVWhMAihYjgNa5FH7F\/view?usp=sharing\" target=\"_blank\" rel=\"noopener noreferrer\">Projecte de conviv\u00e8ncia<\/a><\/td>\n<td style=\"width: 352px;\"><a href=\"https:\/\/drive.google.com\/file\/d\/0B146q4IMrdwRWW9JZlVGV2pVU2c\/view?usp=sharing\" target=\"_blank\" rel=\"noopener noreferrer\">Projecte curricular BAT<\/a><\/td>\n<\/tr>\n<tr>\n<td style=\"width: 589px;\"><a href=\"https:\/\/drive.google.com\/open?id=1aeYiK77e-iiWN9H5TDWh7IM05JH6byWF\">Pla de menjador<\/a><\/td>\n<td style=\"width: 352px;\"><a href=\"https:\/\/docs.google.com\/document\/d\/1gNh8LEPT5vqJcfvmuLED69q_c9HzQFqs\/edit?usp=sharing&amp;ouid=114917528470239478756&amp;rtpof=true&amp;sd=true\">Projecte curricular FP<\/a><\/td>\n<\/tr>\n<tr>\n<td style=\"width: 589px;\"><a href=\"https:\/\/docs.google.com\/document\/d\/1ql-kaQoeHSQKdJJ8HaldJB56YT-MIPHD\/edit?usp=sharing&amp;ouid=114917528470239478756&amp;rtpof=true&amp;sd=true\" target=\"_blank\" rel=\"noopener noreferrer\">Normes de funcionament i organitzaci\u00f3 del centre (NOFC)<\/a><\/td>\n<td style=\"width: 352px;\"><a href=\"https:\/\/drive.google.com\/file\/d\/1tUa5R5tgtDGNAiIHQx-lpA8DQt31QB_h\/view?usp=sharing\" target=\"_blank\" rel=\"noopener noreferrer\">Projecte ling\u00fc\u00edstic<\/a><\/td>\n<\/tr>\n<tr>\n<td style=\"width: 589px;\"><a href=\"https:\/\/docs.google.com\/document\/d\/1-SVE3hluIOYINOwrfgb4LhbbYDxfq8_c\/edit?usp=sharing&amp;ouid=111927171076697964995&amp;rtpof=true&amp;sd=true\" target=\"_blank\" rel=\"noopener noreferrer\">Pla de formaci\u00f3<\/a><\/td>\n<td style=\"width: 352px;\"><\/td>\n<\/tr>\n<tr>\n<td style=\"width: 589px;\"><a href=\"http:\/\/antonipalau.zz.mu\/prevencio\/ppt\/pla_emergencia.ppt\" target=\"_blank\" rel=\"noopener noreferrer\"> Pla d&#8217;emerg\u00e8ncia <\/a><\/td>\n<\/tr>\n<tr>\n<td style=\"width: 589px;\"><a href=\"https:\/\/drive.google.com\/file\/d\/1HSzPBV4yo7NLRSZZ1CI64qMQHxK53nQu\/view?usp=sharing\">Pla de comunicaci\u00f3<\/a><\/td>\n<\/tr>\n<tr>\n<td><\/td>\n<\/tr>\n<tr>\n<td><\/td>\n<td><\/td>\n<\/tr>\n<\/tbody>\n<\/table>\n","protected":false},"excerpt":{"rendered":"<p>Gesti\u00f3 del centre Gesti\u00f3 educativa Pla TAC Projecte educatiu del Centre Carta de comprom\u00eds educatiu Projecte curricular ESO Projecte de conviv\u00e8ncia Projecte curricular BAT Pla de menjador Projecte curricular FP Normes de funcionament i organitzaci\u00f3 del centre (NOFC) Projecte ling\u00fc\u00edstic Pla de formaci\u00f3 Pla d&#8217;emerg\u00e8ncia Pla de comunicaci\u00f3<\/p>\n","protected":false},"author":1,"featured_media":0,"parent":445,"menu_order":0,"comment_status":"closed","ping_status":"closed","template":"page-templates\/side-menu.php","meta":{"_bbp_topic_count":0,"_bbp_reply_count":0,"_bbp_total_topic_count":0,"_bbp_total_reply_count":0,"_bbp_voice_count":0,"_bbp_anonymous_reply_count":0,"_bbp_topic_count_hidden":0,"_bbp_reply_count_hidden":0,"_bbp_forum_subforum_count":0,"site-sidebar-layout":"default","site-content-layout":"","ast-site-content-layout":"","site-content-style":"default","site-sidebar-style":"default","ast-global-header-display":"","ast-banner-title-visibility":"","ast-main-header-display":"","ast-hfb-above-header-display":"","ast-hfb-below-header-display":"","ast-hfb-mobile-header-display":"","site-post-title":"","ast-breadcrumbs-content":"","ast-featured-img":"","footer-sml-layout":"","theme-transparent-header-meta":"","adv-header-id-meta":"","stick-header-meta":"","header-above-stick-meta":"","header-main-stick-meta":"","header-below-stick-meta":"","astra-migrate-meta-layouts":"default","ast-page-background-enabled":"default","ast-page-background-meta":{"desktop":{"background-color":"var(--ast-global-color-4)","background-image":"","background-repeat":"repeat","background-position":"center center","background-size":"auto","background-attachment":"scroll","background-type":"","background-media":"","overlay-type":"","overlay-color":"","overlay-opacity":"","overlay-gradient":""},"tablet":{"background-color":"","background-image":"","background-repeat":"repeat","background-position":"center center","background-size":"auto","background-attachment":"scroll","background-type":"","background-media":"","overlay-type":"","overlay-color":"","overlay-opacity":"","overlay-gradient":""},"mobile":{"background-color":"","background-image":"","background-repeat":"repeat","background-position":"center center","background-size":"auto","background-attachment":"scroll","background-type":"","background-media":"","overlay-type":"","overlay-color":"","overlay-opacity":"","overlay-gradient":""}},"ast-content-background-meta":{"desktop":{"background-color":"var(--ast-global-color-5)","background-image":"","background-repeat":"repeat","background-position":"center center","background-size":"auto","background-attachment":"scroll","background-type":"","background-media":"","overlay-type":"","overlay-color":"","overlay-opacity":"","overlay-gradient":""},"tablet":{"background-color":"var(--ast-global-color-5)","background-image":"","background-repeat":"repeat","background-position":"center center","background-size":"auto","background-attachment":"scroll","background-type":"","background-media":"","overlay-type":"","overlay-color":"","overlay-opacity":"","overlay-gradient":""},"mobile":{"background-color":"var(--ast-global-color-5)","background-image":"","background-repeat":"repeat","background-position":"center center","background-size":"auto","background-attachment":"scroll","background-type":"","background-media":"","overlay-type":"","overlay-color":"","overlay-opacity":"","overlay-gradient":""}},"footnotes":""},"class_list":["post-447","page","type-page","status-publish","hentry"],"post_mailing_queue_ids":[],"_links":{"self":[{"href":"https:\/\/agora.xtec.cat\/iespriorat\/wp-json\/wp\/v2\/pages\/447","targetHints":{"allow":["GET"]}}],"collection":[{"href":"https:\/\/agora.xtec.cat\/iespriorat\/wp-json\/wp\/v2\/pages"}],"about":[{"href":"https:\/\/agora.xtec.cat\/iespriorat\/wp-json\/wp\/v2\/types\/page"}],"author":[{"embeddable":true,"href":"https:\/\/agora.xtec.cat\/iespriorat\/wp-json\/wp\/v2\/users\/1"}],"replies":[{"embeddable":true,"href":"https:\/\/agora.xtec.cat\/iespriorat\/wp-json\/wp\/v2\/comments?post=447"}],"version-history":[{"count":3,"href":"https:\/\/agora.xtec.cat\/iespriorat\/wp-json\/wp\/v2\/pages\/447\/revisions"}],"predecessor-version":[{"id":2257,"href":"https:\/\/agora.xtec.cat\/iespriorat\/wp-json\/wp\/v2\/pages\/447\/revisions\/2257"}],"up":[{"embeddable":true,"href":"https:\/\/agora.xtec.cat\/iespriorat\/wp-json\/wp\/v2\/pages\/445"}],"wp:attachment":[{"href":"https:\/\/agora.xtec.cat\/iespriorat\/wp-json\/wp\/v2\/media?parent=447"}],"curies":[{"name":"wp","href":"https:\/\/api.w.org\/{rel}","templated":true}]}}