{"id":2315,"date":"2023-04-14T13:15:58","date_gmt":"2023-04-14T11:15:58","guid":{"rendered":"https:\/\/agora.xtec.cat\/iespriorat\/?page_id=2315"},"modified":"2025-04-07T09:00:07","modified_gmt":"2025-04-07T07:00:07","slug":"preinscripcio-i-matricula-batxillerat","status":"publish","type":"page","link":"https:\/\/agora.xtec.cat\/iespriorat\/preinscripcio-i-matricula\/preinscripcio-i-matricula-batxillerat\/","title":{"rendered":"Preinscripci\u00f3 i matr\u00edcula Batxillerat. Curs 25-26."},"content":{"rendered":"<header class=\"entry-header\"><\/header>\n<div class=\"entry-content\">\n<div>\n<div>\n<div>\n<table width=\"98%\">\n<tbody>\n<tr>\n<td width=\"100%\"><strong>No ha de fer la preinscripci\u00f3 l\u2019alumnat de 4t. d\u2019ESO de l\u2019Institut Priorat que vol cursar Batxillerat en aquest mateix centre.<\/strong><\/td>\n<\/tr>\n<\/tbody>\n<\/table>\n<\/div>\n<div>\n<ul>\n<li><a href=\"https:\/\/preinscripcio.gencat.cat\/ca\/estudis\/batxillerat\/preinscriute\/sollicitud\/\">Presentaci\u00f3 de\u00a0 la sol\u00b7licitud de preinscripci\u00f3:\u00a0<strong>del 3 al 10 d\u2019abril de 2025<\/strong><\/a><\/li>\n<\/ul>\n<p>Tota la informaci\u00f3 sobre el proc\u00e9s de preinscripci\u00f3 la trobareu al\u00a0<strong>Web per a la preinscripci\u00f3 en l\u00ednia:\u00a0\u00a0<\/strong><strong>\u200b<\/strong><a href=\"https:\/\/preinscripcio.gencat.cat\/ca\/estudis\/batxillerat\/inici\/\"><strong>preinscripcio.gencat.cat<\/strong><\/a><\/p>\n<\/div>\n<div>\n<p><a href=\"https:\/\/preinscripcio.gencat.cat\/ca\/estudis\/batxillerat\/preinscriute\/dubtes\/\">Tens dubtes? Preguntes m\u00e9s freq\u00fcents<\/a><\/p>\n<p>Tota l\u2019oferta educativa la trobar\u00e0s a:\u00a0<a href=\"https:\/\/triaeducativa.gencat.cat\/ca\/inici\/\">triaeducativa.gencat.cat\u200b<\/a><\/p>\n<\/div>\n<\/div>\n<div>\n<p>&nbsp;<\/p>\n<\/div>\n<\/div>\n<div><\/div>\n<\/div>\n","protected":false},"excerpt":{"rendered":"<p>No ha de fer la preinscripci\u00f3 l\u2019alumnat de 4t. d\u2019ESO de l\u2019Institut Priorat que vol cursar Batxillerat en aquest mateix centre. Presentaci\u00f3 de\u00a0 la sol\u00b7licitud de preinscripci\u00f3:\u00a0del 3 al 10 d\u2019abril de 2025 Tota la informaci\u00f3 sobre el proc\u00e9s de preinscripci\u00f3 la trobareu al\u00a0Web per a la preinscripci\u00f3 en l\u00ednia:\u00a0\u00a0\u200bpreinscripcio.gencat.cat Tens dubtes? Preguntes m\u00e9s freq\u00fcents [&hellip;]<\/p>\n","protected":false},"author":1,"featured_media":0,"parent":2305,"menu_order":0,"comment_status":"closed","ping_status":"closed","template":"","meta":{"_bbp_topic_count":0,"_bbp_reply_count":0,"_bbp_total_topic_count":0,"_bbp_total_reply_count":0,"_bbp_voice_count":0,"_bbp_anonymous_reply_count":0,"_bbp_topic_count_hidden":0,"_bbp_reply_count_hidden":0,"_bbp_forum_subforum_count":0,"site-sidebar-layout":"default","site-content-layout":"","ast-site-content-layout":"","site-content-style":"default","site-sidebar-style":"default","ast-global-header-display":"","ast-banner-title-visibility":"","ast-main-header-display":"","ast-hfb-above-header-display":"","ast-hfb-below-header-display":"","ast-hfb-mobile-header-display":"","site-post-title":"","ast-breadcrumbs-content":"","ast-featured-img":"","footer-sml-layout":"","theme-transparent-header-meta":"","adv-header-id-meta":"","stick-header-meta":"","header-above-stick-meta":"","header-main-stick-meta":"","header-below-stick-meta":"","astra-migrate-meta-layouts":"default","ast-page-background-enabled":"default","ast-page-background-meta":{"desktop":{"background-color":"var(--ast-global-color-4)","background-image":"","background-repeat":"repeat","background-position":"center center","background-size":"auto","background-attachment":"scroll","background-type":"","background-media":"","overlay-type":"","overlay-color":"","overlay-opacity":"","overlay-gradient":""},"tablet":{"background-color":"","background-image":"","background-repeat":"repeat","background-position":"center center","background-size":"auto","background-attachment":"scroll","background-type":"","background-media":"","overlay-type":"","overlay-color":"","overlay-opacity":"","overlay-gradient":""},"mobile":{"background-color":"","background-image":"","background-repeat":"repeat","background-position":"center center","background-size":"auto","background-attachment":"scroll","background-type":"","background-media":"","overlay-type":"","overlay-color":"","overlay-opacity":"","overlay-gradient":""}},"ast-content-background-meta":{"desktop":{"background-color":"var(--ast-global-color-5)","background-image":"","background-repeat":"repeat","background-position":"center center","background-size":"auto","background-attachment":"scroll","background-type":"","background-media":"","overlay-type":"","overlay-color":"","overlay-opacity":"","overlay-gradient":""},"tablet":{"background-color":"var(--ast-global-color-5)","background-image":"","background-repeat":"repeat","background-position":"center center","background-size":"auto","background-attachment":"scroll","background-type":"","background-media":"","overlay-type":"","overlay-color":"","overlay-opacity":"","overlay-gradient":""},"mobile":{"background-color":"var(--ast-global-color-5)","background-image":"","background-repeat":"repeat","background-position":"center center","background-size":"auto","background-attachment":"scroll","background-type":"","background-media":"","overlay-type":"","overlay-color":"","overlay-opacity":"","overlay-gradient":""}},"footnotes":""},"class_list":["post-2315","page","type-page","status-publish","hentry"],"post_mailing_queue_ids":[],"_links":{"self":[{"href":"https:\/\/agora.xtec.cat\/iespriorat\/wp-json\/wp\/v2\/pages\/2315","targetHints":{"allow":["GET"]}}],"collection":[{"href":"https:\/\/agora.xtec.cat\/iespriorat\/wp-json\/wp\/v2\/pages"}],"about":[{"href":"https:\/\/agora.xtec.cat\/iespriorat\/wp-json\/wp\/v2\/types\/page"}],"author":[{"embeddable":true,"href":"https:\/\/agora.xtec.cat\/iespriorat\/wp-json\/wp\/v2\/users\/1"}],"replies":[{"embeddable":true,"href":"https:\/\/agora.xtec.cat\/iespriorat\/wp-json\/wp\/v2\/comments?post=2315"}],"version-history":[{"count":5,"href":"https:\/\/agora.xtec.cat\/iespriorat\/wp-json\/wp\/v2\/pages\/2315\/revisions"}],"predecessor-version":[{"id":2518,"href":"https:\/\/agora.xtec.cat\/iespriorat\/wp-json\/wp\/v2\/pages\/2315\/revisions\/2518"}],"up":[{"embeddable":true,"href":"https:\/\/agora.xtec.cat\/iespriorat\/wp-json\/wp\/v2\/pages\/2305"}],"wp:attachment":[{"href":"https:\/\/agora.xtec.cat\/iespriorat\/wp-json\/wp\/v2\/media?parent=2315"}],"curies":[{"name":"wp","href":"https:\/\/api.w.org\/{rel}","templated":true}]}}

Preinscripció i matrícula Batxillerat. Curs 25-26.

<header class="entry-header"></header>
<div class="entry-content">
<div>
<div>
<div>
<table width="98%">
<tbody>
<tr>
<td width="100%"><strong>No ha de fer la preinscripció l’alumnat de 4t. d’ESO de l’Institut Priorat que vol cursar Batxillerat en aquest mateix centre.</strong></td>
</tr>
</tbody>
</table>
</div>
<div>
<ul>
<li><a href="https://preinscripcio.gencat.cat/ca/estudis/batxillerat/preinscriute/sollicitud/">Presentació de  la sol·licitud de preinscripció: <strong>del 3 al 10 d’abril de 2025</strong></a></li>
</ul>
<p>Tota la informació sobre el procés de preinscripció la trobareu al <strong>Web per a la preinscripció en línia:  </strong><strong>​</strong><a href="https://preinscripcio.gencat.cat/ca/estudis/batxillerat/inici/"><strong>preinscripcio.gencat.cat</strong></a></p>
</div>
<div>
<p><a href="https://preinscripcio.gencat.cat/ca/estudis/batxillerat/preinscriute/dubtes/">Tens dubtes? Preguntes més freqüents</a></p>
<p>Tota l’oferta educativa la trobaràs a: <a href="https://triaeducativa.gencat.cat/ca/inici/">triaeducativa.gencat.cat​</a></p>
</div>
</div>
<div>
<p>&nbsp;</p>
</div>
</div>
<div></div>
</div>

<p>No ha de fer la preinscripció l’alumnat de 4t. d’ESO de l’Institut Priorat que vol cursar Batxillerat en aquest mateix centre. Presentació de  la sol·licitud de preinscripció: del 3 al 10 d’abril de 2025 Tota la informació sobre el procés de preinscripció la trobareu al Web per a la preinscripció en línia:  ​preinscripcio.gencat.cat Tens dubtes? Preguntes més freqüents [&hellip;]</p>
