{"id":2311,"date":"2023-04-14T13:13:52","date_gmt":"2023-04-14T11:13:52","guid":{"rendered":"https:\/\/agora.xtec.cat\/iespriorat\/?page_id=2311"},"modified":"2025-04-07T08:59:04","modified_gmt":"2025-04-07T06:59:04","slug":"preinscripcio-i-matricula-eso","status":"publish","type":"page","link":"https:\/\/agora.xtec.cat\/iespriorat\/preinscripcio-i-matricula\/preinscripcio-i-matricula-eso\/","title":{"rendered":"Preinscripci\u00f3 i matr\u00edcula ESO. Curs 25-26."},"content":{"rendered":"<header class=\"entry-header\">\n<header class=\"entry-header\">\n<h1 class=\"entry-title\">Preinscripci\u00f3 i matr\u00edcula ESO. Curs 2025-2026<\/h1>\n<\/header>\n<div class=\"entry-content\">\n<div>\n<p><strong>Del 14 al 26 de mar\u00e7 de 2025 <\/strong>(a partir de les 9 hores)<strong>:<a href=\"https:\/\/preinscripcio.gencat.cat\/ca\/estudis\/eso\/preinscriute\/sollicitud\/\">\u00a0presentaci\u00f3 de sol\u00b7licituds<\/a><\/strong><\/p>\n<p>La\u00a0<strong>sol\u00b7licitud de preinscripci\u00f3 d\u2019educaci\u00f3 secund\u00e0ria obligat\u00f2ria<\/strong>, s\u2019ha de presentar i d\u2019adjuntar-hi la documentaci\u00f3 d\u2019identificaci\u00f3 o de criteris que correspongui. La documentaci\u00f3 que no s\u2019hagi pogut adjuntar durant el per\u00edode de presentaci\u00f3 de sol\u00b7licituds, se pot afegir\u00a0<strong>fins al\u00a028\u00a0de\u00a0mar\u00e7 de 2025<\/strong>.<\/p>\n<p>Si no s\u2019has pogut presentar en les dates indicades, se pot fer el tr\u00e0mit a partir del 7 al 29 d\u2019abril de 2025. En aquest cas seran\u00a0<strong>sol\u00b7licituds fora de termini<\/strong>\u00a0i s\u2019assignaran posteriorment a les presentades en termini.<\/p>\n<p>Tota la informaci\u00f3 sobre el proc\u00e9s de preinscripci\u00f3 la trobareu al\u00a0<strong>Web per a la preinscripci\u00f3 en l\u00ednia:\u00a0\u00a0<\/strong><a href=\"https:\/\/preinscripcio.gencat.cat\/ca\/estudis\/eso\/inici\/\"><strong>preinscripcio.gencat.cat<\/strong><\/a><\/p>\n<\/div>\n<p><a href=\"https:\/\/preinscripcio.gencat.cat\/ca\/estudis\/eso\/preinscriute\/dubtes\/\">Tens dubtes? Preguntes m\u00e9s freq\u00fcents<\/a><\/p>\n<div>\n<div>\n<p>Tota l\u2019oferta educativa la trobar\u00e0s a:\u00a0<a href=\"https:\/\/triaeducativa.gencat.cat\/ca\/inici\/\">triaeducativa.gencat.cat\u200b<\/a><\/p>\n<\/div>\n<\/div>\n<\/div>\n<\/header>\n","protected":false},"excerpt":{"rendered":"<p>Preinscripci\u00f3 i matr\u00edcula ESO. Curs 2025-2026 Del 14 al 26 de mar\u00e7 de 2025 (a partir de les 9 hores):\u00a0presentaci\u00f3 de sol\u00b7licituds La\u00a0sol\u00b7licitud de preinscripci\u00f3 d\u2019educaci\u00f3 secund\u00e0ria obligat\u00f2ria, s\u2019ha de presentar i d\u2019adjuntar-hi la documentaci\u00f3 d\u2019identificaci\u00f3 o de criteris que correspongui. La documentaci\u00f3 que no s\u2019hagi pogut adjuntar durant el per\u00edode de presentaci\u00f3 de sol\u00b7licituds, [&hellip;]<\/p>\n","protected":false},"author":1,"featured_media":0,"parent":2305,"menu_order":0,"comment_status":"closed","ping_status":"closed","template":"","meta":{"_bbp_topic_count":0,"_bbp_reply_count":0,"_bbp_total_topic_count":0,"_bbp_total_reply_count":0,"_bbp_voice_count":0,"_bbp_anonymous_reply_count":0,"_bbp_topic_count_hidden":0,"_bbp_reply_count_hidden":0,"_bbp_forum_subforum_count":0,"site-sidebar-layout":"default","site-content-layout":"","ast-site-content-layout":"","site-content-style":"default","site-sidebar-style":"default","ast-global-header-display":"","ast-banner-title-visibility":"","ast-main-header-display":"","ast-hfb-above-header-display":"","ast-hfb-below-header-display":"","ast-hfb-mobile-header-display":"","site-post-title":"","ast-breadcrumbs-content":"","ast-featured-img":"","footer-sml-layout":"","theme-transparent-header-meta":"","adv-header-id-meta":"","stick-header-meta":"","header-above-stick-meta":"","header-main-stick-meta":"","header-below-stick-meta":"","astra-migrate-meta-layouts":"default","ast-page-background-enabled":"default","ast-page-background-meta":{"desktop":{"background-color":"var(--ast-global-color-4)","background-image":"","background-repeat":"repeat","background-position":"center center","background-size":"auto","background-attachment":"scroll","background-type":"","background-media":"","overlay-type":"","overlay-color":"","overlay-opacity":"","overlay-gradient":""},"tablet":{"background-color":"","background-image":"","background-repeat":"repeat","background-position":"center center","background-size":"auto","background-attachment":"scroll","background-type":"","background-media":"","overlay-type":"","overlay-color":"","overlay-opacity":"","overlay-gradient":""},"mobile":{"background-color":"","background-image":"","background-repeat":"repeat","background-position":"center center","background-size":"auto","background-attachment":"scroll","background-type":"","background-media":"","overlay-type":"","overlay-color":"","overlay-opacity":"","overlay-gradient":""}},"ast-content-background-meta":{"desktop":{"background-color":"var(--ast-global-color-5)","background-image":"","background-repeat":"repeat","background-position":"center center","background-size":"auto","background-attachment":"scroll","background-type":"","background-media":"","overlay-type":"","overlay-color":"","overlay-opacity":"","overlay-gradient":""},"tablet":{"background-color":"var(--ast-global-color-5)","background-image":"","background-repeat":"repeat","background-position":"center center","background-size":"auto","background-attachment":"scroll","background-type":"","background-media":"","overlay-type":"","overlay-color":"","overlay-opacity":"","overlay-gradient":""},"mobile":{"background-color":"var(--ast-global-color-5)","background-image":"","background-repeat":"repeat","background-position":"center center","background-size":"auto","background-attachment":"scroll","background-type":"","background-media":"","overlay-type":"","overlay-color":"","overlay-opacity":"","overlay-gradient":""}},"footnotes":""},"class_list":["post-2311","page","type-page","status-publish","hentry"],"post_mailing_queue_ids":[],"_links":{"self":[{"href":"https:\/\/agora.xtec.cat\/iespriorat\/wp-json\/wp\/v2\/pages\/2311","targetHints":{"allow":["GET"]}}],"collection":[{"href":"https:\/\/agora.xtec.cat\/iespriorat\/wp-json\/wp\/v2\/pages"}],"about":[{"href":"https:\/\/agora.xtec.cat\/iespriorat\/wp-json\/wp\/v2\/types\/page"}],"author":[{"embeddable":true,"href":"https:\/\/agora.xtec.cat\/iespriorat\/wp-json\/wp\/v2\/users\/1"}],"replies":[{"embeddable":true,"href":"https:\/\/agora.xtec.cat\/iespriorat\/wp-json\/wp\/v2\/comments?post=2311"}],"version-history":[{"count":6,"href":"https:\/\/agora.xtec.cat\/iespriorat\/wp-json\/wp\/v2\/pages\/2311\/revisions"}],"predecessor-version":[{"id":2517,"href":"https:\/\/agora.xtec.cat\/iespriorat\/wp-json\/wp\/v2\/pages\/2311\/revisions\/2517"}],"up":[{"embeddable":true,"href":"https:\/\/agora.xtec.cat\/iespriorat\/wp-json\/wp\/v2\/pages\/2305"}],"wp:attachment":[{"href":"https:\/\/agora.xtec.cat\/iespriorat\/wp-json\/wp\/v2\/media?parent=2311"}],"curies":[{"name":"wp","href":"https:\/\/api.w.org\/{rel}","templated":true}]}}

Preinscripció i matrícula ESO. Curs 25-26.

<header class="entry-header">
<header class="entry-header">
<h1 class="entry-title">Preinscripció i matrícula ESO. Curs 2025-2026</h1>
</header>
<div class="entry-content">
<div>
<p><strong>Del 14 al 26 de març de 2025 </strong>(a partir de les 9 hores)<strong>:<a href="https://preinscripcio.gencat.cat/ca/estudis/eso/preinscriute/sollicitud/"> presentació de sol·licituds</a></strong></p>
<p>La <strong>sol·licitud de preinscripció d’educació secundària obligatòria</strong>, s’ha de presentar i d’adjuntar-hi la documentació d’identificació o de criteris que correspongui. La documentació que no s’hagi pogut adjuntar durant el període de presentació de sol·licituds, se pot afegir <strong>fins al 28 de març de 2025</strong>.</p>
<p>Si no s’has pogut presentar en les dates indicades, se pot fer el tràmit a partir del 7 al 29 d’abril de 2025. En aquest cas seran <strong>sol·licituds fora de termini</strong> i s’assignaran posteriorment a les presentades en termini.</p>
<p>Tota la informació sobre el procés de preinscripció la trobareu al <strong>Web per a la preinscripció en línia:  </strong><a href="https://preinscripcio.gencat.cat/ca/estudis/eso/inici/"><strong>preinscripcio.gencat.cat</strong></a></p>
</div>
<p><a href="https://preinscripcio.gencat.cat/ca/estudis/eso/preinscriute/dubtes/">Tens dubtes? Preguntes més freqüents</a></p>
<div>
<div>
<p>Tota l’oferta educativa la trobaràs a: <a href="https://triaeducativa.gencat.cat/ca/inici/">triaeducativa.gencat.cat​</a></p>
</div>
</div>
</div>
</header>

<p>Preinscripció i matrícula ESO. Curs 2025-2026 Del 14 al 26 de març de 2025 (a partir de les 9 hores): presentació de sol·licituds La sol·licitud de preinscripció d’educació secundària obligatòria, s’ha de presentar i d’adjuntar-hi la documentació d’identificació o de criteris que correspongui. La documentació que no s’hagi pogut adjuntar durant el període de presentació de sol·licituds, [&hellip;]</p>
